66.249.65.201 - - [20/May/2026:09:17:18 +0200] "GET /view/item/043963909376 HTTP/1.1" 200 207502 "-" "Mozilla/5.0 (Linux; Android 6.0.1; Nexus 5X Build/MMB29P) AppleWebKit/537.36 (KHTML, like Gecko) Chrome/148.0.7778.96 Mobile Safari/537.36 (compatible; GoogleOther)"
66.249.65.199 - - [20/May/2026:09:21:36 +0200] "GET /shop/hyoscyamia/impersonated1372034765.shtml HTTP/1.1" 200 204381 "-" "Mozilla/5.0 (Linux; Android 6.0.1; Nexus 5X Build/MMB29P) AppleWebKit/537.36 (KHTML, like Gecko) Chrome/148.0.7778.96 Mobile Safari/537.36 (compatible; GoogleOther)"
66.249.65.200 - - [20/May/2026:09:22:09 +0200] "GET /shop/hyoscyamia/impersonated1372034765.shtml HTTP/1.1" 200 204381 "-" "Mozilla/5.0 (Linux; Android 6.0.1; Nexus 5X Build/MMB29P) AppleWebKit/537.36 (KHTML, like Gecko) Chrome/148.0.7778.96 Mobile Safari/537.36 (compatible; Googlebot/2.1; +http://www.google.com/bot.html)"
66.249.65.199 - - [20/May/2026:09:23:36 +0200] "GET /shop/myrsiphyllum/laevulin031737666811.shtml HTTP/1.1" 200 205213 "-" "Mozilla/5.0 (Linux; Android 6.0.1; Nexus 5X Build/MMB29P) AppleWebKit/537.36 (KHTML, like Gecko) Chrome/148.0.7778.96 Mobile Safari/537.36 (compatible; GoogleOther)"
66.249.65.201 - - [20/May/2026:09:23:38 +0200] "GET /shop/communion/clearcoled06525534939.shtml HTTP/1.1" 200 218827 "-" "Mozilla/5.0 (Linux; Android 6.0.1; Nexus 5X Build/MMB29P) AppleWebKit/537.36 (KHTML, like Gecko) Chrome/148.0.7778.96 Mobile Safari/537.36 (compatible; GoogleOther)"
66.249.65.200 - - [20/May/2026:09:24:15 +0200] "GET /shop/myrsiphyllum/laevulin031737666811.shtml HTTP/1.1" 200 205213 "-" "Mozilla/5.0 (Linux; Android 6.0.1; Nexus 5X Build/MMB29P) AppleWebKit/537.36 (KHTML, like Gecko) Chrome/148.0.7778.96 Mobile Safari/537.36 (compatible; Googlebot/2.1; +http://www.google.com/bot.html)"
66.249.65.199 - - [20/May/2026:09:29:06 +0200] "GET /view/item/114234215043 HTTP/1.1" 200 212014 "-" "Mozilla/5.0 (Linux; Android 6.0.1; Nexus 5X Build/MMB29P) AppleWebKit/537.36 (KHTML, like Gecko) Chrome/148.0.7778.96 Mobile Safari/537.36 (compatible; GoogleOther)"
66.249.65.201 - - [20/May/2026:09:34:18 +0200] "GET /shop/pitchblack/ophioglossaceae112236697679.shtml HTTP/1.1" 200 211922 "-" "Mozilla/5.0 (Linux; Android 6.0.1; Nexus 5X Build/MMB29P) AppleWebKit/537.36 (KHTML, like Gecko) Chrome/148.0.7778.96 Mobile Safari/537.36 (compatible; GoogleOther)"
66.249.65.199 - - [20/May/2026:09:35:06 +0200] "GET /shop/pitchblack/ophioglossaceae112236697679.shtml HTTP/1.1" 200 211922 "-" "Mozilla/5.0 (Linux; Android 6.0.1; Nexus 5X Build/MMB29P) AppleWebKit/537.36 (KHTML, like Gecko) Chrome/148.0.7778.96 Mobile Safari/537.36 (compatible; Googlebot/2.1; +http://www.google.com/bot.html)"
66.249.65.201 - - [20/May/2026:09:37:00 +0200] "GET /view/item/0794015921 HTTP/1.1" 200 206818 "-" "Mozilla/5.0 (Linux; Android 6.0.1; Nexus 5X Build/MMB29P) AppleWebKit/537.36 (KHTML, like Gecko) Chrome/148.0.7778.96 Mobile Safari/537.36 (compatible; GoogleOther)"
66.249.65.199 - - [20/May/2026:09:42:59 +0200] "GET /shop/pentadecatoic/excitable072908520930.shtml HTTP/1.1" 200 208982 "-" "Mozilla/5.0 (Linux; Android 6.0.1; Nexus 5X Build/MMB29P) AppleWebKit/537.36 (KHTML, like Gecko) Chrome/148.0.7778.96 Mobile Safari/537.36 (compatible; GoogleOther)"
66.249.65.199 - - [20/May/2026:09:43:15 +0200] "GET /view/item/042079420492 HTTP/1.1" 200 211740 "-" "Mozilla/5.0 (Linux; Android 6.0.1; Nexus 5X Build/MMB29P) AppleWebKit/537.36 (KHTML, like Gecko) Chrome/148.0.7778.96 Mobile Safari/537.36 (compatible; GoogleOther)"
66.249.65.199 - - [20/May/2026:09:52:37 +0200] "GET /view/item/073177941242 HTTP/1.1" 200 208238 "-" "Mozilla/5.0 (Linux; Android 6.0.1; Nexus 5X Build/MMB29P) AppleWebKit/537.36 (KHTML, like Gecko) Chrome/148.0.7778.96 Mobile Safari/537.36 (compatible; GoogleOther)"
66.249.65.201 - - [20/May/2026:09:55:55 +0200] "GET /view/item/062585522269 HTTP/1.1" 200 210478 "-" "Mozilla/5.0 (Linux; Android 6.0.1; Nexus 5X Build/MMB29P) AppleWebKit/537.36 (KHTML, like Gecko) Chrome/148.0.7778.96 Mobile Safari/537.36 (compatible; GoogleOther)"
66.249.65.201 - - [20/May/2026:09:58:52 +0200] "GET /view/item/084083329937 HTTP/1.1" 200 207731 "-" "Mozilla/5.0 (Linux; Android 6.0.1; Nexus 5X Build/MMB29P) AppleWebKit/537.36 (KHTML, like Gecko) Chrome/148.0.7778.96 Mobile Safari/537.36 (compatible; GoogleOther)"
66.249.65.199 - - [20/May/2026:10:07:15 +0200] "GET /shop/furmity/villainously08766748392.shtml HTTP/1.1" 200 217868 "-" "Mozilla/5.0 (Linux; Android 6.0.1; Nexus 5X Build/MMB29P) AppleWebKit/537.36 (KHTML, like Gecko) Chrome/148.0.7778.96 Mobile Safari/537.36 (compatible; GoogleOther)"
66.249.65.200 - - [20/May/2026:10:08:15 +0200] "GET /view/item/01526422810 HTTP/1.1" 200 204129 "-" "Mozilla/5.0 (Linux; Android 6.0.1; Nexus 5X Build/MMB29P) AppleWebKit/537.36 (KHTML, like Gecko) Chrome/148.0.7778.96 Mobile Safari/537.36 (compatible; GoogleOther)"
66.249.65.200 - - [20/May/2026:10:11:35 +0200] "GET /shop/meatiness/siphneus032021624204.shtml HTTP/1.1" 200 208952 "-" "Mozilla/5.0 (Linux; Android 6.0.1; Nexus 5X Build/MMB29P) AppleWebKit/537.36 (KHTML, like Gecko) Chrome/148.0.7778.96 Mobile Safari/537.36 (compatible; GoogleOther)"
66.249.65.200 - - [20/May/2026:10:13:35 +0200] "GET /shop/transanimate/grazer022391824369.shtml HTTP/1.1" 200 212866 "-" "Mozilla/5.0 (Linux; Android 6.0.1; Nexus 5X Build/MMB29P) AppleWebKit/537.36 (KHTML, like Gecko) Chrome/148.0.7778.96 Mobile Safari/537.36 (compatible; GoogleOther)"
66.249.65.200 - - [20/May/2026:10:37:05 +0200] "GET /shop/nestling/cisco031608723358.shtml HTTP/1.1" 200 203498 "-" "Mozilla/5.0 (Linux; Android 6.0.1; Nexus 5X Build/MMB29P) AppleWebKit/537.36 (KHTML, like Gecko) Chrome/148.0.7778.96 Mobile Safari/537.36 (compatible; GoogleOther)"
66.249.65.199 - - [20/May/2026:10:38:35 +0200] "GET /shop/nomen/scriptorium1115037656.shtml HTTP/1.1" 200 210039 "-" "Mozilla/5.0 (Linux; Android 6.0.1; Nexus 5X Build/MMB29P) AppleWebKit/537.36 (KHTML, like Gecko) Chrome/148.0.7778.96 Mobile Safari/537.36 (compatible; GoogleOther)"
66.249.65.200 - - [20/May/2026:10:40:05 +0200] "GET /view/item/03746081867 HTTP/1.1" 200 212701 "-" "Mozilla/5.0 (Linux; Android 6.0.1; Nexus 5X Build/MMB29P) AppleWebKit/537.36 (KHTML, like Gecko) Chrome/148.0.7778.96 Mobile Safari/537.36 (compatible; GoogleOther)"
66.249.65.201 - - [20/May/2026:10:49:06 +0200] "GET /shop/detribalization/heavycoated06127448712.shtml HTTP/1.1" 200 205569 "-" "Mozilla/5.0 (Linux; Android 6.0.1; Nexus 5X Build/MMB29P) AppleWebKit/537.36 (KHTML, like Gecko) Chrome/148.0.7778.96 Mobile Safari/537.36 (compatible; GoogleOther)"
66.249.65.199 - - [20/May/2026:11:01:35 +0200] "GET /view/item/073903724444 HTTP/1.1" 200 209027 "-" "Mozilla/5.0 (Linux; Android 6.0.1; Nexus 5X Build/MMB29P) AppleWebKit/537.36 (KHTML, like Gecko) Chrome/148.0.7778.96 Mobile Safari/537.36 (compatible; GoogleOther)"
66.249.65.201 - - [20/May/2026:11:03:31 +0200] "GET /shop/depend/gasped09939075284.shtml HTTP/1.1" 200 209245 "-" "Mozilla/5.0 (Linux; Android 6.0.1; Nexus 5X Build/MMB29P) AppleWebKit/537.36 (KHTML, like Gecko) Chrome/148.0.7778.96 Mobile Safari/537.36 (compatible; GoogleOther)"
66.249.65.199 - - [20/May/2026:11:03:35 +0200] "GET /shop/schoolery/kurakkan05898999810.shtml HTTP/1.1" 200 210087 "-" "Mozilla/5.0 (Linux; Android 6.0.1; Nexus 5X Build/MMB29P) AppleWebKit/537.36 (KHTML, like Gecko) Chrome/148.0.7778.96 Mobile Safari/537.36 (compatible; GoogleOther)"
66.249.65.200 - - [20/May/2026:11:23:00 +0200] "GET /shop/warblingly/transelementation011031665438.shtml HTTP/1.1" 200 216965 "-" "Mozilla/5.0 (Linux; Android 6.0.1; Nexus 5X Build/MMB29P) AppleWebKit/537.36 (KHTML, like Gecko) Chrome/148.0.7778.96 Mobile Safari/537.36 (compatible; GoogleOther)"
66.249.65.201 - - [20/May/2026:11:23:02 +0200] "GET /shop/acajou/burgomaster073214991586.shtml HTTP/1.1" 200 206827 "-" "Mozilla/5.0 (Linux; Android 6.0.1; Nexus 5X Build/MMB29P) AppleWebKit/537.36 (KHTML, like Gecko) Chrome/148.0.7778.96 Mobile Safari/537.36 (compatible; GoogleOther)"
66.249.65.201 - - [20/May/2026:11:26:37 +0200] "GET /shop/nivoeus/pedal10955321584.shtml HTTP/1.1" 200 209302 "-" "Mozilla/5.0 (Linux; Android 6.0.1; Nexus 5X Build/MMB29P) AppleWebKit/537.36 (KHTML, like Gecko) Chrome/148.0.7778.96 Mobile Safari/537.36 (compatible; GoogleOther)"
66.249.65.200 - - [20/May/2026:11:30:54 +0200] "GET /shop/guessing/comminute09444030400.shtml HTTP/1.1" 200 207058 "-" "Mozilla/5.0 (Linux; Android 6.0.1; Nexus 5X Build/MMB29P) AppleWebKit/537.36 (KHTML, like Gecko) Chrome/148.0.7778.96 Mobile Safari/537.36 (compatible; GoogleOther)"
66.249.65.200 - - [20/May/2026:11:49:58 +0200] "GET /view/item/033584307212 HTTP/1.1" 200 211212 "-" "Mozilla/5.0 (Linux; Android 6.0.1; Nexus 5X Build/MMB29P) AppleWebKit/537.36 (KHTML, like Gecko) Chrome/148.0.7778.96 Mobile Safari/537.36 (compatible; GoogleOther)"
66.249.65.201 - - [20/May/2026:11:51:52 +0200] "GET /shop/nivoeus/pedal10955321584.shtml HTTP/1.1" 200 209302 "-" "Mozilla/5.0 (Linux; Android 6.0.1; Nexus 5X Build/MMB29P) AppleWebKit/537.36 (KHTML, like Gecko) Chrome/148.0.7778.96 Mobile Safari/537.36 (compatible; Googlebot/2.1; +http://www.google.com/bot.html)"
66.249.65.200 - - [20/May/2026:11:53:35 +0200] "GET /shop/pharmacomathy/colewort15789960350.shtml HTTP/1.1" 200 210967 "-" "Mozilla/5.0 (Linux; Android 6.0.1; Nexus 5X Build/MMB29P) AppleWebKit/537.36 (KHTML, like Gecko) Chrome/148.0.7778.96 Mobile Safari/537.36 (compatible; GoogleOther)"
66.249.65.201 - - [20/May/2026:11:56:15 +0200] "GET /view/item/062585522269 HTTP/1.1" 200 210478 "-" "Mozilla/5.0 (Linux; Android 6.0.1; Nexus 5X Build/MMB29P) AppleWebKit/537.36 (KHTML, like Gecko) Chrome/148.0.7778.96 Mobile Safari/537.36 (compatible; Googlebot/2.1; +http://www.google.com/bot.html)"
66.249.65.199 - - [20/May/2026:11:56:40 +0200] "GET /view/item/073903724444 HTTP/1.1" 200 209027 "-" "Mozilla/5.0 (Linux; Android 6.0.1; Nexus 5X Build/MMB29P) AppleWebKit/537.36 (KHTML, like Gecko) Chrome/148.0.7778.96 Mobile Safari/537.36 (compatible; Googlebot/2.1; +http://www.google.com/bot.html)"
66.249.65.199 - - [20/May/2026:11:57:31 +0200] "GET /shop/nomen/scriptorium1115037656.shtml HTTP/1.1" 200 210039 "-" "Mozilla/5.0 (Linux; Android 6.0.1; Nexus 5X Build/MMB29P) AppleWebKit/537.36 (KHTML, like Gecko) Chrome/148.0.7778.96 Mobile Safari/537.36 (compatible; Googlebot/2.1; +http://www.google.com/bot.html)"
66.249.65.201 - - [20/May/2026:11:58:23 +0200] "GET /shop/meatiness/siphneus032021624204.shtml HTTP/1.1" 200 208952 "-" "Mozilla/5.0 (Linux; Android 6.0.1; Nexus 5X Build/MMB29P) AppleWebKit/537.36 (KHTML, like Gecko) Chrome/148.0.7778.96 Mobile Safari/537.36 (compatible; Googlebot/2.1; +http://www.google.com/bot.html)"
66.249.65.201 - - [20/May/2026:11:59:14 +0200] "GET /shop/pharmacomathy/colewort15789960350.shtml HTTP/1.1" 200 210967 "-" "Mozilla/5.0 (Linux; Android 6.0.1; Nexus 5X Build/MMB29P) AppleWebKit/537.36 (KHTML, like Gecko) Chrome/148.0.7778.96 Mobile Safari/537.36 (compatible; Googlebot/2.1; +http://www.google.com/bot.html)"
66.249.65.200 - - [20/May/2026:12:00:05 +0200] "GET /shop/detribalization/heavycoated06127448712.shtml HTTP/1.1" 200 205569 "-" "Mozilla/5.0 (Linux; Android 6.0.1; Nexus 5X Build/MMB29P) AppleWebKit/537.36 (KHTML, like Gecko) Chrome/148.0.7778.96 Mobile Safari/537.36 (compatible; Googlebot/2.1; +http://www.google.com/bot.html)"
66.249.65.201 - - [20/May/2026:12:01:15 +0200] "GET /shop/americanize/biauriculate021184665619.shtml HTTP/1.1" 200 210967 "-" "Mozilla/5.0 (Linux; Android 6.0.1; Nexus 5X Build/MMB29P) AppleWebKit/537.36 (KHTML, like Gecko) Chrome/148.0.7778.96 Mobile Safari/537.36 (compatible; GoogleOther)"
66.249.65.201 - - [20/May/2026:12:04:18 +0200] "GET /shop/behen/cumbersomely072812611794.shtml HTTP/1.1" 200 202438 "-" "Mozilla/5.0 (Linux; Android 6.0.1; Nexus 5X Build/MMB29P) AppleWebKit/537.36 (KHTML, like Gecko) Chrome/148.0.7778.96 Mobile Safari/537.36 (compatible; GoogleOther)"
66.249.65.200 - - [20/May/2026:12:04:26 +0200] "GET /shop/behen/cumbersomely072812611794.shtml HTTP/1.1" 200 202438 "-" "Mozilla/5.0 (Linux; Android 6.0.1; Nexus 5X Build/MMB29P) AppleWebKit/537.36 (KHTML, like Gecko) Chrome/148.0.7778.96 Mobile Safari/537.36 (compatible; Googlebot/2.1; +http://www.google.com/bot.html)"
66.249.65.201 - - [20/May/2026:12:25:55 +0200] "GET /shop/arsenate/strychnia1093165144.shtml HTTP/1.1" 200 206283 "-" "Mozilla/5.0 (Linux; Android 6.0.1; Nexus 5X Build/MMB29P) AppleWebKit/537.36 (KHTML, like Gecko) Chrome/148.0.7778.96 Mobile Safari/537.36 (compatible; GoogleOther)"
66.249.65.199 - - [20/May/2026:12:28:49 +0200] "GET /shop/arsenate/strychnia1093165144.shtml HTTP/1.1" 200 206283 "-" "Mozilla/5.0 (Linux; Android 6.0.1; Nexus 5X Build/MMB29P) AppleWebKit/537.36 (KHTML, like Gecko) Chrome/148.0.7778.96 Mobile Safari/537.36 (compatible; Googlebot/2.1; +http://www.google.com/bot.html)"
66.249.65.201 - - [20/May/2026:12:36:58 +0200] "GET /shop/vomitory/fluxure011694010008.shtml HTTP/1.1" 200 217588 "-" "Mozilla/5.0 (Linux; Android 6.0.1; Nexus 5X Build/MMB29P) AppleWebKit/537.36 (KHTML, like Gecko) Chrome/148.0.7778.96 Mobile Safari/537.36 (compatible; GoogleOther)"
66.249.65.201 - - [20/May/2026:12:37:59 +0200] "GET /shop/quebec/successiveness113849185386.shtml HTTP/1.1" 200 206509 "-" "Mozilla/5.0 (Linux; Android 6.0.1; Nexus 5X Build/MMB29P) AppleWebKit/537.36 (KHTML, like Gecko) Chrome/148.0.7778.96 Mobile Safari/537.36 (compatible; GoogleOther)"
66.249.65.201 - - [20/May/2026:12:39:48 +0200] "GET /view/item/102029773244 HTTP/1.1" 200 210012 "-" "Mozilla/5.0 (Linux; Android 6.0.1; Nexus 5X Build/MMB29P) AppleWebKit/537.36 (KHTML, like Gecko) Chrome/148.0.7778.96 Mobile Safari/537.36 (compatible; GoogleOther)"
66.249.65.200 - - [20/May/2026:12:43:48 +0200] "GET /view/item/103162979925 HTTP/1.1" 200 209982 "-" "Mozilla/5.0 (Linux; Android 6.0.1; Nexus 5X Build/MMB29P) AppleWebKit/537.36 (KHTML, like Gecko) Chrome/148.0.7778.96 Mobile Safari/537.36 (compatible; GoogleOther)"
66.249.65.201 - - [20/May/2026:12:44:30 +0200] "GET /view/item/101598593815 HTTP/1.1" 200 207884 "-" "Mozilla/5.0 (Linux; Android 6.0.1; Nexus 5X Build/MMB29P) AppleWebKit/537.36 (KHTML, like Gecko) Chrome/148.0.7778.96 Mobile Safari/537.36 (compatible; GoogleOther)"
66.249.65.199 - - [20/May/2026:12:49:11 +0200] "GET /view/item/101801536299 HTTP/1.1" 200 212464 "-" "Mozilla/5.0 (Linux; Android 6.0.1; Nexus 5X Build/MMB29P) AppleWebKit/537.36 (KHTML, like Gecko) Chrome/148.0.7778.96 Mobile Safari/537.36 (compatible; GoogleOther)"
66.249.65.200 - - [20/May/2026:13:07:41 +0200] "GET /view/item/112863524756 HTTP/1.1" 200 207261 "-" "Mozilla/5.0 (Linux; Android 6.0.1; Nexus 5X Build/MMB29P) AppleWebKit/537.36 (KHTML, like Gecko) Chrome/148.0.7778.96 Mobile Safari/537.36 (compatible; GoogleOther)"
66.249.65.201 - - [20/May/2026:13:08:35 +0200] "GET /shop/sellanders/aphaniptera082515840062.shtml HTTP/1.1" 200 209507 "-" "Mozilla/5.0 (Linux; Android 6.0.1; Nexus 5X Build/MMB29P) AppleWebKit/537.36 (KHTML, like Gecko) Chrome/148.0.7778.96 Mobile Safari/537.36 (compatible; GoogleOther)"
66.249.65.200 - - [20/May/2026:13:09:13 +0200] "GET /shop/sellanders/aphaniptera082515840062.shtml HTTP/1.1" 200 209507 "-" "Mozilla/5.0 (Linux; Android 6.0.1; Nexus 5X Build/MMB29P) AppleWebKit/537.36 (KHTML, like Gecko) Chrome/148.0.7778.96 Mobile Safari/537.36 (compatible; Googlebot/2.1; +http://www.google.com/bot.html)"
66.249.65.200 - - [20/May/2026:13:10:03 +0200] "GET /shop/sastra/bitheism122297123444.shtml HTTP/1.1" 200 210297 "-" "Mozilla/5.0 (Linux; Android 6.0.1; Nexus 5X Build/MMB29P) AppleWebKit/537.36 (KHTML, like Gecko) Chrome/148.0.7778.96 Mobile Safari/537.36 (compatible; GoogleOther)"
66.249.65.200 - - [20/May/2026:13:10:05 +0200] "GET /view/item/013865494412 HTTP/1.1" 200 209519 "-" "Mozilla/5.0 (Linux; Android 6.0.1; Nexus 5X Build/MMB29P) AppleWebKit/537.36 (KHTML, like Gecko) Chrome/148.0.7778.96 Mobile Safari/537.36 (compatible; GoogleOther)"
66.249.65.200 - - [20/May/2026:13:10:07 +0200] "GET /view/item/103386979751 HTTP/1.1" 200 206621 "-" "Mozilla/5.0 (Linux; Android 6.0.1; Nexus 5X Build/MMB29P) AppleWebKit/537.36 (KHTML, like Gecko) Chrome/148.0.7778.96 Mobile Safari/537.36 (compatible; GoogleOther)"
66.249.65.201 - - [20/May/2026:13:10:39 +0200] "GET /view/item/013865494412 HTTP/1.1" 200 209519 "-" "Mozilla/5.0 (Linux; Android 6.0.1; Nexus 5X Build/MMB29P) AppleWebKit/537.36 (KHTML, like Gecko) Chrome/148.0.7778.96 Mobile Safari/537.36 (compatible; Googlebot/2.1; +http://www.google.com/bot.html)"
109.234.165.82 - - [20/May/2026:13:12:18 +0200] "POST /wp-cron.php?doing_wp_cron=1779275537.9875330924987792968750 HTTP/1.1" 200 - "-" "WordPress/6.9.4; http://www.eaux-madina.lasection52.com"
45.145.136.222 - - [20/May/2026:13:12:17 +0200] "GET /shop/barathea/aerohydrodynamic052540014668.shtml HTTP/1.1" 404 89893 "-" "Mozilla/5.0 (Macintosh; Intel Mac OS X 10_15_7) AppleWebKit/605.1.15 (KHTML, like Gecko) Version/26.2 Safari/605.1.15"
66.249.65.200 - - [20/May/2026:13:12:32 +0200] "GET /view/item/102710797959 HTTP/1.1" 200 209751 "-" "Mozilla/5.0 (Linux; Android 6.0.1; Nexus 5X Build/MMB29P) AppleWebKit/537.36 (KHTML, like Gecko) Chrome/148.0.7778.96 Mobile Safari/537.36 (compatible; GoogleOther)"
66.249.65.199 - - [20/May/2026:13:12:39 +0200] "GET /view/item/103945200399 HTTP/1.1" 200 209421 "-" "Mozilla/5.0 (Linux; Android 6.0.1; Nexus 5X Build/MMB29P) AppleWebKit/537.36 (KHTML, like Gecko) Chrome/148.0.7778.96 Mobile Safari/537.36 (compatible; GoogleOther)"
66.249.65.199 - - [20/May/2026:13:14:57 +0200] "GET /view/item/111478130646 HTTP/1.1" 200 205623 "-" "Mozilla/5.0 (Linux; Android 6.0.1; Nexus 5X Build/MMB29P) AppleWebKit/537.36 (KHTML, like Gecko) Chrome/148.0.7778.96 Mobile Safari/537.36 (compatible; GoogleOther)"
66.249.65.201 - - [20/May/2026:13:17:18 +0200] "GET /view/item/102168720282 HTTP/1.1" 200 206240 "-" "Mozilla/5.0 (Linux; Android 6.0.1; Nexus 5X Build/MMB29P) AppleWebKit/537.36 (KHTML, like Gecko) Chrome/148.0.7778.96 Mobile Safari/537.36 (compatible; GoogleOther)"
66.249.65.200 - - [20/May/2026:13:17:22 +0200] "GET /view/item/061232144843 HTTP/1.1" 200 206779 "-" "Mozilla/5.0 (Linux; Android 6.0.1; Nexus 5X Build/MMB29P) AppleWebKit/537.36 (KHTML, like Gecko) Chrome/148.0.7778.96 Mobile Safari/537.36 (compatible; GoogleOther)"
66.249.65.201 - - [20/May/2026:13:19:06 +0200] "GET /shop/arenose/triacontahedral082673704507.shtml HTTP/1.1" 200 211651 "-" "Mozilla/5.0 (Linux; Android 6.0.1; Nexus 5X Build/MMB29P) AppleWebKit/537.36 (KHTML, like Gecko) Chrome/148.0.7778.96 Mobile Safari/537.36 (compatible; GoogleOther)"
66.249.65.200 - - [20/May/2026:13:19:23 +0200] "GET /shop/demoniacal/anhelose032995619024.shtml HTTP/1.1" 200 209067 "-" "Mozilla/5.0 (Linux; Android 6.0.1; Nexus 5X Build/MMB29P) AppleWebKit/537.36 (KHTML, like Gecko) Chrome/148.0.7778.96 Mobile Safari/537.36 (compatible; GoogleOther)"
66.249.65.199 - - [20/May/2026:13:19:47 +0200] "GET /view/item/103073252632 HTTP/1.1" 200 209396 "-" "Mozilla/5.0 (Linux; Android 6.0.1; Nexus 5X Build/MMB29P) AppleWebKit/537.36 (KHTML, like Gecko) Chrome/148.0.7778.96 Mobile Safari/537.36 (compatible; GoogleOther)"
66.249.65.199 - - [20/May/2026:13:19:49 +0200] "GET /shop/arenose/triacontahedral082673704507.shtml HTTP/1.1" 200 211651 "-" "Mozilla/5.0 (Linux; Android 6.0.1; Nexus 5X Build/MMB29P) AppleWebKit/537.36 (KHTML, like Gecko) Chrome/148.0.7778.96 Mobile Safari/537.36 (compatible; Googlebot/2.1; +http://www.google.com/bot.html)"
66.249.65.201 - - [20/May/2026:13:22:00 +0200] "GET /view/item/113346129034 HTTP/1.1" 200 207474 "-" "Mozilla/5.0 (Linux; Android 6.0.1; Nexus 5X Build/MMB29P) AppleWebKit/537.36 (KHTML, like Gecko) Chrome/148.0.7778.96 Mobile Safari/537.36 (compatible; GoogleOther)"
66.249.65.199 - - [20/May/2026:13:22:12 +0200] "GET /view/item/10791664870 HTTP/1.1" 200 214182 "-" "Mozilla/5.0 (Linux; Android 6.0.1; Nexus 5X Build/MMB29P) AppleWebKit/537.36 (KHTML, like Gecko) Chrome/148.0.7778.96 Mobile Safari/537.36 (compatible; GoogleOther)"
66.249.65.200 - - [20/May/2026:13:24:38 +0200] "GET /view/item/10943173964 HTTP/1.1" 200 212602 "-" "Mozilla/5.0 (Linux; Android 6.0.1; Nexus 5X Build/MMB29P) AppleWebKit/537.36 (KHTML, like Gecko) Chrome/148.0.7778.96 Mobile Safari/537.36 (compatible; GoogleOther)"
66.249.65.201 - - [20/May/2026:13:26:41 +0200] "GET /view/item/103032232772 HTTP/1.1" 200 205087 "-" "Mozilla/5.0 (Linux; Android 6.0.1; Nexus 5X Build/MMB29P) AppleWebKit/537.36 (KHTML, like Gecko) Chrome/148.0.7778.96 Mobile Safari/537.36 (compatible; GoogleOther)"
66.249.65.200 - - [20/May/2026:13:27:03 +0200] "GET /view/item/10100783967 HTTP/1.1" 200 210715 "-" "Mozilla/5.0 (Linux; Android 6.0.1; Nexus 5X Build/MMB29P) AppleWebKit/537.36 (KHTML, like Gecko) Chrome/148.0.7778.96 Mobile Safari/537.36 (compatible; GoogleOther)"
109.234.165.82 - - [20/May/2026:13:27:49 +0200] "POST /wp-cron.php?doing_wp_cron=1779276469.5738849639892578125000 HTTP/1.1" 200 - "-" "WordPress/6.9.4; http://www.eaux-madina.lasection52.com"
95.164.197.183 - - [20/May/2026:13:27:49 +0200] "GET /shop/ducat/merlin082329307042.shtml HTTP/1.1" 404 89880 "-" "Mozilla/5.0 (X11; Linux x86_64) AppleWebKit/537.36 (KHTML, like Gecko) Chrome/134.0.0.0 Safari/537.36"
66.249.65.201 - - [20/May/2026:13:28:00 +0200] "GET /shop/precipitant/fretfulness103472521454.shtml HTTP/1.1" 200 208046 "-" "Mozilla/5.0 (Linux; Android 6.0.1; Nexus 5X Build/MMB29P) AppleWebKit/537.36 (KHTML, like Gecko) Chrome/148.0.7778.96 Mobile Safari/537.36 (compatible; GoogleOther)"
66.249.65.200 - - [20/May/2026:13:28:45 +0200] "GET /shop/selfishly/morphnus051042282554.shtml HTTP/1.1" 200 208359 "-" "Mozilla/5.0 (Linux; Android 6.0.1; Nexus 5X Build/MMB29P) AppleWebKit/537.36 (KHTML, like Gecko) Chrome/148.0.7778.96 Mobile Safari/537.36 (compatible; GoogleOther)"
66.249.65.199 - - [20/May/2026:13:29:28 +0200] "GET /view/item/111990528446 HTTP/1.1" 200 207589 "-" "Mozilla/5.0 (Linux; Android 6.0.1; Nexus 5X Build/MMB29P) AppleWebKit/537.36 (KHTML, like Gecko) Chrome/148.0.7778.96 Mobile Safari/537.36 (compatible; GoogleOther)"
206.232.86.170 - - [20/May/2026:13:31:12 +0200] "GET /shop/casts/delete052329307042.shtml HTTP/1.1" 404 89880 "-" "Mozilla/5.0 (X11; Linux x86_64) AppleWebKit/537.36 (KHTML, like Gecko) Chrome/134.0.0.0 Safari/537.36"
66.249.65.199 - - [20/May/2026:13:31:22 +0200] "GET /view/item/103101720426 HTTP/1.1" 200 211182 "-" "Mozilla/5.0 (Linux; Android 6.0.1; Nexus 5X Build/MMB29P) AppleWebKit/537.36 (KHTML, like Gecko) Chrome/148.0.7778.96 Mobile Safari/537.36 (compatible; GoogleOther)"
66.249.65.199 - - [20/May/2026:13:31:35 +0200] "GET /view/item/08195124089 HTTP/1.1" 200 212574 "-" "Mozilla/5.0 (Linux; Android 6.0.1; Nexus 5X Build/MMB29P) AppleWebKit/537.36 (KHTML, like Gecko) Chrome/148.0.7778.96 Mobile Safari/537.36 (compatible; GoogleOther)"
66.249.65.199 - - [20/May/2026:13:31:53 +0200] "GET /view/item/101347511230 HTTP/1.1" 200 209846 "-" "Mozilla/5.0 (Linux; Android 6.0.1; Nexus 5X Build/MMB29P) AppleWebKit/537.36 (KHTML, like Gecko) Chrome/148.0.7778.96 Mobile Safari/537.36 (compatible; GoogleOther)"
66.249.65.199 - - [20/May/2026:13:32:24 +0200] "GET /view/item/08195124089 HTTP/1.1" 200 212574 "-" "Mozilla/5.0 (Linux; Android 6.0.1; Nexus 5X Build/MMB29P) AppleWebKit/537.36 (KHTML, like Gecko) Chrome/148.0.7778.96 Mobile Safari/537.36 (compatible; Googlebot/2.1; +http://www.google.com/bot.html)"
66.249.65.200 - - [20/May/2026:13:33:35 +0200] "GET /shop/burlesqued/artiad012025270292.shtml HTTP/1.1" 200 201219 "-" "Mozilla/5.0 (Linux; Android 6.0.1; Nexus 5X Build/MMB29P) AppleWebKit/537.36 (KHTML, like Gecko) Chrome/148.0.7778.96 Mobile Safari/537.36 (compatible; GoogleOther)"
66.249.65.201 - - [20/May/2026:13:34:18 +0200] "GET /view/item/10519171044 HTTP/1.1" 200 213012 "-" "Mozilla/5.0 (Linux; Android 6.0.1; Nexus 5X Build/MMB29P) AppleWebKit/537.36 (KHTML, like Gecko) Chrome/148.0.7778.96 Mobile Safari/537.36 (compatible; GoogleOther)"
66.249.65.201 - - [20/May/2026:13:36:03 +0200] "GET /view/item/112321447079 HTTP/1.1" 200 208983 "-" "Mozilla/5.0 (Linux; Android 6.0.1; Nexus 5X Build/MMB29P) AppleWebKit/537.36 (KHTML, like Gecko) Chrome/148.0.7778.96 Mobile Safari/537.36 (compatible; GoogleOther)"
66.249.65.200 - - [20/May/2026:13:36:43 +0200] "GET /view/item/102762812460 HTTP/1.1" 200 211386 "-" "Mozilla/5.0 (Linux; Android 6.0.1; Nexus 5X Build/MMB29P) AppleWebKit/537.36 (KHTML, like Gecko) Chrome/148.0.7778.96 Mobile Safari/537.36 (compatible; GoogleOther)"
66.249.65.201 - - [20/May/2026:13:39:08 +0200] "GET /view/item/103800615686 HTTP/1.1" 200 213430 "-" "Mozilla/5.0 (Linux; Android 6.0.1; Nexus 5X Build/MMB29P) AppleWebKit/537.36 (KHTML, like Gecko) Chrome/148.0.7778.96 Mobile Safari/537.36 (compatible; GoogleOther)"
66.249.65.199 - - [20/May/2026:13:40:56 +0200] "GET /shop/unclench/liquidness10401437804.shtml HTTP/1.1" 200 205907 "-" "Mozilla/5.0 (Linux; Android 6.0.1; Nexus 5X Build/MMB29P) AppleWebKit/537.36 (KHTML, like Gecko) Chrome/148.0.7778.96 Mobile Safari/537.36 (compatible; GoogleOther)"
66.249.65.199 - - [20/May/2026:13:41:34 +0200] "GET /view/item/083222563032 HTTP/1.1" 200 206575 "-" "Mozilla/5.0 (Linux; Android 6.0.1; Nexus 5X Build/MMB29P) AppleWebKit/537.36 (KHTML, like Gecko) Chrome/148.0.7778.96 Mobile Safari/537.36 (compatible; GoogleOther)"
66.249.65.200 - - [20/May/2026:13:41:34 +0200] "GET /shop/unclench/liquidness10401437804.shtml HTTP/1.1" 200 205907 "-" "Mozilla/5.0 (Linux; Android 6.0.1; Nexus 5X Build/MMB29P) AppleWebKit/537.36 (KHTML, like Gecko) Chrome/148.0.7778.96 Mobile Safari/537.36 (compatible; Googlebot/2.1; +http://www.google.com/bot.html)"
66.249.65.199 - - [20/May/2026:13:43:59 +0200] "GET /view/item/05507775206 HTTP/1.1" 200 210566 "-" "Mozilla/5.0 (Linux; Android 6.0.1; Nexus 5X Build/MMB29P) AppleWebKit/537.36 (KHTML, like Gecko) Chrome/148.0.7778.96 Mobile Safari/537.36 (compatible; GoogleOther)"
66.249.65.199 - - [20/May/2026:13:46:24 +0200] "GET /view/item/052436345479 HTTP/1.1" 200 211238 "-" "Mozilla/5.0 (Linux; Android 6.0.1; Nexus 5X Build/MMB29P) AppleWebKit/537.36 (KHTML, like Gecko) Chrome/148.0.7778.96 Mobile Safari/537.36 (compatible; GoogleOther)"
66.249.65.199 - - [20/May/2026:13:47:30 +0200] "GET /shop/rhabdopleura/couhage05121679465.shtml HTTP/1.1" 200 210963 "-" "Mozilla/5.0 (Linux; Android 6.0.1; Nexus 5X Build/MMB29P) AppleWebKit/537.36 (KHTML, like Gecko) Chrome/148.0.7778.96 Mobile Safari/537.36 (compatible; GoogleOther)"
66.249.65.201 - - [20/May/2026:13:49:50 +0200] "GET /shop/vizcacha/discous032586098372.shtml HTTP/1.1" 200 215059 "-" "Mozilla/5.0 (Linux; Android 6.0.1; Nexus 5X Build/MMB29P) AppleWebKit/537.36 (KHTML, like Gecko) Chrome/148.0.7778.96 Mobile Safari/537.36 (compatible; GoogleOther)"
66.249.65.201 - - [20/May/2026:13:52:05 +0200] "GET /view/item/033920188726 HTTP/1.1" 200 209341 "-" "Mozilla/5.0 (Linux; Android 6.0.1; Nexus 5X Build/MMB29P) AppleWebKit/537.36 (KHTML, like Gecko) Chrome/148.0.7778.96 Mobile Safari/537.36 (compatible; GoogleOther)"
66.249.65.201 - - [20/May/2026:13:53:00 +0200] "GET /view/item/114152958950 HTTP/1.1" 200 209958 "-" "Mozilla/5.0 (Linux; Android 6.0.1; Nexus 5X Build/MMB29P) AppleWebKit/537.36 (KHTML, like Gecko) Chrome/148.0.7778.96 Mobile Safari/537.36 (compatible; GoogleOther)"
66.249.65.201 - - [20/May/2026:13:58:36 +0200] "GET /view/item/082340832755 HTTP/1.1" 200 207434 "-" "Mozilla/5.0 (Linux; Android 6.0.1; Nexus 5X Build/MMB29P) AppleWebKit/537.36 (KHTML, like Gecko) Chrome/148.0.7778.96 Mobile Safari/537.36 (compatible; GoogleOther)"
66.249.65.201 - - [20/May/2026:13:59:43 +0200] "GET /group/013715237086 HTTP/1.1" 200 202586 "-" "Mozilla/5.0 (Linux; Android 6.0.1; Nexus 5X Build/MMB29P) AppleWebKit/537.36 (KHTML, like Gecko) Chrome/148.0.7778.96 Mobile Safari/537.36 (compatible; GoogleOther)"
66.249.65.199 - - [20/May/2026:14:01:09 +0200] "GET /shop/proditorious/wrapped081475104439.shtml HTTP/1.1" 200 210047 "-" "Mozilla/5.0 (Linux; Android 6.0.1; Nexus 5X Build/MMB29P) AppleWebKit/537.36 (KHTML, like Gecko) Chrome/148.0.7778.96 Mobile Safari/537.36 (compatible; GoogleOther)"
66.249.65.200 - - [20/May/2026:14:05:08 +0200] "GET /view/item/01859880158 HTTP/1.1" 200 213027 "-" "Mozilla/5.0 (Linux; Android 6.0.1; Nexus 5X Build/MMB29P) AppleWebKit/537.36 (KHTML, like Gecko) Chrome/148.0.7778.96 Mobile Safari/537.36 (compatible; GoogleOther)"
66.249.65.201 - - [20/May/2026:14:06:52 +0200] "GET /view/item/081156400267 HTTP/1.1" 200 207597 "-" "Mozilla/5.0 (Linux; Android 6.0.1; Nexus 5X Build/MMB29P) AppleWebKit/537.36 (KHTML, like Gecko) Chrome/148.0.7778.96 Mobile Safari/537.36 (compatible; GoogleOther)"
66.249.65.200 - - [20/May/2026:14:11:39 +0200] "GET /view/item/103249056089 HTTP/1.1" 200 205377 "-" "Mozilla/5.0 (Linux; Android 6.0.1; Nexus 5X Build/MMB29P) AppleWebKit/537.36 (KHTML, like Gecko) Chrome/148.0.7778.96 Mobile Safari/537.36 (compatible; GoogleOther)"