40.77.167.77 - - [20/May/2026:01:36:58 +0200] "GET /?8603f1329778302.html HTTP/1.1" 301 4 "-" "Mozilla/5.0 AppleWebKit/537.36 (KHTML, like Gecko; compatible; bingbot/2.0; +http://www.bing.com/bingbot.htm) Chrome/116.0.1938.76 Safari/537.36"
52.167.144.201 - - [20/May/2026:01:37:01 +0200] "GET /?3864b82695801.html HTTP/1.1" 301 4 "-" "Mozilla/5.0 AppleWebKit/537.36 (KHTML, like Gecko; compatible; bingbot/2.0; +http://www.bing.com/bingbot.htm) Chrome/116.0.1938.76 Safari/537.36"
40.77.167.3 - - [20/May/2026:01:37:06 +0200] "GET /?14d0d151801502.html HTTP/1.1" 301 4 "-" "Mozilla/5.0 AppleWebKit/537.36 (KHTML, like Gecko; compatible; bingbot/2.0; +http://www.bing.com/bingbot.htm) Chrome/116.0.1938.76 Safari/537.36"
52.167.144.201 - - [20/May/2026:01:37:21 +0200] "GET /?547bf1094038302.html HTTP/1.1" 301 4 "-" "Mozilla/5.0 AppleWebKit/537.36 (KHTML, like Gecko; compatible; bingbot/2.0; +http://www.bing.com/bingbot.htm) Chrome/116.0.1938.76 Safari/537.36"
52.167.144.201 - - [20/May/2026:01:37:22 +0200] "GET /?64629800583102.html HTTP/1.1" 301 4 "-" "Mozilla/5.0 AppleWebKit/537.36 (KHTML, like Gecko; compatible; bingbot/2.0; +http://www.bing.com/bingbot.htm) Chrome/116.0.1938.76 Safari/537.36"
52.167.144.201 - - [20/May/2026:01:37:22 +0200] "GET /?3526b112965001.html HTTP/1.1" 301 4 "-" "Mozilla/5.0 AppleWebKit/537.36 (KHTML, like Gecko; compatible; bingbot/2.0; +http://www.bing.com/bingbot.htm) Chrome/116.0.1938.76 Safari/537.36"
109.234.165.82 - - [20/May/2026:01:37:31 +0200] "POST /wp-cron.php?doing_wp_cron=1779233851.7020699977874755859375 HTTP/1.1" 404 45741 "http://www.mariereinebenie.lasection52.com/wp-cron.php?doing_wp_cron=1779233851.7020699977874755859375" "WordPress/5.3.21; http://www.mariereinebenie.lasection52.com"
52.167.144.201 - - [20/May/2026:01:37:31 +0200] "GET /?75dc33598526002.html HTTP/1.1" 301 4 "-" "Mozilla/5.0 AppleWebKit/537.36 (KHTML, like Gecko; compatible; bingbot/2.0; +http://www.bing.com/bingbot.htm) Chrome/116.0.1938.76 Safari/537.36"
40.77.167.3 - - [20/May/2026:01:37:36 +0200] "GET /?23bd02806758102.html HTTP/1.1" 301 4 "-" "Mozilla/5.0 AppleWebKit/537.36 (KHTML, like Gecko; compatible; bingbot/2.0; +http://www.bing.com/bingbot.htm) Chrome/116.0.1938.76 Safari/537.36"
52.167.144.189 - - [20/May/2026:01:37:44 +0200] "GET /?0702b441875201.html HTTP/1.1" 301 4 "-" "Mozilla/5.0 AppleWebKit/537.36 (KHTML, like Gecko; compatible; bingbot/2.0; +http://www.bing.com/bingbot.htm) Chrome/116.0.1938.76 Safari/537.36"
109.234.165.82 - - [20/May/2026:01:41:24 +0200] "POST /wp-cron.php?doing_wp_cron=1779234084.5396809577941894531250 HTTP/1.1" 404 45741 "http://www.mariereinebenie.lasection52.com/wp-cron.php?doing_wp_cron=1779234084.5396809577941894531250" "WordPress/5.3.21; http://www.mariereinebenie.lasection52.com"
66.249.74.2 - - [20/May/2026:01:41:24 +0200] "GET /?p=387 HTTP/1.1" 301 4 "-" "Mozilla/5.0 (Linux; Android 6.0.1; Nexus 5X Build/MMB29P) AppleWebKit/537.36 (KHTML, like Gecko) Chrome/148.0.7778.96 Mobile Safari/537.36 (compatible; GoogleOther)"
66.249.74.2 - - [20/May/2026:01:41:24 +0200] "GET /2026/01/14/comment-toujours-gagner-des-jeux-de-casino-en-ligne/ HTTP/1.1" 200 64413 "-" "Mozilla/5.0 (Linux; Android 6.0.1; Nexus 5X Build/MMB29P) AppleWebKit/537.36 (KHTML, like Gecko) Chrome/148.0.7778.96 Mobile Safari/537.36 (compatible; GoogleOther)"
40.77.167.3 - - [20/May/2026:01:42:04 +0200] "GET /?37f711576506802.html HTTP/1.1" 301 4 "-" "Mozilla/5.0 AppleWebKit/537.36 (KHTML, like Gecko; compatible; bingbot/2.0; +http://www.bing.com/bingbot.htm) Chrome/116.0.1938.76 Safari/537.36"
40.77.167.3 - - [20/May/2026:01:42:05 +0200] "GET /?ed3191567603702.html HTTP/1.1" 301 4 "-" "Mozilla/5.0 AppleWebKit/537.36 (KHTML, like Gecko; compatible; bingbot/2.0; +http://www.bing.com/bingbot.htm) Chrome/116.0.1938.76 Safari/537.36"
40.77.167.3 - - [20/May/2026:01:42:05 +0200] "GET /?8e11a164462301.html HTTP/1.1" 301 4 "-" "Mozilla/5.0 AppleWebKit/537.36 (KHTML, like Gecko; compatible; bingbot/2.0; +http://www.bing.com/bingbot.htm) Chrome/116.0.1938.76 Safari/537.36"
40.77.167.63 - - [20/May/2026:01:42:09 +0200] "GET /?af2a5274440101.html HTTP/1.1" 301 4 "-" "Mozilla/5.0 AppleWebKit/537.36 (KHTML, like Gecko; compatible; bingbot/2.0; +http://www.bing.com/bingbot.htm) Chrome/116.0.1938.76 Safari/537.36"
40.77.167.63 - - [20/May/2026:01:42:09 +0200] "GET /?fae7c2409024202.html HTTP/1.1" 301 4 "-" "Mozilla/5.0 AppleWebKit/537.36 (KHTML, like Gecko; compatible; bingbot/2.0; +http://www.bing.com/bingbot.htm) Chrome/116.0.1938.76 Safari/537.36"
109.234.165.82 - - [20/May/2026:01:46:15 +0200] "POST /wp-cron.php?doing_wp_cron=1779234375.6715059280395507812500 HTTP/1.1" 404 45741 "http://www.mariereinebenie.lasection52.com/wp-cron.php?doing_wp_cron=1779234375.6715059280395507812500" "WordPress/5.3.21; http://www.mariereinebenie.lasection52.com"
66.249.74.2 - - [20/May/2026:01:46:15 +0200] "GET /?p=409 HTTP/1.1" 301 4 "-" "Mozilla/5.0 (Linux; Android 6.0.1; Nexus 5X Build/MMB29P) AppleWebKit/537.36 (KHTML, like Gecko) Chrome/148.0.7778.96 Mobile Safari/537.36 (compatible; GoogleOther)"
66.249.74.4 - - [20/May/2026:01:46:16 +0200] "GET /2026/01/14/roulette-casino-r%C3%A8gles-probabilit%C3%A9s-astuces/ HTTP/1.1" 200 65738 "-" "Mozilla/5.0 (Linux; Android 6.0.1; Nexus 5X Build/MMB29P) AppleWebKit/537.36 (KHTML, like Gecko) Chrome/148.0.7778.96 Mobile Safari/537.36 (compatible; GoogleOther)"
109.234.165.82 - - [20/May/2026:01:47:16 +0200] "POST /wp-cron.php?doing_wp_cron=1779234436.8052880764007568359375 HTTP/1.1" 404 45741 "http://www.mariereinebenie.lasection52.com/wp-cron.php?doing_wp_cron=1779234436.8052880764007568359375" "WordPress/5.3.21; http://www.mariereinebenie.lasection52.com"
40.77.167.63 - - [20/May/2026:01:47:16 +0200] "GET /?cba302422668002.html HTTP/1.1" 301 4 "-" "Mozilla/5.0 AppleWebKit/537.36 (KHTML, like Gecko; compatible; bingbot/2.0; +http://www.bing.com/bingbot.htm) Chrome/116.0.1938.76 Safari/537.36"
109.234.165.82 - - [20/May/2026:01:53:36 +0200] "POST /wp-cron.php?doing_wp_cron=1779234816.2514390945434570312500 HTTP/1.1" 404 45741 "http://www.mariereinebenie.lasection52.com/wp-cron.php?doing_wp_cron=1779234816.2514390945434570312500" "WordPress/5.3.21; http://www.mariereinebenie.lasection52.com"
66.249.74.2 - - [20/May/2026:01:53:36 +0200] "GET /?p=443 HTTP/1.1" 301 4 "-" "Mozilla/5.0 (Linux; Android 6.0.1; Nexus 5X Build/MMB29P) AppleWebKit/537.36 (KHTML, like Gecko) Chrome/148.0.7778.96 Mobile Safari/537.36 (compatible; GoogleOther)"
66.249.74.4 - - [20/May/2026:01:53:38 +0200] "GET /2026/01/14/casino-en-argent-gratuits-gardez-ce-que-vous-gagnez/ HTTP/1.1" 200 64615 "-" "Mozilla/5.0 (Linux; Android 6.0.1; Nexus 5X Build/MMB29P) AppleWebKit/537.36 (KHTML, like Gecko) Chrome/148.0.7778.96 Mobile Safari/537.36 (compatible; GoogleOther)"
66.249.74.3 - - [20/May/2026:01:53:45 +0200] "GET /?p=395 HTTP/1.1" 301 4 "-" "Mozilla/5.0 (Linux; Android 6.0.1; Nexus 5X Build/MMB29P) AppleWebKit/537.36 (KHTML, like Gecko) Chrome/148.0.7778.96 Mobile Safari/537.36 (compatible; GoogleOther)"
66.249.74.2 - - [20/May/2026:01:53:56 +0200] "GET /2026/01/14/casino-en-argent-gratuits-gardez-ce-que-vous-gagnez/ HTTP/1.1" 200 64615 "-" "Mozilla/5.0 (Linux; Android 6.0.1; Nexus 5X Build/MMB29P) AppleWebKit/537.36 (KHTML, like Gecko) Chrome/148.0.7778.96 Mobile Safari/537.36 (compatible; Googlebot/2.1; +http://www.google.com/bot.html)"
66.249.74.2 - - [20/May/2026:01:54:09 +0200] "GET /?p=367 HTTP/1.1" 301 4 "-" "Mozilla/5.0 (Linux; Android 6.0.1; Nexus 5X Build/MMB29P) AppleWebKit/537.36 (KHTML, like Gecko) Chrome/148.0.7778.96 Mobile Safari/537.36 (compatible; GoogleOther)"
66.249.74.2 - - [20/May/2026:01:54:09 +0200] "GET /2026/01/14/jouer-sur-des-machines-%C3%A0-sous-ligne/ HTTP/1.1" 200 64857 "-" "Mozilla/5.0 (Linux; Android 6.0.1; Nexus 5X Build/MMB29P) AppleWebKit/537.36 (KHTML, like Gecko) Chrome/148.0.7778.96 Mobile Safari/537.36 (compatible; GoogleOther)"
109.234.165.82 - - [20/May/2026:01:54:42 +0200] "POST /wp-cron.php?doing_wp_cron=1779234882.7921490669250488281250 HTTP/1.1" 404 45741 "http://www.mariereinebenie.lasection52.com/wp-cron.php?doing_wp_cron=1779234882.7921490669250488281250" "WordPress/5.3.21; http://www.mariereinebenie.lasection52.com"
66.249.74.2 - - [20/May/2026:01:54:42 +0200] "GET /2026/01/14/jouer-sur-des-machines-%C3%A0-sous-ligne/ HTTP/1.1" 200 64857 "-" "Mozilla/5.0 (Linux; Android 6.0.1; Nexus 5X Build/MMB29P) AppleWebKit/537.36 (KHTML, like Gecko) Chrome/148.0.7778.96 Mobile Safari/537.36 (compatible; Googlebot/2.1; +http://www.google.com/bot.html)"
66.249.74.4 - - [20/May/2026:01:55:06 +0200] "GET /?p=428 HTTP/1.1" 301 4 "-" "Mozilla/5.0 (Linux; Android 6.0.1; Nexus 5X Build/MMB29P) AppleWebKit/537.36 (KHTML, like Gecko) Chrome/148.0.7778.96 Mobile Safari/537.36 (compatible; GoogleOther)"
66.249.74.3 - - [20/May/2026:01:55:06 +0200] "GET /2026/01/14/application-de-casino-en-ligne/ HTTP/1.1" 200 63843 "-" "Mozilla/5.0 (Linux; Android 6.0.1; Nexus 5X Build/MMB29P) AppleWebKit/537.36 (KHTML, like Gecko) Chrome/148.0.7778.96 Mobile Safari/537.36 (compatible; GoogleOther)"
66.249.74.2 - - [20/May/2026:01:55:13 +0200] "GET /?p=428 HTTP/1.1" 301 4 "-" "Mozilla/5.0 (Linux; Android 6.0.1; Nexus 5X Build/MMB29P) AppleWebKit/537.36 (KHTML, like Gecko) Chrome/148.0.7778.96 Mobile Safari/537.36 (compatible; Googlebot/2.1; +http://www.google.com/bot.html)"
66.249.74.3 - - [20/May/2026:01:55:13 +0200] "GET /2026/01/14/application-de-casino-en-ligne/ HTTP/1.1" 200 63843 "-" "Mozilla/5.0 (Linux; Android 6.0.1; Nexus 5X Build/MMB29P) AppleWebKit/537.36 (KHTML, like Gecko) Chrome/148.0.7778.96 Mobile Safari/537.36 (compatible; Googlebot/2.1; +http://www.google.com/bot.html)"
66.249.74.2 - - [20/May/2026:01:55:41 +0200] "GET /?p=443 HTTP/1.1" 301 4 "-" "Mozilla/5.0 (Linux; Android 6.0.1; Nexus 5X Build/MMB29P) AppleWebKit/537.36 (KHTML, like Gecko) Chrome/148.0.7778.96 Mobile Safari/537.36 (compatible; Googlebot/2.1; +http://www.google.com/bot.html)"
109.234.165.82 - - [20/May/2026:01:56:28 +0200] "POST /wp-cron.php?doing_wp_cron=1779234988.1538410186767578125000 HTTP/1.1" 404 45741 "http://www.mariereinebenie.lasection52.com/wp-cron.php?doing_wp_cron=1779234988.1538410186767578125000" "WordPress/5.3.21; http://www.mariereinebenie.lasection52.com"
40.77.167.151 - - [20/May/2026:01:56:28 +0200] "GET /?63374350338701.html HTTP/1.1" 301 4 "-" "Mozilla/5.0 AppleWebKit/537.36 (KHTML, like Gecko; compatible; bingbot/2.0; +http://www.bing.com/bingbot.htm) Chrome/116.0.1938.76 Safari/537.36"
40.77.167.61 - - [20/May/2026:01:56:36 +0200] "GET /?79479229480001.html HTTP/1.1" 301 4 "-" "Mozilla/5.0 AppleWebKit/537.36 (KHTML, like Gecko; compatible; bingbot/2.0; +http://www.bing.com/bingbot.htm) Chrome/116.0.1938.76 Safari/537.36"
109.234.165.82 - - [20/May/2026:02:03:40 +0200] "POST /wp-cron.php?doing_wp_cron=1779235420.7059960365295410156250 HTTP/1.1" 404 45741 "http://www.mariereinebenie.lasection52.com/wp-cron.php?doing_wp_cron=1779235420.7059960365295410156250" "WordPress/5.3.21; http://www.mariereinebenie.lasection52.com"
40.77.167.7 - - [20/May/2026:02:03:40 +0200] "GET /?3668c194976001.html HTTP/1.1" 301 4 "-" "Mozilla/5.0 AppleWebKit/537.36 (KHTML, like Gecko; compatible; bingbot/2.0; +http://www.bing.com/bingbot.htm) Chrome/116.0.1938.76 Safari/537.36"
40.77.167.7 - - [20/May/2026:02:03:40 +0200] "GET /?df9a371808801.html HTTP/1.1" 301 4 "-" "Mozilla/5.0 AppleWebKit/537.36 (KHTML, like Gecko; compatible; bingbot/2.0; +http://www.bing.com/bingbot.htm) Chrome/116.0.1938.76 Safari/537.36"
40.77.167.7 - - [20/May/2026:02:03:41 +0200] "GET /?903bd1182882602.html HTTP/1.1" 301 4 "-" "Mozilla/5.0 AppleWebKit/537.36 (KHTML, like Gecko; compatible; bingbot/2.0; +http://www.bing.com/bingbot.htm) Chrome/116.0.1938.76 Safari/537.36"
40.77.167.7 - - [20/May/2026:02:03:42 +0200] "GET /?409b1181806401.html HTTP/1.1" 301 4 "-" "Mozilla/5.0 AppleWebKit/537.36 (KHTML, like Gecko; compatible; bingbot/2.0; +http://www.bing.com/bingbot.htm) Chrome/116.0.1938.76 Safari/537.36"
40.77.167.7 - - [20/May/2026:02:03:42 +0200] "GET /?961152831057402.html HTTP/1.1" 301 4 "-" "Mozilla/5.0 AppleWebKit/537.36 (KHTML, like Gecko; compatible; bingbot/2.0; +http://www.bing.com/bingbot.htm) Chrome/116.0.1938.76 Safari/537.36"
40.77.167.7 - - [20/May/2026:02:03:50 +0200] "GET /?76966271467501.html HTTP/1.1" 301 4 "-" "Mozilla/5.0 AppleWebKit/537.36 (KHTML, like Gecko; compatible; bingbot/2.0; +http://www.bing.com/bingbot.htm) Chrome/116.0.1938.76 Safari/537.36"
52.167.144.208 - - [20/May/2026:02:03:55 +0200] "GET /?7543570096301.html HTTP/1.1" 301 4 "-" "Mozilla/5.0 AppleWebKit/537.36 (KHTML, like Gecko; compatible; bingbot/2.0; +http://www.bing.com/bingbot.htm) Chrome/116.0.1938.76 Safari/537.36"
109.234.165.82 - - [20/May/2026:02:06:06 +0200] "POST /wp-cron.php?doing_wp_cron=1779235566.8717539310455322265625 HTTP/1.1" 404 45741 "http://www.mariereinebenie.lasection52.com/wp-cron.php?doing_wp_cron=1779235566.8717539310455322265625" "WordPress/5.3.21; http://www.mariereinebenie.lasection52.com"
66.249.74.3 - - [20/May/2026:02:06:06 +0200] "GET /?p=442 HTTP/1.1" 301 4 "-" "Mozilla/5.0 (Linux; Android 6.0.1; Nexus 5X Build/MMB29P) AppleWebKit/537.36 (KHTML, like Gecko) Chrome/148.0.7778.96 Mobile Safari/537.36 (compatible; GoogleOther)"
66.249.74.2 - - [20/May/2026:02:06:07 +0200] "GET /2026/01/14/tirage-du-loto-aujourd-hui/ HTTP/1.1" 200 64873 "-" "Mozilla/5.0 (Linux; Android 6.0.1; Nexus 5X Build/MMB29P) AppleWebKit/537.36 (KHTML, like Gecko) Chrome/148.0.7778.96 Mobile Safari/537.36 (compatible; GoogleOther)"
109.234.165.82 - - [20/May/2026:02:07:18 +0200] "POST /wp-cron.php?doing_wp_cron=1779235638.7625870704650878906250 HTTP/1.1" 404 45741 "http://www.mariereinebenie.lasection52.com/wp-cron.php?doing_wp_cron=1779235638.7625870704650878906250" "WordPress/5.3.21; http://www.mariereinebenie.lasection52.com"
66.249.74.3 - - [20/May/2026:02:07:18 +0200] "GET /?p=413 HTTP/1.1" 301 4 "-" "Mozilla/5.0 (Linux; Android 6.0.1; Nexus 5X Build/MMB29P) AppleWebKit/537.36 (KHTML, like Gecko) Chrome/148.0.7778.96 Mobile Safari/537.36 (compatible; GoogleOther)"
66.249.74.2 - - [20/May/2026:02:07:19 +0200] "GET /2026/01/14/chance-de-gagner-au-machine-%C3%A0-sous/ HTTP/1.1" 200 65252 "-" "Mozilla/5.0 (Linux; Android 6.0.1; Nexus 5X Build/MMB29P) AppleWebKit/537.36 (KHTML, like Gecko) Chrome/148.0.7778.96 Mobile Safari/537.36 (compatible; GoogleOther)"
109.234.165.82 - - [20/May/2026:02:11:24 +0200] "POST /wp-cron.php?doing_wp_cron=1779235884.4602010250091552734375 HTTP/1.1" 404 45741 "http://www.mariereinebenie.lasection52.com/wp-cron.php?doing_wp_cron=1779235884.4602010250091552734375" "WordPress/5.3.21; http://www.mariereinebenie.lasection52.com"
66.249.74.2 - - [20/May/2026:02:11:24 +0200] "GET /?p=357 HTTP/1.1" 301 4 "-" "Mozilla/5.0 (Linux; Android 6.0.1; Nexus 5X Build/MMB29P) AppleWebKit/537.36 (KHTML, like Gecko) Chrome/148.0.7778.96 Mobile Safari/537.36 (compatible; GoogleOther)"
66.249.74.3 - - [20/May/2026:02:11:25 +0200] "GET /2026/01/14/10-pari-gratuits-pas-de-casino-de-d%C3%A9p%C3%B4t/ HTTP/1.1" 200 63701 "-" "Mozilla/5.0 (Linux; Android 6.0.1; Nexus 5X Build/MMB29P) AppleWebKit/537.36 (KHTML, like Gecko) Chrome/148.0.7778.96 Mobile Safari/537.36 (compatible; GoogleOther)"
109.234.165.82 - - [20/May/2026:02:18:57 +0200] "POST /wp-cron.php?doing_wp_cron=1779236337.8396999835968017578125 HTTP/1.1" 404 45741 "http://www.mariereinebenie.lasection52.com/wp-cron.php?doing_wp_cron=1779236337.8396999835968017578125" "WordPress/5.3.21; http://www.mariereinebenie.lasection52.com"
40.77.167.55 - - [20/May/2026:02:18:57 +0200] "GET /?708f41923229402.html HTTP/1.1" 301 4 "-" "Mozilla/5.0 AppleWebKit/537.36 (KHTML, like Gecko; compatible; bingbot/2.0; +http://www.bing.com/bingbot.htm) Chrome/116.0.1938.76 Safari/537.36"
109.234.165.82 - - [20/May/2026:02:21:38 +0200] "POST /wp-cron.php?doing_wp_cron=1779236498.6017630100250244140625 HTTP/1.1" 404 45741 "http://www.mariereinebenie.lasection52.com/wp-cron.php?doing_wp_cron=1779236498.6017630100250244140625" "WordPress/5.3.21; http://www.mariereinebenie.lasection52.com"
40.77.167.55 - - [20/May/2026:02:21:38 +0200] "GET /?877e423803601.html HTTP/1.1" 301 4 "-" "Mozilla/5.0 AppleWebKit/537.36 (KHTML, like Gecko; compatible; bingbot/2.0; +http://www.bing.com/bingbot.htm) Chrome/116.0.1938.76 Safari/537.36"
40.77.167.50 - - [20/May/2026:02:21:39 +0200] "GET /?58f2e446568601.html HTTP/1.1" 301 4 "-" "Mozilla/5.0 AppleWebKit/537.36 (KHTML, like Gecko; compatible; bingbot/2.0; +http://www.bing.com/bingbot.htm) Chrome/116.0.1938.76 Safari/537.36"
40.77.167.50 - - [20/May/2026:02:21:40 +0200] "GET /?57c0d3721183102.html HTTP/1.1" 301 4 "-" "Mozilla/5.0 AppleWebKit/537.36 (KHTML, like Gecko; compatible; bingbot/2.0; +http://www.bing.com/bingbot.htm) Chrome/116.0.1938.76 Safari/537.36"
66.249.74.4 - - [20/May/2026:02:22:00 +0200] "GET /?p=382 HTTP/1.1" 301 4 "-" "Mozilla/5.0 (Linux; Android 6.0.1; Nexus 5X Build/MMB29P) AppleWebKit/537.36 (KHTML, like Gecko) Chrome/148.0.7778.96 Mobile Safari/537.36 (compatible; GoogleOther)"
66.249.74.3 - - [20/May/2026:02:22:01 +0200] "GET /2026/01/14/chances-de-frapper-0-ou-00-%C3%A0-la-roulette/ HTTP/1.1" 200 64561 "-" "Mozilla/5.0 (Linux; Android 6.0.1; Nexus 5X Build/MMB29P) AppleWebKit/537.36 (KHTML, like Gecko) Chrome/148.0.7778.96 Mobile Safari/537.36 (compatible; GoogleOther)"
66.249.74.2 - - [20/May/2026:02:22:15 +0200] "GET /2026/01/14/chances-de-frapper-0-ou-00-%C3%A0-la-roulette/ HTTP/1.1" 200 64561 "-" "Mozilla/5.0 (Linux; Android 6.0.1; Nexus 5X Build/MMB29P) AppleWebKit/537.36 (KHTML, like Gecko) Chrome/148.0.7778.96 Mobile Safari/537.36 (compatible; Googlebot/2.1; +http://www.google.com/bot.html)"
66.249.74.2 - - [20/May/2026:02:22:20 +0200] "GET /wp-content/themes/betheme/assets/ui/jquery.ui.all.css?ver=20.9.5.6 HTTP/1.1" 200 18765 "http://www.mariereinebenie.lasection52.com/2026/01/14/chances-de-frapper-0-ou-00-%C3%A0-la-roulette/" "Mozilla/5.0 (Linux; Android 6.0.1; Nexus 5X Build/MMB29P) AppleWebKit/537.36 (KHTML, like Gecko) Chrome/148.0.7778.96 Mobile Safari/537.36 (compatible; Googlebot/2.1; +http://www.google.com/bot.html)"
66.249.74.2 - - [20/May/2026:02:22:20 +0200] "GET /wp-includes/js/jquery/ui/tabs.min.js?ver=1.11.4 HTTP/1.1" 200 12012 "http://www.mariereinebenie.lasection52.com/2026/01/14/chances-de-frapper-0-ou-00-%C3%A0-la-roulette/" "Mozilla/5.0 (Linux; Android 6.0.1; Nexus 5X Build/MMB29P) AppleWebKit/537.36 (KHTML, like Gecko) Chrome/148.0.7778.96 Mobile Safari/537.36 (compatible; Googlebot/2.1; +http://www.google.com/bot.html)"
109.234.165.82 - - [20/May/2026:02:22:55 +0200] "POST /wp-cron.php?doing_wp_cron=1779236575.6585121154785156250000 HTTP/1.1" 404 45741 "http://www.mariereinebenie.lasection52.com/wp-cron.php?doing_wp_cron=1779236575.6585121154785156250000" "WordPress/5.3.21; http://www.mariereinebenie.lasection52.com"
40.77.167.50 - - [20/May/2026:02:22:55 +0200] "GET /?81ab140059001.html HTTP/1.1" 301 4 "-" "Mozilla/5.0 AppleWebKit/537.36 (KHTML, like Gecko; compatible; bingbot/2.0; +http://www.bing.com/bingbot.htm) Chrome/116.0.1938.76 Safari/537.36"
40.77.167.50 - - [20/May/2026:02:22:55 +0200] "GET /?de18f3612859102.html HTTP/1.1" 301 4 "-" "Mozilla/5.0 AppleWebKit/537.36 (KHTML, like Gecko; compatible; bingbot/2.0; +http://www.bing.com/bingbot.htm) Chrome/116.0.1938.76 Safari/537.36"
66.249.74.2 - - [20/May/2026:02:25:15 +0200] "GET /?p=372 HTTP/1.1" 301 4 "-" "Mozilla/5.0 (Linux; Android 6.0.1; Nexus 5X Build/MMB29P) AppleWebKit/537.36 (KHTML, like Gecko) Chrome/148.0.7778.96 Mobile Safari/537.36 (compatible; GoogleOther)"
66.249.74.3 - - [20/May/2026:02:25:16 +0200] "GET /2026/01/14/jeux-en-ligne-machine-%C3%A0-sous-gratuits/ HTTP/1.1" 200 64092 "-" "Mozilla/5.0 (Linux; Android 6.0.1; Nexus 5X Build/MMB29P) AppleWebKit/537.36 (KHTML, like Gecko) Chrome/148.0.7778.96 Mobile Safari/537.36 (compatible; GoogleOther)"
66.249.74.3 - - [20/May/2026:02:25:43 +0200] "GET /?p=482 HTTP/1.1" 301 4 "-" "Mozilla/5.0 (Linux; Android 6.0.1; Nexus 5X Build/MMB29P) AppleWebKit/537.36 (KHTML, like Gecko) Chrome/148.0.7778.96 Mobile Safari/537.36 (compatible; GoogleOther)"
66.249.74.2 - - [20/May/2026:02:25:43 +0200] "GET /2026/01/14/sites-web-pour-les-jeux-de-casino/ HTTP/1.1" 200 65346 "-" "Mozilla/5.0 (Linux; Android 6.0.1; Nexus 5X Build/MMB29P) AppleWebKit/537.36 (KHTML, like Gecko) Chrome/148.0.7778.96 Mobile Safari/537.36 (compatible; GoogleOther)"
109.234.165.82 - - [20/May/2026:02:27:03 +0200] "POST /wp-cron.php?doing_wp_cron=1779236823.5370140075683593750000 HTTP/1.1" 404 45741 "http://www.mariereinebenie.lasection52.com/wp-cron.php?doing_wp_cron=1779236823.5370140075683593750000" "WordPress/5.3.21; http://www.mariereinebenie.lasection52.com"
40.77.167.126 - - [20/May/2026:02:27:03 +0200] "GET /?ea8c0429885801.html HTTP/1.1" 301 4 "-" "Mozilla/5.0 AppleWebKit/537.36 (KHTML, like Gecko; compatible; bingbot/2.0; +http://www.bing.com/bingbot.htm) Chrome/116.0.1938.76 Safari/537.36"
40.77.167.126 - - [20/May/2026:02:27:03 +0200] "GET /?acc7d418186401.html HTTP/1.1" 301 4 "-" "Mozilla/5.0 AppleWebKit/537.36 (KHTML, like Gecko; compatible; bingbot/2.0; +http://www.bing.com/bingbot.htm) Chrome/116.0.1938.76 Safari/537.36"
40.77.167.126 - - [20/May/2026:02:27:04 +0200] "GET /?538e7296574701.html HTTP/1.1" 301 4 "-" "Mozilla/5.0 AppleWebKit/537.36 (KHTML, like Gecko; compatible; bingbot/2.0; +http://www.bing.com/bingbot.htm) Chrome/116.0.1938.76 Safari/537.36"
40.77.167.55 - - [20/May/2026:02:27:07 +0200] "GET /?44380405169101.html HTTP/1.1" 301 4 "-" "Mozilla/5.0 AppleWebKit/537.36 (KHTML, like Gecko; compatible; bingbot/2.0; +http://www.bing.com/bingbot.htm) Chrome/116.0.1938.76 Safari/537.36"
40.77.167.77 - - [20/May/2026:02:27:16 +0200] "GET /?002f4190836401.html HTTP/1.1" 301 4 "-" "Mozilla/5.0 AppleWebKit/537.36 (KHTML, like Gecko; compatible; bingbot/2.0; +http://www.bing.com/bingbot.htm) Chrome/116.0.1938.76 Safari/537.36"
109.234.165.82 - - [20/May/2026:02:30:58 +0200] "POST /wp-cron.php?doing_wp_cron=1779237058.9510829448699951171875 HTTP/1.1" 404 45741 "http://www.mariereinebenie.lasection52.com/wp-cron.php?doing_wp_cron=1779237058.9510829448699951171875" "WordPress/5.3.21; http://www.mariereinebenie.lasection52.com"
66.249.74.4 - - [20/May/2026:02:30:58 +0200] "GET /?p=380 HTTP/1.1" 301 4 "-" "Mozilla/5.0 (Linux; Android 6.0.1; Nexus 5X Build/MMB29P) AppleWebKit/537.36 (KHTML, like Gecko) Chrome/148.0.7778.96 Mobile Safari/537.36 (compatible; GoogleOther)"
66.249.74.2 - - [20/May/2026:02:31:00 +0200] "GET /2026/01/14/ma-combinaison-est-elle-d%C3%A9j%C3%A0-sortie-au-keno/ HTTP/1.1" 200 65361 "-" "Mozilla/5.0 (Linux; Android 6.0.1; Nexus 5X Build/MMB29P) AppleWebKit/537.36 (KHTML, like Gecko) Chrome/148.0.7778.96 Mobile Safari/537.36 (compatible; GoogleOther)"
109.234.165.82 - - [20/May/2026:02:32:34 +0200] "POST /wp-cron.php?doing_wp_cron=1779237154.1897780895233154296875 HTTP/1.1" 404 45741 "http://www.mariereinebenie.lasection52.com/wp-cron.php?doing_wp_cron=1779237154.1897780895233154296875" "WordPress/5.3.21; http://www.mariereinebenie.lasection52.com"
66.249.74.3 - - [20/May/2026:02:32:34 +0200] "GET /?p=383 HTTP/1.1" 301 4 "-" "Mozilla/5.0 (Linux; Android 6.0.1; Nexus 5X Build/MMB29P) AppleWebKit/537.36 (KHTML, like Gecko) Chrome/148.0.7778.96 Mobile Safari/537.36 (compatible; GoogleOther)"
66.249.74.3 - - [20/May/2026:02:32:34 +0200] "GET /2026/01/14/jouer-blackjack-pour-de-l-argent-r%C3%A9el/ HTTP/1.1" 200 64941 "-" "Mozilla/5.0 (Linux; Android 6.0.1; Nexus 5X Build/MMB29P) AppleWebKit/537.36 (KHTML, like Gecko) Chrome/148.0.7778.96 Mobile Safari/537.36 (compatible; GoogleOther)"
109.234.165.82 - - [20/May/2026:02:35:22 +0200] "POST /wp-cron.php?doing_wp_cron=1779237322.5736339092254638671875 HTTP/1.1" 404 45741 "http://www.mariereinebenie.lasection52.com/wp-cron.php?doing_wp_cron=1779237322.5736339092254638671875" "WordPress/5.3.21; http://www.mariereinebenie.lasection52.com"
40.77.167.55 - - [20/May/2026:02:35:22 +0200] "GET /?d4a6f2192647902.html HTTP/1.1" 301 4 "-" "Mozilla/5.0 AppleWebKit/537.36 (KHTML, like Gecko; compatible; bingbot/2.0; +http://www.bing.com/bingbot.htm) Chrome/116.0.1938.76 Safari/537.36"
40.77.167.25 - - [20/May/2026:02:36:50 +0200] "GET /?406ae299790501.html HTTP/1.1" 301 4 "-" "Mozilla/5.0 AppleWebKit/537.36 (KHTML, like Gecko; compatible; bingbot/2.0; +http://www.bing.com/bingbot.htm) Chrome/116.0.1938.76 Safari/537.36"
109.234.165.82 - - [20/May/2026:02:38:52 +0200] "POST /wp-cron.php?doing_wp_cron=1779237532.6235609054565429687500 HTTP/1.1" 404 45741 "http://www.mariereinebenie.lasection52.com/wp-cron.php?doing_wp_cron=1779237532.6235609054565429687500" "WordPress/5.3.21; http://www.mariereinebenie.lasection52.com"
66.249.74.2 - - [20/May/2026:02:38:52 +0200] "GET /?p=422 HTTP/1.1" 301 4 "-" "Mozilla/5.0 (Linux; Android 6.0.1; Nexus 5X Build/MMB29P) AppleWebKit/537.36 (KHTML, like Gecko) Chrome/148.0.7778.96 Mobile Safari/537.36 (compatible; GoogleOther)"
66.249.74.4 - - [20/May/2026:02:38:53 +0200] "GET /2026/01/14/je-veux-jouer-%C3%A0-des-jeux-de-machines-%C3%A0-sous-de-casino-gratuits/ HTTP/1.1" 200 65458 "-" "Mozilla/5.0 (Linux; Android 6.0.1; Nexus 5X Build/MMB29P) AppleWebKit/537.36 (KHTML, like Gecko) Chrome/148.0.7778.96 Mobile Safari/537.36 (compatible; GoogleOther)"
109.234.165.82 - - [20/May/2026:02:46:46 +0200] "POST /wp-cron.php?doing_wp_cron=1779238006.2960779666900634765625 HTTP/1.1" 404 45741 "http://www.mariereinebenie.lasection52.com/wp-cron.php?doing_wp_cron=1779238006.2960779666900634765625" "WordPress/5.3.21; http://www.mariereinebenie.lasection52.com"
66.249.74.2 - - [20/May/2026:02:46:46 +0200] "GET /?p=433 HTTP/1.1" 301 4 "-" "Mozilla/5.0 (Linux; Android 6.0.1; Nexus 5X Build/MMB29P) AppleWebKit/537.36 (KHTML, like Gecko) Chrome/148.0.7778.96 Mobile Safari/537.36 (compatible; GoogleOther)"
66.249.74.3 - - [20/May/2026:02:46:47 +0200] "GET /2026/01/14/les-meilleures-astuces-machine-%C3%A0-sous/ HTTP/1.1" 200 64285 "-" "Mozilla/5.0 (Linux; Android 6.0.1; Nexus 5X Build/MMB29P) AppleWebKit/537.36 (KHTML, like Gecko) Chrome/148.0.7778.96 Mobile Safari/537.36 (compatible; GoogleOther)"
109.234.165.82 - - [20/May/2026:02:50:56 +0200] "POST /wp-cron.php?doing_wp_cron=1779238256.6510109901428222656250 HTTP/1.1" 404 45741 "http://www.mariereinebenie.lasection52.com/wp-cron.php?doing_wp_cron=1779238256.6510109901428222656250" "WordPress/5.3.21; http://www.mariereinebenie.lasection52.com"
66.249.74.2 - - [20/May/2026:02:50:56 +0200] "GET /?p=496 HTTP/1.1" 301 4 "-" "Mozilla/5.0 (Linux; Android 6.0.1; Nexus 5X Build/MMB29P) AppleWebKit/537.36 (KHTML, like Gecko) Chrome/148.0.7778.96 Mobile Safari/537.36 (compatible; GoogleOther)"
66.249.74.2 - - [20/May/2026:02:50:57 +0200] "GET /?p=542 HTTP/1.1" 301 4 "-" "Mozilla/5.0 (Linux; Android 6.0.1; Nexus 5X Build/MMB29P) AppleWebKit/537.36 (KHTML, like Gecko) Chrome/148.0.7778.96 Mobile Safari/537.36 (compatible; GoogleOther)"
66.249.74.2 - - [20/May/2026:02:50:59 +0200] "GET /2026/01/14/jeu-de-casino-avec-les-meilleures-chances-pour-gagner/ HTTP/1.1" 200 64736 "-" "Mozilla/5.0 (Linux; Android 6.0.1; Nexus 5X Build/MMB29P) AppleWebKit/537.36 (KHTML, like Gecko) Chrome/148.0.7778.96 Mobile Safari/537.36 (compatible; GoogleOther)"
66.249.74.2 - - [20/May/2026:02:51:00 +0200] "GET /2026/01/14/caesars-casino-en-ligne/ HTTP/1.1" 200 63825 "-" "Mozilla/5.0 (Linux; Android 6.0.1; Nexus 5X Build/MMB29P) AppleWebKit/537.36 (KHTML, like Gecko) Chrome/148.0.7778.96 Mobile Safari/537.36 (compatible; GoogleOther)"
66.249.74.2 - - [20/May/2026:02:51:37 +0200] "GET /?p=363 HTTP/1.1" 301 4 "-" "Mozilla/5.0 (Linux; Android 6.0.1; Nexus 5X Build/MMB29P) AppleWebKit/537.36 (KHTML, like Gecko) Chrome/148.0.7778.96 Mobile Safari/537.36 (compatible; GoogleOther)"
66.249.74.2 - - [20/May/2026:02:51:37 +0200] "GET /2026/01/14/meilleurs-machines-%C3%A0-sous-quickspin/ HTTP/1.1" 200 64301 "-" "Mozilla/5.0 (Linux; Android 6.0.1; Nexus 5X Build/MMB29P) AppleWebKit/537.36 (KHTML, like Gecko) Chrome/148.0.7778.96 Mobile Safari/537.36 (compatible; GoogleOther)"
52.167.144.169 - - [20/May/2026:02:52:38 +0200] "GET /?bbbf7240501101.html HTTP/1.1" 301 4 "-" "Mozilla/5.0 AppleWebKit/537.36 (KHTML, like Gecko; compatible; bingbot/2.0; +http://www.bing.com/bingbot.htm) Chrome/116.0.1938.76 Safari/537.36"
52.167.144.169 - - [20/May/2026:02:52:39 +0200] "GET /?6a9ab416532401.html HTTP/1.1" 301 4 "-" "Mozilla/5.0 AppleWebKit/537.36 (KHTML, like Gecko; compatible; bingbot/2.0; +http://www.bing.com/bingbot.htm) Chrome/116.0.1938.76 Safari/537.36"
52.167.144.189 - - [20/May/2026:02:52:51 +0200] "GET /?51e96297760701.html HTTP/1.1" 301 4 "-" "Mozilla/5.0 AppleWebKit/537.36 (KHTML, like Gecko; compatible; bingbot/2.0; +http://www.bing.com/bingbot.htm) Chrome/116.0.1938.76 Safari/537.36"
109.234.165.82 - - [20/May/2026:02:53:03 +0200] "POST /wp-cron.php?doing_wp_cron=1779238383.5247609615325927734375 HTTP/1.1" 404 45741 "http://www.mariereinebenie.lasection52.com/wp-cron.php?doing_wp_cron=1779238383.5247609615325927734375" "WordPress/5.3.21; http://www.mariereinebenie.lasection52.com"
66.249.74.3 - - [20/May/2026:02:53:03 +0200] "GET /?p=389 HTTP/1.1" 301 4 "-" "Mozilla/5.0 (Linux; Android 6.0.1; Nexus 5X Build/MMB29P) AppleWebKit/537.36 (KHTML, like Gecko) Chrome/148.0.7778.96 Mobile Safari/537.36 (compatible; GoogleOther)"
66.249.74.3 - - [20/May/2026:02:53:03 +0200] "GET /2026/01/14/meilleur-casino-bitcoin-en-ligne/ HTTP/1.1" 200 64508 "-" "Mozilla/5.0 (Linux; Android 6.0.1; Nexus 5X Build/MMB29P) AppleWebKit/537.36 (KHTML, like Gecko) Chrome/148.0.7778.96 Mobile Safari/537.36 (compatible; GoogleOther)"
109.234.165.82 - - [20/May/2026:03:00:25 +0200] "POST /wp-cron.php?doing_wp_cron=1779238825.8886969089508056640625 HTTP/1.1" 404 45741 "http://www.mariereinebenie.lasection52.com/wp-cron.php?doing_wp_cron=1779238825.8886969089508056640625" "WordPress/5.3.21; http://www.mariereinebenie.lasection52.com"
66.249.74.2 - - [20/May/2026:03:00:25 +0200] "GET /?p=435 HTTP/1.1" 301 4 "-" "Mozilla/5.0 (Linux; Android 6.0.1; Nexus 5X Build/MMB29P) AppleWebKit/537.36 (KHTML, like Gecko) Chrome/148.0.7778.96 Mobile Safari/537.36 (compatible; GoogleOther)"
66.249.74.2 - - [20/May/2026:03:00:26 +0200] "GET /2026/01/14/jeux-gratuits-de-rami/ HTTP/1.1" 200 64894 "-" "Mozilla/5.0 (Linux; Android 6.0.1; Nexus 5X Build/MMB29P) AppleWebKit/537.36 (KHTML, like Gecko) Chrome/148.0.7778.96 Mobile Safari/537.36 (compatible; GoogleOther)"
109.234.165.82 - - [20/May/2026:03:04:50 +0200] "POST /wp-cron.php?doing_wp_cron=1779239090.5792200565338134765625 HTTP/1.1" 404 45741 "http://www.mariereinebenie.lasection52.com/wp-cron.php?doing_wp_cron=1779239090.5792200565338134765625" "WordPress/5.3.21; http://www.mariereinebenie.lasection52.com"
66.249.74.2 - - [20/May/2026:03:04:50 +0200] "GET /?p=384 HTTP/1.1" 301 4 "-" "Mozilla/5.0 (Linux; Android 6.0.1; Nexus 5X Build/MMB29P) AppleWebKit/537.36 (KHTML, like Gecko) Chrome/148.0.7778.96 Mobile Safari/537.36 (compatible; GoogleOther)"
66.249.74.2 - - [20/May/2026:03:04:52 +0200] "GET /2026/01/14/comment-gagner-%C3%A0-chaque-fois-sur-les-casinos/ HTTP/1.1" 200 64906 "-" "Mozilla/5.0 (Linux; Android 6.0.1; Nexus 5X Build/MMB29P) AppleWebKit/537.36 (KHTML, like Gecko) Chrome/148.0.7778.96 Mobile Safari/537.36 (compatible; GoogleOther)"
109.234.165.82 - - [20/May/2026:03:07:11 +0200] "POST /wp-cron.php?doing_wp_cron=1779239231.7768199443817138671875 HTTP/1.1" 404 45741 "http://www.mariereinebenie.lasection52.com/wp-cron.php?doing_wp_cron=1779239231.7768199443817138671875" "WordPress/5.3.21; http://www.mariereinebenie.lasection52.com"
66.249.74.4 - - [20/May/2026:03:07:11 +0200] "GET /?p=441 HTTP/1.1" 301 4 "-" "Mozilla/5.0 (Linux; Android 6.0.1; Nexus 5X Build/MMB29P) AppleWebKit/537.36 (KHTML, like Gecko) Chrome/148.0.7778.96 Mobile Safari/537.36 (compatible; GoogleOther)"
66.249.74.4 - - [20/May/2026:03:07:12 +0200] "GET /2026/01/14/keno-combien-ai-je-gagn%C3%A9/ HTTP/1.1" 200 63948 "-" "Mozilla/5.0 (Linux; Android 6.0.1; Nexus 5X Build/MMB29P) AppleWebKit/537.36 (KHTML, like Gecko) Chrome/148.0.7778.96 Mobile Safari/537.36 (compatible; GoogleOther)"
109.234.165.82 - - [20/May/2026:03:11:26 +0200] "POST /wp-cron.php?doing_wp_cron=1779239486.5007090568542480468750 HTTP/1.1" 404 45741 "http://www.mariereinebenie.lasection52.com/wp-cron.php?doing_wp_cron=1779239486.5007090568542480468750" "WordPress/5.3.21; http://www.mariereinebenie.lasection52.com"
66.249.74.3 - - [20/May/2026:03:11:26 +0200] "GET /?p=416 HTTP/1.1" 301 4 "-" "Mozilla/5.0 (Linux; Android 6.0.1; Nexus 5X Build/MMB29P) AppleWebKit/537.36 (KHTML, like Gecko) Chrome/148.0.7778.96 Mobile Safari/537.36 (compatible; GoogleOther)"
66.249.74.2 - - [20/May/2026:03:11:26 +0200] "GET /2026/01/14/retrait-de-la-machine-%C3%A0-sous/ HTTP/1.1" 200 63407 "-" "Mozilla/5.0 (Linux; Android 6.0.1; Nexus 5X Build/MMB29P) AppleWebKit/537.36 (KHTML, like Gecko) Chrome/148.0.7778.96 Mobile Safari/537.36 (compatible; GoogleOther)"
52.167.144.201 - - [20/May/2026:03:12:23 +0200] "GET /?97150139982601.html HTTP/1.1" 301 4 "-" "Mozilla/5.0 AppleWebKit/537.36 (KHTML, like Gecko; compatible; bingbot/2.0; +http://www.bing.com/bingbot.htm) Chrome/116.0.1938.76 Safari/537.36"
52.167.144.201 - - [20/May/2026:03:12:23 +0200] "GET /?dee06808494202.html HTTP/1.1" 301 4 "-" "Mozilla/5.0 AppleWebKit/537.36 (KHTML, like Gecko; compatible; bingbot/2.0; +http://www.bing.com/bingbot.htm) Chrome/116.0.1938.76 Safari/537.36"
52.167.144.201 - - [20/May/2026:03:12:24 +0200] "GET /?dcf6a3185756502.html HTTP/1.1" 301 4 "-" "Mozilla/5.0 AppleWebKit/537.36 (KHTML, like Gecko; compatible; bingbot/2.0; +http://www.bing.com/bingbot.htm) Chrome/116.0.1938.76 Safari/537.36"
52.167.144.201 - - [20/May/2026:03:12:24 +0200] "GET /?06b6984125801.html HTTP/1.1" 301 4 "-" "Mozilla/5.0 AppleWebKit/537.36 (KHTML, like Gecko; compatible; bingbot/2.0; +http://www.bing.com/bingbot.htm) Chrome/116.0.1938.76 Safari/537.36"
109.234.165.82 - - [20/May/2026:03:12:29 +0200] "POST /wp-cron.php?doing_wp_cron=1779239549.3178560733795166015625 HTTP/1.1" 404 45741 "http://www.mariereinebenie.lasection52.com/wp-cron.php?doing_wp_cron=1779239549.3178560733795166015625" "WordPress/5.3.21; http://www.mariereinebenie.lasection52.com"
40.77.167.55 - - [20/May/2026:03:12:29 +0200] "GET /?295b7116159602.html HTTP/1.1" 301 4 "-" "Mozilla/5.0 AppleWebKit/537.36 (KHTML, like Gecko; compatible; bingbot/2.0; +http://www.bing.com/bingbot.htm) Chrome/116.0.1938.76 Safari/537.36"
40.77.167.42 - - [20/May/2026:03:17:02 +0200] "GET /?535eb7323501.html HTTP/1.1" 301 4 "-" "Mozilla/5.0 AppleWebKit/537.36 (KHTML, like Gecko; compatible; bingbot/2.0; +http://www.bing.com/bingbot.htm) Chrome/116.0.1938.76 Safari/537.36"
40.77.167.55 - - [20/May/2026:03:17:07 +0200] "GET /?21a5a3743560402.html HTTP/1.1" 301 4 "-" "Mozilla/5.0 AppleWebKit/537.36 (KHTML, like Gecko; compatible; bingbot/2.0; +http://www.bing.com/bingbot.htm) Chrome/116.0.1938.76 Safari/537.36"
40.77.167.42 - - [20/May/2026:03:17:42 +0200] "GET /?9388d230238401.html HTTP/1.1" 301 4 "-" "Mozilla/5.0 AppleWebKit/537.36 (KHTML, like Gecko; compatible; bingbot/2.0; +http://www.bing.com/bingbot.htm) Chrome/116.0.1938.76 Safari/537.36"
40.77.167.42 - - [20/May/2026:03:17:42 +0200] "GET /?87904217703401.html HTTP/1.1" 301 4 "-" "Mozilla/5.0 AppleWebKit/537.36 (KHTML, like Gecko; compatible; bingbot/2.0; +http://www.bing.com/bingbot.htm) Chrome/116.0.1938.76 Safari/537.36"
40.77.167.42 - - [20/May/2026:03:17:42 +0200] "GET /?fb7c7362381001.html HTTP/1.1" 301 4 "-" "Mozilla/5.0 AppleWebKit/537.36 (KHTML, like Gecko; compatible; bingbot/2.0; +http://www.bing.com/bingbot.htm) Chrome/116.0.1938.76 Safari/537.36"
109.234.165.82 - - [20/May/2026:03:21:51 +0200] "POST /wp-cron.php?doing_wp_cron=1779240111.1264140605926513671875 HTTP/1.1" 404 45741 "http://www.mariereinebenie.lasection52.com/wp-cron.php?doing_wp_cron=1779240111.1264140605926513671875" "WordPress/5.3.21; http://www.mariereinebenie.lasection52.com"
40.77.167.23 - - [20/May/2026:03:21:51 +0200] "GET /?30d03177529102.html HTTP/1.1" 301 4 "-" "Mozilla/5.0 AppleWebKit/537.36 (KHTML, like Gecko; compatible; bingbot/2.0; +http://www.bing.com/bingbot.htm) Chrome/116.0.1938.76 Safari/537.36"
40.77.167.42 - - [20/May/2026:03:21:55 +0200] "GET /?68c7d350079701.html HTTP/1.1" 301 4 "-" "Mozilla/5.0 AppleWebKit/537.36 (KHTML, like Gecko; compatible; bingbot/2.0; +http://www.bing.com/bingbot.htm) Chrome/116.0.1938.76 Safari/537.36"
40.77.167.42 - - [20/May/2026:03:21:56 +0200] "GET /?85a8726823201.html HTTP/1.1" 301 4 "-" "Mozilla/5.0 AppleWebKit/537.36 (KHTML, like Gecko; compatible; bingbot/2.0; +http://www.bing.com/bingbot.htm) Chrome/116.0.1938.76 Safari/537.36"
40.77.167.42 - - [20/May/2026:03:21:56 +0200] "GET /?74fca200296201.html HTTP/1.1" 301 4 "-" "Mozilla/5.0 AppleWebKit/537.36 (KHTML, like Gecko; compatible; bingbot/2.0; +http://www.bing.com/bingbot.htm) Chrome/116.0.1938.76 Safari/537.36"
40.77.167.43 - - [20/May/2026:03:22:43 +0200] "GET /?f4e67484650801_html HTTP/1.1" 200 69450 "-" "Mozilla/5.0 AppleWebKit/537.36 (KHTML, like Gecko; compatible; bingbot/2.0; +http://www.bing.com/bingbot.htm) Chrome/116.0.1938.76 Safari/537.36"
40.77.167.56 - - [20/May/2026:03:24:37 +0200] "GET /?69797214960401.html HTTP/1.1" 301 4 "-" "Mozilla/5.0 AppleWebKit/537.36 (KHTML, like Gecko; compatible; bingbot/2.0; +http://www.bing.com/bingbot.htm) Chrome/116.0.1938.76 Safari/537.36"
40.77.167.56 - - [20/May/2026:03:24:37 +0200] "GET /?858da1444892202.html HTTP/1.1" 301 4 "-" "Mozilla/5.0 AppleWebKit/537.36 (KHTML, like Gecko; compatible; bingbot/2.0; +http://www.bing.com/bingbot.htm) Chrome/116.0.1938.76 Safari/537.36"
40.77.167.56 - - [20/May/2026:03:24:37 +0200] "GET /?2252324303001.html HTTP/1.1" 301 4 "-" "Mozilla/5.0 AppleWebKit/537.36 (KHTML, like Gecko; compatible; bingbot/2.0; +http://www.bing.com/bingbot.htm) Chrome/116.0.1938.76 Safari/537.36"
40.77.167.43 - - [20/May/2026:03:24:46 +0200] "GET /?35a3e437381101.html HTTP/1.1" 301 4 "-" "Mozilla/5.0 AppleWebKit/537.36 (KHTML, like Gecko; compatible; bingbot/2.0; +http://www.bing.com/bingbot.htm) Chrome/116.0.1938.76 Safari/537.36"
109.234.165.82 - - [20/May/2026:03:25:35 +0200] "POST /wp-cron.php?doing_wp_cron=1779240335.6808218955993652343750 HTTP/1.1" 404 45741 "http://www.mariereinebenie.lasection52.com/wp-cron.php?doing_wp_cron=1779240335.6808218955993652343750" "WordPress/5.3.21; http://www.mariereinebenie.lasection52.com"
66.249.74.2 - - [20/May/2026:03:25:35 +0200] "GET /?p=376 HTTP/1.1" 301 4 "-" "Mozilla/5.0 (Linux; Android 6.0.1; Nexus 5X Build/MMB29P) AppleWebKit/537.36 (KHTML, like Gecko) Chrome/148.0.7778.96 Mobile Safari/537.36 (compatible; GoogleOther)"
66.249.74.3 - - [20/May/2026:03:25:36 +0200] "GET /2026/01/14/casino-%C3%A0-l-%C3%A9tranger/ HTTP/1.1" 200 64048 "-" "Mozilla/5.0 (Linux; Android 6.0.1; Nexus 5X Build/MMB29P) AppleWebKit/537.36 (KHTML, like Gecko) Chrome/148.0.7778.96 Mobile Safari/537.36 (compatible; GoogleOther)"
109.234.165.82 - - [20/May/2026:03:28:25 +0200] "POST /wp-cron.php?doing_wp_cron=1779240505.4828970432281494140625 HTTP/1.1" 404 45741 "http://www.mariereinebenie.lasection52.com/wp-cron.php?doing_wp_cron=1779240505.4828970432281494140625" "WordPress/5.3.21; http://www.mariereinebenie.lasection52.com"
66.249.74.3 - - [20/May/2026:03:28:25 +0200] "GET /?p=503 HTTP/1.1" 301 4 "-" "Mozilla/5.0 (Linux; Android 6.0.1; Nexus 5X Build/MMB29P) AppleWebKit/537.36 (KHTML, like Gecko) Chrome/148.0.7778.96 Mobile Safari/537.36 (compatible; GoogleOther)"
66.249.74.4 - - [20/May/2026:03:28:27 +0200] "GET /2026/01/14/meilleurs-jeux-de-casino-gratuits-pour-android/ HTTP/1.1" 200 65154 "-" "Mozilla/5.0 (Linux; Android 6.0.1; Nexus 5X Build/MMB29P) AppleWebKit/537.36 (KHTML, like Gecko) Chrome/148.0.7778.96 Mobile Safari/537.36 (compatible; GoogleOther)"
40.77.167.77 - - [20/May/2026:03:32:32 +0200] "GET /?06ed12157022402.html HTTP/1.1" 301 4 "-" "Mozilla/5.0 AppleWebKit/537.36 (KHTML, like Gecko; compatible; bingbot/2.0; +http://www.bing.com/bingbot.htm) Chrome/116.0.1938.76 Safari/537.36"
66.249.74.2 - - [20/May/2026:03:32:40 +0200] "GET /?p=381 HTTP/1.1" 301 4 "-" "Mozilla/5.0 (Linux; Android 6.0.1; Nexus 5X Build/MMB29P) AppleWebKit/537.36 (KHTML, like Gecko) Chrome/148.0.7778.96 Mobile Safari/537.36 (compatible; GoogleOther)"
66.249.74.2 - - [20/May/2026:03:32:40 +0200] "GET /2026/01/14/jouez-aux-machines-%C3%A0-sous-en-ligne-pour-de-l-argent/ HTTP/1.1" 200 64430 "-" "Mozilla/5.0 (Linux; Android 6.0.1; Nexus 5X Build/MMB29P) AppleWebKit/537.36 (KHTML, like Gecko) Chrome/148.0.7778.96 Mobile Safari/537.36 (compatible; GoogleOther)"
109.234.165.82 - - [20/May/2026:03:35:20 +0200] "POST /wp-cron.php?doing_wp_cron=1779240920.3233129978179931640625 HTTP/1.1" 404 45741 "http://www.mariereinebenie.lasection52.com/wp-cron.php?doing_wp_cron=1779240920.3233129978179931640625" "WordPress/5.3.21; http://www.mariereinebenie.lasection52.com"
45.227.253.15 - - [20/May/2026:03:35:20 +0200] "GET /index.php/jk HTTP/1.1" 301 4 "-" "Mozilla/5.0 (iPad; U; CPU OS 4_2_3 like Mac OS X; ja) AppleWebKit/533.17.9 (KHTML, like Gecko) Version/5.0.2 Mobile/8J2 Safari/6533.18.5"
45.227.253.15 - - [20/May/2026:03:35:20 +0200] "GET /jk HTTP/1.1" 404 45745 "http://mariereinebenie.lasection52.com/index.php/jk" "Mozilla/5.0 (iPad; U; CPU OS 4_2_3 like Mac OS X; ja) AppleWebKit/533.17.9 (KHTML, like Gecko) Version/5.0.2 Mobile/8J2 Safari/6533.18.5"
109.234.165.82 - - [20/May/2026:03:36:54 +0200] "POST /wp-cron.php?doing_wp_cron=1779241014.9050719738006591796875 HTTP/1.1" 404 45741 "http://www.mariereinebenie.lasection52.com/wp-cron.php?doing_wp_cron=1779241014.9050719738006591796875" "WordPress/5.3.21; http://www.mariereinebenie.lasection52.com"
66.249.74.2 - - [20/May/2026:03:36:54 +0200] "GET /?p=401 HTTP/1.1" 301 4 "-" "Mozilla/5.0 (Linux; Android 6.0.1; Nexus 5X Build/MMB29P) AppleWebKit/537.36 (KHTML, like Gecko) Chrome/148.0.7778.96 Mobile Safari/537.36 (compatible; GoogleOther)"
66.249.74.4 - - [20/May/2026:03:36:55 +0200] "GET /2026/01/14/jeux-de-machines-%C3%A0-sous-flash/ HTTP/1.1" 200 64151 "-" "Mozilla/5.0 (Linux; Android 6.0.1; Nexus 5X Build/MMB29P) AppleWebKit/537.36 (KHTML, like Gecko) Chrome/148.0.7778.96 Mobile Safari/537.36 (compatible; GoogleOther)"
40.77.167.17 - - [20/May/2026:03:38:50 +0200] "GET /?80ee8491329002.html HTTP/1.1" 301 4 "-" "Mozilla/5.0 AppleWebKit/537.36 (KHTML, like Gecko; compatible; bingbot/2.0; +http://www.bing.com/bingbot.htm) Chrome/116.0.1938.76 Safari/537.36"
40.77.167.17 - - [20/May/2026:03:38:51 +0200] "GET /?cd631108860201.html HTTP/1.1" 301 4 "-" "Mozilla/5.0 AppleWebKit/537.36 (KHTML, like Gecko; compatible; bingbot/2.0; +http://www.bing.com/bingbot.htm) Chrome/116.0.1938.76 Safari/537.36"
40.77.167.17 - - [20/May/2026:03:38:51 +0200] "GET /?feed8275992801.html HTTP/1.1" 301 4 "-" "Mozilla/5.0 AppleWebKit/537.36 (KHTML, like Gecko; compatible; bingbot/2.0; +http://www.bing.com/bingbot.htm) Chrome/116.0.1938.76 Safari/537.36"
40.77.167.17 - - [20/May/2026:03:38:51 +0200] "GET /?144ab329101702.html HTTP/1.1" 301 4 "-" "Mozilla/5.0 AppleWebKit/537.36 (KHTML, like Gecko; compatible; bingbot/2.0; +http://www.bing.com/bingbot.htm) Chrome/116.0.1938.76 Safari/537.36"
40.77.167.58 - - [20/May/2026:03:38:55 +0200] "GET /?62a7c1450680002.html HTTP/1.1" 301 4 "-" "Mozilla/5.0 AppleWebKit/537.36 (KHTML, like Gecko; compatible; bingbot/2.0; +http://www.bing.com/bingbot.htm) Chrome/116.0.1938.76 Safari/537.36"
109.234.165.82 - - [20/May/2026:03:41:09 +0200] "POST /wp-cron.php?doing_wp_cron=1779241269.6241500377655029296875 HTTP/1.1" 404 45741 "http://www.mariereinebenie.lasection52.com/wp-cron.php?doing_wp_cron=1779241269.6241500377655029296875" "WordPress/5.3.21; http://www.mariereinebenie.lasection52.com"
66.249.74.4 - - [20/May/2026:03:41:09 +0200] "GET /?p=476 HTTP/1.1" 301 4 "-" "Mozilla/5.0 (Linux; Android 6.0.1; Nexus 5X Build/MMB29P) AppleWebKit/537.36 (KHTML, like Gecko) Chrome/148.0.7778.96 Mobile Safari/537.36 (compatible; GoogleOther)"
66.249.74.4 - - [20/May/2026:03:41:10 +0200] "GET /2026/01/14/age-casino-belgique/ HTTP/1.1" 200 64428 "-" "Mozilla/5.0 (Linux; Android 6.0.1; Nexus 5X Build/MMB29P) AppleWebKit/537.36 (KHTML, like Gecko) Chrome/148.0.7778.96 Mobile Safari/537.36 (compatible; GoogleOther)"
109.234.165.82 - - [20/May/2026:03:44:20 +0200] "POST /wp-cron.php?doing_wp_cron=1779241460.4016261100769042968750 HTTP/1.1" 404 45741 "http://www.mariereinebenie.lasection52.com/wp-cron.php?doing_wp_cron=1779241460.4016261100769042968750" "WordPress/5.3.21; http://www.mariereinebenie.lasection52.com"
66.249.74.3 - - [20/May/2026:03:44:20 +0200] "GET /?p=359 HTTP/1.1" 301 4 "-" "Mozilla/5.0 (Linux; Android 6.0.1; Nexus 5X Build/MMB29P) AppleWebKit/537.36 (KHTML, like Gecko) Chrome/148.0.7778.96 Mobile Safari/537.36 (compatible; GoogleOther)"
66.249.74.3 - - [20/May/2026:03:44:22 +0200] "GET /2026/01/14/roulette-comment-parier/ HTTP/1.1" 200 64528 "-" "Mozilla/5.0 (Linux; Android 6.0.1; Nexus 5X Build/MMB29P) AppleWebKit/537.36 (KHTML, like Gecko) Chrome/148.0.7778.96 Mobile Safari/537.36 (compatible; GoogleOther)"
40.77.167.67 - - [20/May/2026:03:45:02 +0200] "GET /?fad66429864801.html HTTP/1.1" 301 4 "-" "Mozilla/5.0 AppleWebKit/537.36 (KHTML, like Gecko; compatible; bingbot/2.0; +http://www.bing.com/bingbot.htm) Chrome/116.0.1938.76 Safari/537.36"
40.77.167.67 - - [20/May/2026:03:45:02 +0200] "GET /?ac4f8204891601.html HTTP/1.1" 301 4 "-" "Mozilla/5.0 AppleWebKit/537.36 (KHTML, like Gecko; compatible; bingbot/2.0; +http://www.bing.com/bingbot.htm) Chrome/116.0.1938.76 Safari/537.36"
40.77.167.67 - - [20/May/2026:03:45:03 +0200] "GET /?69cad449501601.html HTTP/1.1" 301 4 "-" "Mozilla/5.0 AppleWebKit/537.36 (KHTML, like Gecko; compatible; bingbot/2.0; +http://www.bing.com/bingbot.htm) Chrome/116.0.1938.76 Safari/537.36"
40.77.167.67 - - [20/May/2026:03:45:03 +0200] "GET /?68b3f674662602.html HTTP/1.1" 301 4 "-" "Mozilla/5.0 AppleWebKit/537.36 (KHTML, like Gecko; compatible; bingbot/2.0; +http://www.bing.com/bingbot.htm) Chrome/116.0.1938.76 Safari/537.36"
109.234.165.82 - - [20/May/2026:03:49:38 +0200] "POST /wp-cron.php?doing_wp_cron=1779241778.1673729419708251953125 HTTP/1.1" 404 45741 "http://www.mariereinebenie.lasection52.com/wp-cron.php?doing_wp_cron=1779241778.1673729419708251953125" "WordPress/5.3.21; http://www.mariereinebenie.lasection52.com"
66.249.74.4 - - [20/May/2026:03:49:38 +0200] "GET /?p=440 HTTP/1.1" 301 4 "-" "Mozilla/5.0 (Linux; Android 6.0.1; Nexus 5X Build/MMB29P) AppleWebKit/537.36 (KHTML, like Gecko) Chrome/148.0.7778.96 Mobile Safari/537.36 (compatible; GoogleOther)"
66.249.74.2 - - [20/May/2026:03:49:40 +0200] "GET /2026/01/14/pas-de-cr%C3%A9dits-de-casino-de-d%C3%A9p%C3%B4t/ HTTP/1.1" 200 65202 "-" "Mozilla/5.0 (Linux; Android 6.0.1; Nexus 5X Build/MMB29P) AppleWebKit/537.36 (KHTML, like Gecko) Chrome/148.0.7778.96 Mobile Safari/537.36 (compatible; GoogleOther)"
109.234.165.82 - - [20/May/2026:03:56:42 +0200] "POST /wp-cron.php?doing_wp_cron=1779242202.1518681049346923828125 HTTP/1.1" 404 45741 "http://www.mariereinebenie.lasection52.com/wp-cron.php?doing_wp_cron=1779242202.1518681049346923828125" "WordPress/5.3.21; http://www.mariereinebenie.lasection52.com"
66.249.74.4 - - [20/May/2026:03:56:42 +0200] "GET /?p=391 HTTP/1.1" 301 4 "-" "Mozilla/5.0 (Linux; Android 6.0.1; Nexus 5X Build/MMB29P) AppleWebKit/537.36 (KHTML, like Gecko) Chrome/148.0.7778.96 Mobile Safari/537.36 (compatible; GoogleOther)"
66.249.74.4 - - [20/May/2026:03:56:42 +0200] "GET /2026/01/14/magical-casino-no-deposit-bonus/ HTTP/1.1" 200 64176 "-" "Mozilla/5.0 (Linux; Android 6.0.1; Nexus 5X Build/MMB29P) AppleWebKit/537.36 (KHTML, like Gecko) Chrome/148.0.7778.96 Mobile Safari/537.36 (compatible; GoogleOther)"
109.234.165.82 - - [20/May/2026:03:58:31 +0200] "POST /wp-cron.php?doing_wp_cron=1779242311.7581300735473632812500 HTTP/1.1" 404 45741 "http://www.mariereinebenie.lasection52.com/wp-cron.php?doing_wp_cron=1779242311.7581300735473632812500" "WordPress/5.3.21; http://www.mariereinebenie.lasection52.com"
66.249.74.4 - - [20/May/2026:03:58:31 +0200] "GET /?p=502 HTTP/1.1" 301 4 "-" "Mozilla/5.0 (Linux; Android 6.0.1; Nexus 5X Build/MMB29P) AppleWebKit/537.36 (KHTML, like Gecko) Chrome/148.0.7778.96 Mobile Safari/537.36 (compatible; GoogleOther)"
66.249.74.4 - - [20/May/2026:03:58:32 +0200] "GET /2026/01/14/banzai-slots-avis/ HTTP/1.1" 200 63911 "-" "Mozilla/5.0 (Linux; Android 6.0.1; Nexus 5X Build/MMB29P) AppleWebKit/537.36 (KHTML, like Gecko) Chrome/148.0.7778.96 Mobile Safari/537.36 (compatible; GoogleOther)"
66.249.74.3 - - [20/May/2026:03:58:35 +0200] "GET /?p=455 HTTP/1.1" 301 4 "-" "Mozilla/5.0 (Linux; Android 6.0.1; Nexus 5X Build/MMB29P) AppleWebKit/537.36 (KHTML, like Gecko) Chrome/148.0.7778.96 Mobile Safari/537.36 (compatible; GoogleOther)"
66.249.74.3 - - [20/May/2026:03:58:36 +0200] "GET /2026/01/14/playboom24-casino-50-free-spins/ HTTP/1.1" 200 64209 "-" "Mozilla/5.0 (Linux; Android 6.0.1; Nexus 5X Build/MMB29P) AppleWebKit/537.36 (KHTML, like Gecko) Chrome/148.0.7778.96 Mobile Safari/537.36 (compatible; GoogleOther)"
109.234.165.82 - - [20/May/2026:03:59:34 +0200] "POST /wp-cron.php?doing_wp_cron=1779242374.0515260696411132812500 HTTP/1.1" 404 45741 "http://www.mariereinebenie.lasection52.com/wp-cron.php?doing_wp_cron=1779242374.0515260696411132812500" "WordPress/5.3.21; http://www.mariereinebenie.lasection52.com"
66.249.74.2 - - [20/May/2026:03:59:34 +0200] "GET /?p=486 HTTP/1.1" 301 4 "-" "Mozilla/5.0 (Linux; Android 6.0.1; Nexus 5X Build/MMB29P) AppleWebKit/537.36 (KHTML, like Gecko) Chrome/148.0.7778.96 Mobile Safari/537.36 (compatible; GoogleOther)"
66.249.74.3 - - [20/May/2026:03:59:34 +0200] "GET /2026/01/14/liste-des-jeux-de-machines-%C3%A0-sous/ HTTP/1.1" 200 65604 "-" "Mozilla/5.0 (Linux; Android 6.0.1; Nexus 5X Build/MMB29P) AppleWebKit/537.36 (KHTML, like Gecko) Chrome/148.0.7778.96 Mobile Safari/537.36 (compatible; GoogleOther)"
