Server IP : 109.234.165.82  /  Your IP : 216.73.216.156
Web Server : Apache
System : Linux poivre.o2switch.net 4.18.0-553.32.1.lve.el8.x86_64 #1 SMP Thu Dec 19 13:14:03 UTC 2024 x86_64
User : section52 ( 1135)
PHP Version : 7.4.33
Disable Function : NONE
MySQL : OFF  |  cURL : ON  |  WGET : ON  |  Perl : ON  |  Python : ON
Directory (0750) :  /home2/section52/access-logs/

[  Home  ][  C0mmand  ][  Upload File  ]

Current File : /home2/section52/access-logs/mariereinebenie.lasection52.com
40.77.167.155 - - [20/May/2026:00:04:58 +0200] "GET /?a814985963501_html HTTP/1.1" 200 69449 "-" "Mozilla/5.0 AppleWebKit/537.36 (KHTML, like Gecko; compatible; bingbot/2.0; +http://www.bing.com/bingbot.htm) Chrome/116.0.1938.76 Safari/537.36"
40.77.167.230 - - [20/May/2026:00:05:12 +0200] "GET /?6566e76861001.html HTTP/1.1" 301 4 "-" "Mozilla/5.0 AppleWebKit/537.36 (KHTML, like Gecko; compatible; bingbot/2.0; +http://www.bing.com/bingbot.htm) Chrome/116.0.1938.76 Safari/537.36"
40.77.167.123 - - [20/May/2026:00:05:17 +0200] "GET /?014db3749004902.html HTTP/1.1" 301 4 "-" "Mozilla/5.0 AppleWebKit/537.36 (KHTML, like Gecko; compatible; bingbot/2.0; +http://www.bing.com/bingbot.htm) Chrome/116.0.1938.76 Safari/537.36"
40.77.167.123 - - [20/May/2026:00:05:17 +0200] "GET /?fa1e1216733701.html HTTP/1.1" 301 4 "-" "Mozilla/5.0 AppleWebKit/537.36 (KHTML, like Gecko; compatible; bingbot/2.0; +http://www.bing.com/bingbot.htm) Chrome/116.0.1938.76 Safari/537.36"
109.234.165.82 - - [20/May/2026:00:05:21 +0200] "POST /wp-cron.php?doing_wp_cron=1779228321.8533279895782470703125 HTTP/1.1" 404 45741 "http://www.mariereinebenie.lasection52.com/wp-cron.php?doing_wp_cron=1779228321.8533279895782470703125" "WordPress/5.3.21; http://www.mariereinebenie.lasection52.com"
40.77.167.18 - - [20/May/2026:00:05:21 +0200] "GET /?91aa343421702.html HTTP/1.1" 301 4 "-" "Mozilla/5.0 AppleWebKit/537.36 (KHTML, like Gecko; compatible; bingbot/2.0; +http://www.bing.com/bingbot.htm) Chrome/116.0.1938.76 Safari/537.36"
40.77.167.18 - - [20/May/2026:00:06:21 +0200] "GET /?912e2236519301.html HTTP/1.1" 301 4 "-" "Mozilla/5.0 AppleWebKit/537.36 (KHTML, like Gecko; compatible; bingbot/2.0; +http://www.bing.com/bingbot.htm) Chrome/116.0.1938.76 Safari/537.36"
109.234.165.82 - - [20/May/2026:00:06:22 +0200] "POST /wp-cron.php?doing_wp_cron=1779228382.0797369480133056640625 HTTP/1.1" 404 45741 "http://www.mariereinebenie.lasection52.com/wp-cron.php?doing_wp_cron=1779228382.0797369480133056640625" "WordPress/5.3.21; http://www.mariereinebenie.lasection52.com"
40.77.167.18 - - [20/May/2026:00:06:22 +0200] "GET /?ed004245576601.html HTTP/1.1" 301 4 "-" "Mozilla/5.0 AppleWebKit/537.36 (KHTML, like Gecko; compatible; bingbot/2.0; +http://www.bing.com/bingbot.htm) Chrome/116.0.1938.76 Safari/537.36"
40.77.167.123 - - [20/May/2026:00:06:24 +0200] "GET /?deb582097156602.html HTTP/1.1" 301 4 "-" "Mozilla/5.0 AppleWebKit/537.36 (KHTML, like Gecko; compatible; bingbot/2.0; +http://www.bing.com/bingbot.htm) Chrome/116.0.1938.76 Safari/537.36"
40.77.167.230 - - [20/May/2026:00:06:25 +0200] "GET /?572ce1854074902.html HTTP/1.1" 301 4 "-" "Mozilla/5.0 AppleWebKit/537.36 (KHTML, like Gecko; compatible; bingbot/2.0; +http://www.bing.com/bingbot.htm) Chrome/116.0.1938.76 Safari/537.36"
40.77.167.230 - - [20/May/2026:00:06:26 +0200] "GET /?226ba2202346802.html HTTP/1.1" 301 4 "-" "Mozilla/5.0 AppleWebKit/537.36 (KHTML, like Gecko; compatible; bingbot/2.0; +http://www.bing.com/bingbot.htm) Chrome/116.0.1938.76 Safari/537.36"
66.249.74.3 - - [20/May/2026:00:08:00 +0200] "GET /?p=728 HTTP/1.1" 301 4 "-" "Mozilla/5.0 (Linux; Android 6.0.1; Nexus 5X Build/MMB29P) AppleWebKit/537.36 (KHTML, like Gecko) Chrome/148.0.7778.96 Mobile Safari/537.36 (compatible; GoogleOther)"
66.249.74.3 - - [20/May/2026:00:08:01 +0200] "GET /2026/01/14/machine-%C3%A0-sous-en-ligne-france/ HTTP/1.1" 200 64583 "-" "Mozilla/5.0 (Linux; Android 6.0.1; Nexus 5X Build/MMB29P) AppleWebKit/537.36 (KHTML, like Gecko) Chrome/148.0.7778.96 Mobile Safari/537.36 (compatible; GoogleOther)"
40.77.167.18 - - [20/May/2026:00:09:42 +0200] "GET /?fab4e675526402.html HTTP/1.1" 301 4 "-" "Mozilla/5.0 AppleWebKit/537.36 (KHTML, like Gecko; compatible; bingbot/2.0; +http://www.bing.com/bingbot.htm) Chrome/116.0.1938.76 Safari/537.36"
40.77.167.230 - - [20/May/2026:00:09:46 +0200] "GET /?22f3a3705558602.html HTTP/1.1" 301 4 "-" "Mozilla/5.0 AppleWebKit/537.36 (KHTML, like Gecko; compatible; bingbot/2.0; +http://www.bing.com/bingbot.htm) Chrome/116.0.1938.76 Safari/537.36"
109.234.165.82 - - [20/May/2026:00:21:39 +0200] "POST /wp-cron.php?doing_wp_cron=1779229299.8265430927276611328125 HTTP/1.1" 404 45741 "http://www.mariereinebenie.lasection52.com/wp-cron.php?doing_wp_cron=1779229299.8265430927276611328125" "WordPress/5.3.21; http://www.mariereinebenie.lasection52.com"
66.249.74.3 - - [20/May/2026:00:21:39 +0200] "GET /?p=483 HTTP/1.1" 301 4 "-" "Mozilla/5.0 (Linux; Android 6.0.1; Nexus 5X Build/MMB29P) AppleWebKit/537.36 (KHTML, like Gecko) Chrome/148.0.7778.96 Mobile Safari/537.36 (compatible; GoogleOther)"
66.249.74.3 - - [20/May/2026:00:21:40 +0200] "GET /2026/01/14/slots-de-jeu-gratuits-instantan%C3%A9s/ HTTP/1.1" 200 64619 "-" "Mozilla/5.0 (Linux; Android 6.0.1; Nexus 5X Build/MMB29P) AppleWebKit/537.36 (KHTML, like Gecko) Chrome/148.0.7778.96 Mobile Safari/537.36 (compatible; GoogleOther)"
40.77.167.16 - - [20/May/2026:00:21:41 +0200] "GET /?c1cef1193206002.html HTTP/1.1" 301 4 "-" "Mozilla/5.0 AppleWebKit/537.36 (KHTML, like Gecko; compatible; bingbot/2.0; +http://www.bing.com/bingbot.htm) Chrome/116.0.1938.76 Safari/537.36"
109.234.165.82 - - [20/May/2026:00:24:02 +0200] "POST /wp-cron.php?doing_wp_cron=1779229442.5382049083709716796875 HTTP/1.1" 404 45741 "http://www.mariereinebenie.lasection52.com/wp-cron.php?doing_wp_cron=1779229442.5382049083709716796875" "WordPress/5.3.21; http://www.mariereinebenie.lasection52.com"
66.249.74.2 - - [20/May/2026:00:24:02 +0200] "GET /?p=509 HTTP/1.1" 301 4 "-" "Mozilla/5.0 (Linux; Android 6.0.1; Nexus 5X Build/MMB29P) AppleWebKit/537.36 (KHTML, like Gecko) Chrome/148.0.7778.96 Mobile Safari/537.36 (compatible; GoogleOther)"
66.249.74.4 - - [20/May/2026:00:24:04 +0200] "GET /2026/01/14/methode-efficace-roulette/ HTTP/1.1" 200 65381 "-" "Mozilla/5.0 (Linux; Android 6.0.1; Nexus 5X Build/MMB29P) AppleWebKit/537.36 (KHTML, like Gecko) Chrome/148.0.7778.96 Mobile Safari/537.36 (compatible; GoogleOther)"
66.249.74.3 - - [20/May/2026:00:24:17 +0200] "GET /?p=509 HTTP/1.1" 301 4 "-" "Mozilla/5.0 (Linux; Android 6.0.1; Nexus 5X Build/MMB29P) AppleWebKit/537.36 (KHTML, like Gecko) Chrome/148.0.7778.96 Mobile Safari/537.36 (compatible; Googlebot/2.1; +http://www.google.com/bot.html)"
66.249.74.3 - - [20/May/2026:00:24:17 +0200] "GET /2026/01/14/methode-efficace-roulette/ HTTP/1.1" 200 65381 "-" "Mozilla/5.0 (Linux; Android 6.0.1; Nexus 5X Build/MMB29P) AppleWebKit/537.36 (KHTML, like Gecko) Chrome/148.0.7778.96 Mobile Safari/537.36 (compatible; Googlebot/2.1; +http://www.google.com/bot.html)"
66.249.74.2 - - [20/May/2026:00:24:22 +0200] "GET /wp-includes/js/jquery/ui/accordion.min.js?ver=1.11.4 HTTP/1.1" 200 8562 "http://www.mariereinebenie.lasection52.com/2026/01/14/methode-efficace-roulette/" "Mozilla/5.0 (Linux; Android 6.0.1; Nexus 5X Build/MMB29P) AppleWebKit/537.36 (KHTML, like Gecko) Chrome/148.0.7778.96 Mobile Safari/537.36 (compatible; Googlebot/2.1; +http://www.google.com/bot.html)"
66.249.74.2 - - [20/May/2026:00:24:22 +0200] "GET /wp-content/themes/betheme/assets/animations/animations.min.js?ver=20.9.5.6 HTTP/1.1" 200 1896 "http://www.mariereinebenie.lasection52.com/2026/01/14/methode-efficace-roulette/" "Mozilla/5.0 (Linux; Android 6.0.1; Nexus 5X Build/MMB29P) AppleWebKit/537.36 (KHTML, like Gecko) Chrome/148.0.7778.96 Mobile Safari/537.36 (compatible; Googlebot/2.1; +http://www.google.com/bot.html)"
66.249.74.2 - - [20/May/2026:00:24:39 +0200] "GET /wp-includes/js/jquery/ui/tabs.min.js?ver=1.11.4 HTTP/1.1" 200 12012 "http://www.mariereinebenie.lasection52.com/2026/01/14/methode-efficace-roulette/" "Mozilla/5.0 (Linux; Android 6.0.1; Nexus 5X Build/MMB29P) AppleWebKit/537.36 (KHTML, like Gecko) Chrome/148.0.7778.96 Mobile Safari/537.36 (compatible; Googlebot/2.1; +http://www.google.com/bot.html)"
40.77.167.241 - - [20/May/2026:00:25:07 +0200] "GET /?aee462038227102.html HTTP/1.1" 301 4 "-" "Mozilla/5.0 AppleWebKit/537.36 (KHTML, like Gecko; compatible; bingbot/2.0; +http://www.bing.com/bingbot.htm) Chrome/116.0.1938.76 Safari/537.36"
40.77.167.16 - - [20/May/2026:00:26:04 +0200] "GET /?cec59116391001.html HTTP/1.1" 301 4 "-" "Mozilla/5.0 AppleWebKit/537.36 (KHTML, like Gecko; compatible; bingbot/2.0; +http://www.bing.com/bingbot.htm) Chrome/116.0.1938.76 Safari/537.36"
109.234.165.82 - - [20/May/2026:00:26:04 +0200] "POST /wp-cron.php?doing_wp_cron=1779229564.4058339595794677734375 HTTP/1.1" 404 45741 "http://www.mariereinebenie.lasection52.com/wp-cron.php?doing_wp_cron=1779229564.4058339595794677734375" "WordPress/5.3.21; http://www.mariereinebenie.lasection52.com"
40.77.167.16 - - [20/May/2026:00:26:04 +0200] "GET /?bc68e3614635802.html HTTP/1.1" 301 4 "-" "Mozilla/5.0 AppleWebKit/537.36 (KHTML, like Gecko; compatible; bingbot/2.0; +http://www.bing.com/bingbot.htm) Chrome/116.0.1938.76 Safari/537.36"
40.77.167.16 - - [20/May/2026:00:26:04 +0200] "GET /?962ee901368502.html HTTP/1.1" 301 4 "-" "Mozilla/5.0 AppleWebKit/537.36 (KHTML, like Gecko; compatible; bingbot/2.0; +http://www.bing.com/bingbot.htm) Chrome/116.0.1938.76 Safari/537.36"
66.249.74.3 - - [20/May/2026:00:26:12 +0200] "GET /?p=418 HTTP/1.1" 301 4 "-" "Mozilla/5.0 (Linux; Android 6.0.1; Nexus 5X Build/MMB29P) AppleWebKit/537.36 (KHTML, like Gecko) Chrome/148.0.7778.96 Mobile Safari/537.36 (compatible; GoogleOther)"
66.249.74.4 - - [20/May/2026:00:26:13 +0200] "GET /2026/01/14/comment-jouer-%C3%A0-slot-machines-au-casino/ HTTP/1.1" 200 64084 "-" "Mozilla/5.0 (Linux; Android 6.0.1; Nexus 5X Build/MMB29P) AppleWebKit/537.36 (KHTML, like Gecko) Chrome/148.0.7778.96 Mobile Safari/537.36 (compatible; GoogleOther)"
66.249.74.2 - - [20/May/2026:00:26:13 +0200] "GET /?p=431 HTTP/1.1" 301 4 "-" "Mozilla/5.0 (Linux; Android 6.0.1; Nexus 5X Build/MMB29P) AppleWebKit/537.36 (KHTML, like Gecko) Chrome/148.0.7778.96 Mobile Safari/537.36 (compatible; GoogleOther)"
66.249.74.3 - - [20/May/2026:00:26:14 +0200] "GET /2026/01/14/les-casinos-de-jeux/ HTTP/1.1" 200 65605 "-" "Mozilla/5.0 (Linux; Android 6.0.1; Nexus 5X Build/MMB29P) AppleWebKit/537.36 (KHTML, like Gecko) Chrome/148.0.7778.96 Mobile Safari/537.36 (compatible; GoogleOther)"
66.249.74.3 - - [20/May/2026:00:26:28 +0200] "GET /2026/01/14/les-casinos-de-jeux/ HTTP/1.1" 200 65605 "-" "Mozilla/5.0 (Linux; Android 6.0.1; Nexus 5X Build/MMB29P) AppleWebKit/537.36 (KHTML, like Gecko) Chrome/148.0.7778.96 Mobile Safari/537.36 (compatible; Googlebot/2.1; +http://www.google.com/bot.html)"
109.234.165.82 - - [20/May/2026:00:32:06 +0200] "POST /wp-cron.php?doing_wp_cron=1779229926.2423429489135742187500 HTTP/1.1" 404 45741 "http://www.mariereinebenie.lasection52.com/wp-cron.php?doing_wp_cron=1779229926.2423429489135742187500" "WordPress/5.3.21; http://www.mariereinebenie.lasection52.com"
66.249.74.4 - - [20/May/2026:00:32:06 +0200] "GET /?p=498 HTTP/1.1" 301 4 "-" "Mozilla/5.0 (Linux; Android 6.0.1; Nexus 5X Build/MMB29P) AppleWebKit/537.36 (KHTML, like Gecko) Chrome/148.0.7778.96 Mobile Safari/537.36 (compatible; GoogleOther)"
66.249.74.3 - - [20/May/2026:00:32:06 +0200] "GET /2026/01/14/r%C3%A8glement-de-la-roulette-au-casino/ HTTP/1.1" 200 64570 "-" "Mozilla/5.0 (Linux; Android 6.0.1; Nexus 5X Build/MMB29P) AppleWebKit/537.36 (KHTML, like Gecko) Chrome/148.0.7778.96 Mobile Safari/537.36 (compatible; GoogleOther)"
66.249.74.3 - - [20/May/2026:00:33:01 +0200] "GET /?p=544 HTTP/1.1" 301 4 "-" "Mozilla/5.0 (Linux; Android 6.0.1; Nexus 5X Build/MMB29P) AppleWebKit/537.36 (KHTML, like Gecko) Chrome/148.0.7778.96 Mobile Safari/537.36 (compatible; GoogleOther)"
66.249.74.3 - - [20/May/2026:00:33:02 +0200] "GET /2026/01/14/bonus-de-casino-no-pari/ HTTP/1.1" 200 64968 "-" "Mozilla/5.0 (Linux; Android 6.0.1; Nexus 5X Build/MMB29P) AppleWebKit/537.36 (KHTML, like Gecko) Chrome/148.0.7778.96 Mobile Safari/537.36 (compatible; GoogleOther)"
109.234.165.82 - - [20/May/2026:00:36:37 +0200] "POST /wp-cron.php?doing_wp_cron=1779230197.3466229438781738281250 HTTP/1.1" 404 45741 "http://www.mariereinebenie.lasection52.com/wp-cron.php?doing_wp_cron=1779230197.3466229438781738281250" "WordPress/5.3.21; http://www.mariereinebenie.lasection52.com"
66.249.74.2 - - [20/May/2026:00:36:37 +0200] "GET /?p=522 HTTP/1.1" 301 4 "-" "Mozilla/5.0 (Linux; Android 6.0.1; Nexus 5X Build/MMB29P) AppleWebKit/537.36 (KHTML, like Gecko) Chrome/148.0.7778.96 Mobile Safari/537.36 (compatible; GoogleOther)"
66.249.74.4 - - [20/May/2026:00:36:37 +0200] "GET /2026/01/14/sim-slots-casino-gratuits/ HTTP/1.1" 200 64557 "-" "Mozilla/5.0 (Linux; Android 6.0.1; Nexus 5X Build/MMB29P) AppleWebKit/537.36 (KHTML, like Gecko) Chrome/148.0.7778.96 Mobile Safari/537.36 (compatible; GoogleOther)"
66.249.74.2 - - [20/May/2026:00:36:49 +0200] "GET /?p=522 HTTP/1.1" 301 4 "-" "Mozilla/5.0 (Linux; Android 6.0.1; Nexus 5X Build/MMB29P) AppleWebKit/537.36 (KHTML, like Gecko) Chrome/148.0.7778.96 Mobile Safari/537.36 (compatible; Googlebot/2.1; +http://www.google.com/bot.html)"
66.249.74.3 - - [20/May/2026:00:36:50 +0200] "GET /2026/01/14/sim-slots-casino-gratuits/ HTTP/1.1" 200 64557 "-" "Mozilla/5.0 (Linux; Android 6.0.1; Nexus 5X Build/MMB29P) AppleWebKit/537.36 (KHTML, like Gecko) Chrome/148.0.7778.96 Mobile Safari/537.36 (compatible; Googlebot/2.1; +http://www.google.com/bot.html)"
66.249.74.4 - - [20/May/2026:00:37:34 +0200] "GET /?p=622 HTTP/1.1" 301 4 "-" "Mozilla/5.0 (Linux; Android 6.0.1; Nexus 5X Build/MMB29P) AppleWebKit/537.36 (KHTML, like Gecko) Chrome/148.0.7778.96 Mobile Safari/537.36 (compatible; GoogleOther)"
66.249.74.2 - - [20/May/2026:00:37:35 +0200] "GET /2026/01/14/comment-jouer-%C3%A0-la-roulette-dans-des-casinos/ HTTP/1.1" 200 64556 "-" "Mozilla/5.0 (Linux; Android 6.0.1; Nexus 5X Build/MMB29P) AppleWebKit/537.36 (KHTML, like Gecko) Chrome/148.0.7778.96 Mobile Safari/537.36 (compatible; GoogleOther)"
109.234.165.82 - - [20/May/2026:00:39:50 +0200] "POST /wp-cron.php?doing_wp_cron=1779230390.9870250225067138671875 HTTP/1.1" 404 45741 "http://www.mariereinebenie.lasection52.com/wp-cron.php?doing_wp_cron=1779230390.9870250225067138671875" "WordPress/5.3.21; http://www.mariereinebenie.lasection52.com"
66.249.74.2 - - [20/May/2026:00:39:50 +0200] "GET /author/ HTTP/1.1" 404 45741 "-" "Mozilla/5.0 (Linux; Android 6.0.1; Nexus 5X Build/MMB29P) AppleWebKit/537.36 (KHTML, like Gecko) Chrome/148.0.7778.96 Mobile Safari/537.36 (compatible; GoogleOther)"
66.249.74.2 - - [20/May/2026:00:40:05 +0200] "GET /?p=810 HTTP/1.1" 301 4 "-" "Mozilla/5.0 (Linux; Android 6.0.1; Nexus 5X Build/MMB29P) AppleWebKit/537.36 (KHTML, like Gecko) Chrome/148.0.7778.96 Mobile Safari/537.36 (compatible; GoogleOther)"
66.249.74.3 - - [20/May/2026:00:40:06 +0200] "GET /2026/01/14/site-de-casino-en-ligne-fiable/ HTTP/1.1" 200 63059 "-" "Mozilla/5.0 (Linux; Android 6.0.1; Nexus 5X Build/MMB29P) AppleWebKit/537.36 (KHTML, like Gecko) Chrome/148.0.7778.96 Mobile Safari/537.36 (compatible; GoogleOther)"
66.249.74.4 - - [20/May/2026:00:42:07 +0200] "GET /?p=490 HTTP/1.1" 301 4 "-" "Mozilla/5.0 (Linux; Android 6.0.1; Nexus 5X Build/MMB29P) AppleWebKit/537.36 (KHTML, like Gecko) Chrome/148.0.7778.96 Mobile Safari/537.36 (compatible; GoogleOther)"
66.249.74.2 - - [20/May/2026:00:42:08 +0200] "GET /2026/01/14/sites-d-%C3%A9valuation-de-casino-en-ligne/ HTTP/1.1" 200 64718 "-" "Mozilla/5.0 (Linux; Android 6.0.1; Nexus 5X Build/MMB29P) AppleWebKit/537.36 (KHTML, like Gecko) Chrome/148.0.7778.96 Mobile Safari/537.36 (compatible; GoogleOther)"
109.234.165.82 - - [20/May/2026:00:42:59 +0200] "POST /wp-cron.php?doing_wp_cron=1779230579.0288629531860351562500 HTTP/1.1" 404 45741 "http://www.mariereinebenie.lasection52.com/wp-cron.php?doing_wp_cron=1779230579.0288629531860351562500" "WordPress/5.3.21; http://www.mariereinebenie.lasection52.com"
66.249.74.2 - - [20/May/2026:00:42:58 +0200] "GET /?p=810 HTTP/1.1" 301 4 "-" "Mozilla/5.0 (Linux; Android 6.0.1; Nexus 5X Build/MMB29P) AppleWebKit/537.36 (KHTML, like Gecko) Chrome/148.0.7778.96 Mobile Safari/537.36 (compatible; Googlebot/2.1; +http://www.google.com/bot.html)"
66.249.74.2 - - [20/May/2026:00:42:59 +0200] "GET /2026/01/14/site-de-casino-en-ligne-fiable/ HTTP/1.1" 200 63059 "-" "Mozilla/5.0 (Linux; Android 6.0.1; Nexus 5X Build/MMB29P) AppleWebKit/537.36 (KHTML, like Gecko) Chrome/148.0.7778.96 Mobile Safari/537.36 (compatible; Googlebot/2.1; +http://www.google.com/bot.html)"
40.77.167.159 - - [20/May/2026:00:45:05 +0200] "GET /?0532f499230701.html HTTP/1.1" 301 4 "-" "Mozilla/5.0 AppleWebKit/537.36 (KHTML, like Gecko; compatible; bingbot/2.0; +http://www.bing.com/bingbot.htm) Chrome/116.0.1938.76 Safari/537.36"
40.77.167.159 - - [20/May/2026:00:45:06 +0200] "GET /?8217b231896401.html HTTP/1.1" 301 4 "-" "Mozilla/5.0 AppleWebKit/537.36 (KHTML, like Gecko; compatible; bingbot/2.0; +http://www.bing.com/bingbot.htm) Chrome/116.0.1938.76 Safari/537.36"
40.77.167.159 - - [20/May/2026:00:45:06 +0200] "GET /?dbbde149058202.html HTTP/1.1" 301 4 "-" "Mozilla/5.0 AppleWebKit/537.36 (KHTML, like Gecko; compatible; bingbot/2.0; +http://www.bing.com/bingbot.htm) Chrome/116.0.1938.76 Safari/537.36"
40.77.167.159 - - [20/May/2026:00:45:06 +0200] "GET /?575ea389706101.html HTTP/1.1" 301 4 "-" "Mozilla/5.0 AppleWebKit/537.36 (KHTML, like Gecko; compatible; bingbot/2.0; +http://www.bing.com/bingbot.htm) Chrome/116.0.1938.76 Safari/537.36"
40.77.167.159 - - [20/May/2026:00:45:06 +0200] "GET /?037d42448035702.html HTTP/1.1" 301 4 "-" "Mozilla/5.0 AppleWebKit/537.36 (KHTML, like Gecko; compatible; bingbot/2.0; +http://www.bing.com/bingbot.htm) Chrome/116.0.1938.76 Safari/537.36"
109.234.165.82 - - [20/May/2026:00:49:19 +0200] "POST /wp-cron.php?doing_wp_cron=1779230959.9249091148376464843750 HTTP/1.1" 404 45741 "http://www.mariereinebenie.lasection52.com/wp-cron.php?doing_wp_cron=1779230959.9249091148376464843750" "WordPress/5.3.21; http://www.mariereinebenie.lasection52.com"
40.77.167.123 - - [20/May/2026:00:49:19 +0200] "GET /?69430346815702.html HTTP/1.1" 301 4 "-" "Mozilla/5.0 AppleWebKit/537.36 (KHTML, like Gecko; compatible; bingbot/2.0; +http://www.bing.com/bingbot.htm) Chrome/116.0.1938.76 Safari/537.36"
40.77.167.123 - - [20/May/2026:00:51:01 +0200] "GET /?cd3f43374312102.html HTTP/1.1" 301 4 "-" "Mozilla/5.0 AppleWebKit/537.36 (KHTML, like Gecko; compatible; bingbot/2.0; +http://www.bing.com/bingbot.htm) Chrome/116.0.1938.76 Safari/537.36"
40.77.167.123 - - [20/May/2026:00:51:01 +0200] "GET /?afd7795792101.html HTTP/1.1" 301 4 "-" "Mozilla/5.0 AppleWebKit/537.36 (KHTML, like Gecko; compatible; bingbot/2.0; +http://www.bing.com/bingbot.htm) Chrome/116.0.1938.76 Safari/537.36"
109.234.165.82 - - [20/May/2026:00:52:26 +0200] "POST /wp-cron.php?doing_wp_cron=1779231146.1114449501037597656250 HTTP/1.1" 404 45741 "http://www.mariereinebenie.lasection52.com/wp-cron.php?doing_wp_cron=1779231146.1114449501037597656250" "WordPress/5.3.21; http://www.mariereinebenie.lasection52.com"
40.77.167.61 - - [20/May/2026:00:52:26 +0200] "GET /?36f47127505502.html HTTP/1.1" 301 4 "-" "Mozilla/5.0 AppleWebKit/537.36 (KHTML, like Gecko; compatible; bingbot/2.0; +http://www.bing.com/bingbot.htm) Chrome/116.0.1938.76 Safari/537.36"
40.77.167.152 - - [20/May/2026:00:54:40 +0200] "GET /?24f7c481353402.html HTTP/1.1" 301 4 "-" "Mozilla/5.0 AppleWebKit/537.36 (KHTML, like Gecko; compatible; bingbot/2.0; +http://www.bing.com/bingbot.htm) Chrome/116.0.1938.76 Safari/537.36"
40.77.167.41 - - [20/May/2026:00:55:30 +0200] "GET /?784de348640301.html HTTP/1.1" 301 4 "-" "Mozilla/5.0 AppleWebKit/537.36 (KHTML, like Gecko; compatible; bingbot/2.0; +http://www.bing.com/bingbot.htm) Chrome/116.0.1938.76 Safari/537.36"
109.234.165.82 - - [20/May/2026:00:55:37 +0200] "POST /wp-cron.php?doing_wp_cron=1779231337.8738610744476318359375 HTTP/1.1" 404 45741 "http://www.mariereinebenie.lasection52.com/wp-cron.php?doing_wp_cron=1779231337.8738610744476318359375" "WordPress/5.3.21; http://www.mariereinebenie.lasection52.com"
40.77.167.123 - - [20/May/2026:00:55:37 +0200] "GET /?45253409770001.html HTTP/1.1" 301 4 "-" "Mozilla/5.0 AppleWebKit/537.36 (KHTML, like Gecko; compatible; bingbot/2.0; +http://www.bing.com/bingbot.htm) Chrome/116.0.1938.76 Safari/537.36"
40.77.167.123 - - [20/May/2026:00:55:42 +0200] "GET /?ef8c32077531602.html HTTP/1.1" 301 4 "-" "Mozilla/5.0 AppleWebKit/537.36 (KHTML, like Gecko; compatible; bingbot/2.0; +http://www.bing.com/bingbot.htm) Chrome/116.0.1938.76 Safari/537.36"
66.249.74.3 - - [20/May/2026:00:55:45 +0200] "GET /?p=547 HTTP/1.1" 301 4 "-" "Mozilla/5.0 (Linux; Android 6.0.1; Nexus 5X Build/MMB29P) AppleWebKit/537.36 (KHTML, like Gecko) Chrome/148.0.7778.96 Mobile Safari/537.36 (compatible; GoogleOther)"
66.249.74.3 - - [20/May/2026:00:55:47 +0200] "GET /2026/01/14/casino-en-ligne-acceptant-inpay-en-france/ HTTP/1.1" 200 65221 "-" "Mozilla/5.0 (Linux; Android 6.0.1; Nexus 5X Build/MMB29P) AppleWebKit/537.36 (KHTML, like Gecko) Chrome/148.0.7778.96 Mobile Safari/537.36 (compatible; GoogleOther)"
109.234.165.82 - - [20/May/2026:00:57:38 +0200] "POST /wp-cron.php?doing_wp_cron=1779231458.8451170921325683593750 HTTP/1.1" 404 45741 "http://www.mariereinebenie.lasection52.com/wp-cron.php?doing_wp_cron=1779231458.8451170921325683593750" "WordPress/5.3.21; http://www.mariereinebenie.lasection52.com"
40.77.167.123 - - [20/May/2026:00:57:38 +0200] "GET /?692e098272701.html HTTP/1.1" 301 4 "-" "Mozilla/5.0 AppleWebKit/537.36 (KHTML, like Gecko; compatible; bingbot/2.0; +http://www.bing.com/bingbot.htm) Chrome/116.0.1938.76 Safari/537.36"
40.77.167.123 - - [20/May/2026:00:57:39 +0200] "GET /?993f1287954701.html HTTP/1.1" 301 4 "-" "Mozilla/5.0 AppleWebKit/537.36 (KHTML, like Gecko; compatible; bingbot/2.0; +http://www.bing.com/bingbot.htm) Chrome/116.0.1938.76 Safari/537.36"
66.249.74.3 - - [20/May/2026:01:00:18 +0200] "GET /?p=394 HTTP/1.1" 301 4 "-" "Mozilla/5.0 (Linux; Android 6.0.1; Nexus 5X Build/MMB29P) AppleWebKit/537.36 (KHTML, like Gecko) Chrome/148.0.7778.96 Mobile Safari/537.36 (compatible; GoogleOther)"
66.249.74.3 - - [20/May/2026:01:00:20 +0200] "GET /2026/01/14/jouer-au-nouvelles-machines-%C3%A0-sous-gratuitsment/ HTTP/1.1" 200 65018 "-" "Mozilla/5.0 (Linux; Android 6.0.1; Nexus 5X Build/MMB29P) AppleWebKit/537.36 (KHTML, like Gecko) Chrome/148.0.7778.96 Mobile Safari/537.36 (compatible; GoogleOther)"
109.234.165.82 - - [20/May/2026:01:01:31 +0200] "POST /wp-cron.php?doing_wp_cron=1779231691.4538431167602539062500 HTTP/1.1" 404 45741 "http://www.mariereinebenie.lasection52.com/wp-cron.php?doing_wp_cron=1779231691.4538431167602539062500" "WordPress/5.3.21; http://www.mariereinebenie.lasection52.com"
66.249.74.4 - - [20/May/2026:01:01:31 +0200] "GET /?p=385 HTTP/1.1" 301 4 "-" "Mozilla/5.0 (Linux; Android 6.0.1; Nexus 5X Build/MMB29P) AppleWebKit/537.36 (KHTML, like Gecko) Chrome/148.0.7778.96 Mobile Safari/537.36 (compatible; GoogleOther)"
66.249.74.3 - - [20/May/2026:01:01:32 +0200] "GET /2026/01/14/les-gains-des-casinos/ HTTP/1.1" 200 64093 "-" "Mozilla/5.0 (Linux; Android 6.0.1; Nexus 5X Build/MMB29P) AppleWebKit/537.36 (KHTML, like Gecko) Chrome/148.0.7778.96 Mobile Safari/537.36 (compatible; GoogleOther)"
52.167.144.170 - - [20/May/2026:01:03:21 +0200] "GET /?7157e277337001.html HTTP/1.1" 301 4 "-" "Mozilla/5.0 AppleWebKit/537.36 (KHTML, like Gecko; compatible; bingbot/2.0; +http://www.bing.com/bingbot.htm) Chrome/116.0.1938.76 Safari/537.36"
40.77.167.123 - - [20/May/2026:01:03:29 +0200] "GET /?cfc3d408134201.html HTTP/1.1" 301 4 "-" "Mozilla/5.0 AppleWebKit/537.36 (KHTML, like Gecko; compatible; bingbot/2.0; +http://www.bing.com/bingbot.htm) Chrome/116.0.1938.76 Safari/537.36"
13.208.240.89 - - [20/May/2026:01:03:32 +0200] "GET /?p=2100 HTTP/1.1" 301 4 "-" "Mozilla/5.0 (Macintosh; Intel Mac OS X 10_10_5) AppleWebKit/537.36 (KHTML, like Gecko) Chrome/65.0.3325.162 Safari/537.36"
13.208.240.89 - - [20/May/2026:01:03:33 +0200] "GET /2026/01/14/r%C3%A9sultats-keno-ce-soir/ HTTP/1.1" 200 66032 "-" "Mozilla/5.0 (Macintosh; Intel Mac OS X 10_10_5) AppleWebKit/537.36 (KHTML, like Gecko) Chrome/65.0.3325.162 Safari/537.36"
54.193.179.114 - - [20/May/2026:01:03:33 +0200] "GET /?p=370 HTTP/1.1" 301 4 "-" "Mozilla/5.0 (Windows NT 10.0; WOW64; Trident/7.0; MALCJS; rv:11.0) like Gecko"
54.193.179.114 - - [20/May/2026:01:03:34 +0200] "GET /2026/01/14/tirage-keno-jeudi-midi/ HTTP/1.1" 200 66343 "-" "Mozilla/5.0 (Windows NT 10.0; WOW64; Trident/7.0; MALCJS; rv:11.0) like Gecko"
66.90.98.146 - - [20/May/2026:01:03:35 +0200] "GET /?p=2793 HTTP/1.1" 301 4 "-" "Mozilla/5.0 (Macintosh; Intel Mac OS X 10_13_4) AppleWebKit/537.36 (KHTML, like Gecko) Chrome/65.0.3325.181 Safari/537.36"
66.249.74.2 - - [20/May/2026:01:03:36 +0200] "GET /?p=360 HTTP/1.1" 301 4 "-" "Mozilla/5.0 (Linux; Android 6.0.1; Nexus 5X Build/MMB29P) AppleWebKit/537.36 (KHTML, like Gecko) Chrome/148.0.7778.96 Mobile Safari/537.36 (compatible; GoogleOther)"
107.174.154.237 - - [20/May/2026:01:03:36 +0200] "GET /?p=6214 HTTP/1.1" 301 4 "-" "Mozilla/5.0 (Windows NT 6.1) AppleWebKit/537.36 (KHTML, like Gecko) Chrome/66.0.3359.181 Safari/537.36"
66.249.74.2 - - [20/May/2026:01:03:37 +0200] "GET /?p=432 HTTP/1.1" 301 4 "-" "Mozilla/5.0 (Linux; Android 6.0.1; Nexus 5X Build/MMB29P) AppleWebKit/537.36 (KHTML, like Gecko) Chrome/148.0.7778.96 Mobile Safari/537.36 (compatible; GoogleOther)"
107.174.154.237 - - [20/May/2026:01:03:37 +0200] "GET /2026/01/14/casino-gratuits-avec-emplacements-bonus/ HTTP/1.1" 200 65504 "-" "Mozilla/5.0 (Windows NT 6.1) AppleWebKit/537.36 (KHTML, like Gecko) Chrome/66.0.3359.181 Safari/537.36"
66.90.98.146 - - [20/May/2026:01:03:40 +0200] "GET /2026/01/14/sites-s%C3%A9curis%C3%A9s-pour-machines-%C3%A0-sous/ HTTP/1.1" 200 66934 "-" "Mozilla/5.0 (Macintosh; Intel Mac OS X 10_13_4) AppleWebKit/537.36 (KHTML, like Gecko) Chrome/65.0.3325.181 Safari/537.36"
66.249.74.3 - - [20/May/2026:01:03:42 +0200] "GET /2026/01/14/casino-machine-%C3%A0-sous-lacaune/ HTTP/1.1" 200 64669 "-" "Mozilla/5.0 (Linux; Android 6.0.1; Nexus 5X Build/MMB29P) AppleWebKit/537.36 (KHTML, like Gecko) Chrome/148.0.7778.96 Mobile Safari/537.36 (compatible; GoogleOther)"
66.249.74.3 - - [20/May/2026:01:03:43 +0200] "GET /2026/01/14/bonus-de-bienvenue-no-d%C3%A9p%C3%B4t-casino-en-ligne/ HTTP/1.1" 200 64812 "-" "Mozilla/5.0 (Linux; Android 6.0.1; Nexus 5X Build/MMB29P) AppleWebKit/537.36 (KHTML, like Gecko) Chrome/148.0.7778.96 Mobile Safari/537.36 (compatible; GoogleOther)"
66.249.74.2 - - [20/May/2026:01:03:54 +0200] "GET /?p=432 HTTP/1.1" 301 4 "-" "Mozilla/5.0 (Linux; Android 6.0.1; Nexus 5X Build/MMB29P) AppleWebKit/537.36 (KHTML, like Gecko) Chrome/148.0.7778.96 Mobile Safari/537.36 (compatible; Googlebot/2.1; +http://www.google.com/bot.html)"
66.249.74.2 - - [20/May/2026:01:03:54 +0200] "GET /2026/01/14/bonus-de-bienvenue-no-d%C3%A9p%C3%B4t-casino-en-ligne/ HTTP/1.1" 200 64812 "-" "Mozilla/5.0 (Linux; Android 6.0.1; Nexus 5X Build/MMB29P) AppleWebKit/537.36 (KHTML, like Gecko) Chrome/148.0.7778.96 Mobile Safari/537.36 (compatible; Googlebot/2.1; +http://www.google.com/bot.html)"
109.234.165.82 - - [20/May/2026:01:04:30 +0200] "POST /wp-cron.php?doing_wp_cron=1779231870.8476979732513427734375 HTTP/1.1" 404 45741 "http://www.mariereinebenie.lasection52.com/wp-cron.php?doing_wp_cron=1779231870.8476979732513427734375" "WordPress/5.3.21; http://www.mariereinebenie.lasection52.com"
195.133.27.101 - - [20/May/2026:01:04:30 +0200] "GET /?p=2698 HTTP/1.1" 301 4 "-" "Mozilla/5.0 (Windows NT 6.1; WOW64; Trident/7.0; BOIE9;ENUS; rv:11.0) like Gecko"
195.133.27.101 - - [20/May/2026:01:04:31 +0200] "GET /2026/01/14/casinos-de-l-argent-r%C3%A9el-pas-de-bonus-de-d%C3%A9p%C3%B4t/ HTTP/1.1" 200 66299 "-" "Mozilla/5.0 (Windows NT 6.1; WOW64; Trident/7.0; BOIE9;ENUS; rv:11.0) like Gecko"
183.110.216.129 - - [20/May/2026:01:04:50 +0200] "GET /?p=2100 HTTP/1.1" 301 4 "https://google.com" "Mozilla/4.0 (compatible; MSIE 7.0; Windows NT 6.2; WOW64; Trident/7.0; .NET4.0E; .NET4.0C; Tablet PC 2.0; .NET CLR 3.5.30729; .NET CLR 2.0.50727; .NET CLR 3.0.30729; WebMoney Advisor)"
13.125.150.155 - - [20/May/2026:01:04:54 +0200] "GET /?p=370 HTTP/1.1" 301 4 "https://google.com" "Mozilla/5.0 (Windows NT 6.2; ARM; Trident/7.0; Touch; rv:11.0; WPDesktop; NOKIA; Lumia 520) like Gecko"
183.110.216.129 - - [20/May/2026:01:04:54 +0200] "GET /2026/01/14/r%C3%A9sultats-keno-ce-soir/ HTTP/1.1" 200 66032 "https://google.com" "Mozilla/4.0 (compatible; MSIE 7.0; Windows NT 6.2; WOW64; Trident/7.0; .NET4.0E; .NET4.0C; Tablet PC 2.0; .NET CLR 3.5.30729; .NET CLR 2.0.50727; .NET CLR 3.0.30729; WebMoney Advisor)"
13.125.150.155 - - [20/May/2026:01:04:55 +0200] "GET /2026/01/14/tirage-keno-jeudi-midi/ HTTP/1.1" 200 66343 "https://google.com" "Mozilla/5.0 (Windows NT 6.2; ARM; Trident/7.0; Touch; rv:11.0; WPDesktop; NOKIA; Lumia 520) like Gecko"
49.245.63.150 - - [20/May/2026:01:04:57 +0200] "GET /?p=2100 HTTP/1.1" 301 4 "https://google.com" "Mozilla/4.0 (compatible; MSIE 7.0; Windows NT 6.2; WOW64; Trident/7.0; .NET4.0E; .NET4.0C; Tablet PC 2.0; .NET CLR 3.5.30729; .NET CLR 2.0.50727; .NET CLR 3.0.30729; WebMoney Advisor)"
212.135.214.5 - - [20/May/2026:01:04:57 +0200] "GET /?p=370 HTTP/1.1" 301 4 "https://google.com" "Mozilla/5.0 (Windows NT 6.2; ARM; Trident/7.0; Touch; rv:11.0; WPDesktop; NOKIA; Lumia 520) like Gecko"
49.245.63.150 - - [20/May/2026:01:04:58 +0200] "GET /2026/01/14/r%C3%A9sultats-keno-ce-soir/ HTTP/1.1" 200 66032 "https://google.com" "Mozilla/4.0 (compatible; MSIE 7.0; Windows NT 6.2; WOW64; Trident/7.0; .NET4.0E; .NET4.0C; Tablet PC 2.0; .NET CLR 3.5.30729; .NET CLR 2.0.50727; .NET CLR 3.0.30729; WebMoney Advisor)"
166.88.96.108 - - [20/May/2026:01:05:01 +0200] "GET /?p=6214 HTTP/1.1" 301 4 "https://google.com" "Mozilla/4.0 (compatible; MSIE 7.0; Windows NT 6.3; WOW64; Trident/7.0; Touch; .NET4.0E; .NET4.0C; .NET CLR 3.5.30729; .NET CLR 2.0.50727; .NET CLR 3.0.30729; Tablet PC 2.0)"
212.135.214.5 - - [20/May/2026:01:05:01 +0200] "GET /2026/01/14/tirage-keno-jeudi-midi/ HTTP/1.1" 200 66343 "https://google.com" "Mozilla/5.0 (Windows NT 6.2; ARM; Trident/7.0; Touch; rv:11.0; WPDesktop; NOKIA; Lumia 520) like Gecko"
125.230.235.150 - - [20/May/2026:01:05:01 +0200] "GET /?p=2100 HTTP/1.1" 301 4 "https://google.com" "Mozilla/4.0 (compatible; MSIE 7.0; Windows NT 6.2; WOW64; Trident/7.0; .NET4.0E; .NET4.0C; Tablet PC 2.0; .NET CLR 3.5.30729; .NET CLR 2.0.50727; .NET CLR 3.0.30729; WebMoney Advisor)"
166.88.96.108 - - [20/May/2026:01:05:02 +0200] "GET /2026/01/14/casino-gratuits-avec-emplacements-bonus/ HTTP/1.1" 200 65504 "https://google.com" "Mozilla/4.0 (compatible; MSIE 7.0; Windows NT 6.3; WOW64; Trident/7.0; Touch; .NET4.0E; .NET4.0C; .NET CLR 3.5.30729; .NET CLR 2.0.50727; .NET CLR 3.0.30729; Tablet PC 2.0)"
15.237.124.115 - - [20/May/2026:01:05:03 +0200] "GET /?p=6214 HTTP/1.1" 301 4 "https://google.com" "Mozilla/4.0 (compatible; MSIE 7.0; Windows NT 6.3; WOW64; Trident/7.0; Touch; .NET4.0E; .NET4.0C; .NET CLR 3.5.30729; .NET CLR 2.0.50727; .NET CLR 3.0.30729; Tablet PC 2.0)"
13.57.222.173 - - [20/May/2026:01:05:03 +0200] "GET /?p=370 HTTP/1.1" 301 4 "https://google.com" "Mozilla/5.0 (Windows NT 6.2; ARM; Trident/7.0; Touch; rv:11.0; WPDesktop; NOKIA; Lumia 520) like Gecko"
15.237.124.115 - - [20/May/2026:01:05:03 +0200] "GET /2026/01/14/casino-gratuits-avec-emplacements-bonus/ HTTP/1.1" 200 65504 "https://google.com" "Mozilla/4.0 (compatible; MSIE 7.0; Windows NT 6.3; WOW64; Trident/7.0; Touch; .NET4.0E; .NET4.0C; .NET CLR 3.5.30729; .NET CLR 2.0.50727; .NET CLR 3.0.30729; Tablet PC 2.0)"
125.230.235.150 - - [20/May/2026:01:05:03 +0200] "GET /2026/01/14/r%C3%A9sultats-keno-ce-soir/ HTTP/1.1" 200 66032 "https://google.com" "Mozilla/4.0 (compatible; MSIE 7.0; Windows NT 6.2; WOW64; Trident/7.0; .NET4.0E; .NET4.0C; Tablet PC 2.0; .NET CLR 3.5.30729; .NET CLR 2.0.50727; .NET CLR 3.0.30729; WebMoney Advisor)"
13.57.33.128 - - [20/May/2026:01:05:03 +0200] "GET /?p=6214 HTTP/1.1" 301 4 "https://google.com" "Mozilla/4.0 (compatible; MSIE 7.0; Windows NT 6.3; WOW64; Trident/7.0; Touch; .NET4.0E; .NET4.0C; .NET CLR 3.5.30729; .NET CLR 2.0.50727; .NET CLR 3.0.30729; Tablet PC 2.0)"
13.57.222.173 - - [20/May/2026:01:05:03 +0200] "GET /2026/01/14/tirage-keno-jeudi-midi/ HTTP/1.1" 200 66343 "https://google.com" "Mozilla/5.0 (Windows NT 6.2; ARM; Trident/7.0; Touch; rv:11.0; WPDesktop; NOKIA; Lumia 520) like Gecko"
13.57.33.128 - - [20/May/2026:01:05:04 +0200] "GET /2026/01/14/casino-gratuits-avec-emplacements-bonus/ HTTP/1.1" 200 65504 "https://google.com" "Mozilla/4.0 (compatible; MSIE 7.0; Windows NT 6.3; WOW64; Trident/7.0; Touch; .NET4.0E; .NET4.0C; .NET CLR 3.5.30729; .NET CLR 2.0.50727; .NET CLR 3.0.30729; Tablet PC 2.0)"
104.28.152.129 - - [20/May/2026:01:05:05 +0200] "GET /?p=2100 HTTP/1.1" 301 4 "https://google.com" "Mozilla/4.0 (compatible; MSIE 7.0; Windows NT 6.2; WOW64; Trident/7.0; .NET4.0E; .NET4.0C; Tablet PC 2.0; .NET CLR 3.5.30729; .NET CLR 2.0.50727; .NET CLR 3.0.30729; WebMoney Advisor)"
103.231.12.249 - - [20/May/2026:01:05:05 +0200] "GET /?p=370 HTTP/1.1" 301 4 "https://google.com" "Mozilla/5.0 (Windows NT 6.2; ARM; Trident/7.0; Touch; rv:11.0; WPDesktop; NOKIA; Lumia 520) like Gecko"
104.28.158.225 - - [20/May/2026:01:05:06 +0200] "GET /2026/01/14/r%C3%A9sultats-keno-ce-soir/ HTTP/1.1" 200 66032 "https://google.com" "Mozilla/4.0 (compatible; MSIE 7.0; Windows NT 6.2; WOW64; Trident/7.0; .NET4.0E; .NET4.0C; Tablet PC 2.0; .NET CLR 3.5.30729; .NET CLR 2.0.50727; .NET CLR 3.0.30729; WebMoney Advisor)"
101.255.157.9 - - [20/May/2026:01:05:06 +0200] "GET /?p=6214 HTTP/1.1" 301 4 "https://google.com" "Mozilla/4.0 (compatible; MSIE 7.0; Windows NT 6.3; WOW64; Trident/7.0; Touch; .NET4.0E; .NET4.0C; .NET CLR 3.5.30729; .NET CLR 2.0.50727; .NET CLR 3.0.30729; Tablet PC 2.0)"
101.255.157.9 - - [20/May/2026:01:05:07 +0200] "GET /2026/01/14/casino-gratuits-avec-emplacements-bonus/ HTTP/1.1" 200 65504 "https://google.com" "Mozilla/4.0 (compatible; MSIE 7.0; Windows NT 6.3; WOW64; Trident/7.0; Touch; .NET4.0E; .NET4.0C; .NET CLR 3.5.30729; .NET CLR 2.0.50727; .NET CLR 3.0.30729; Tablet PC 2.0)"
13.233.107.149 - - [20/May/2026:01:05:07 +0200] "GET /?p=2100 HTTP/1.1" 301 4 "https://google.com" "Mozilla/4.0 (compatible; MSIE 7.0; Windows NT 6.2; WOW64; Trident/7.0; .NET4.0E; .NET4.0C; Tablet PC 2.0; .NET CLR 3.5.30729; .NET CLR 2.0.50727; .NET CLR 3.0.30729; WebMoney Advisor)"
103.231.12.249 - - [20/May/2026:01:05:07 +0200] "GET /2026/01/14/tirage-keno-jeudi-midi/ HTTP/1.1" 200 66343 "https://google.com" "Mozilla/5.0 (Windows NT 6.2; ARM; Trident/7.0; Touch; rv:11.0; WPDesktop; NOKIA; Lumia 520) like Gecko"
13.233.107.149 - - [20/May/2026:01:05:08 +0200] "GET /2026/01/14/r%C3%A9sultats-keno-ce-soir/ HTTP/1.1" 200 66032 "https://google.com" "Mozilla/4.0 (compatible; MSIE 7.0; Windows NT 6.2; WOW64; Trident/7.0; .NET4.0E; .NET4.0C; Tablet PC 2.0; .NET CLR 3.5.30729; .NET CLR 2.0.50727; .NET CLR 3.0.30729; WebMoney Advisor)"
87.98.242.205 - - [20/May/2026:01:05:10 +0200] "GET /?p=2793 HTTP/1.1" 301 4 "https://google.com" "Mozilla/5.0 (Windows NT 10.0; WOW64; Trident/7.0; TAJB; rv:11.0) like Gecko"
87.98.242.205 - - [20/May/2026:01:05:20 +0200] "GET /2026/01/14/sites-s%C3%A9curis%C3%A9s-pour-machines-%C3%A0-sous/ HTTP/1.1" 200 66934 "https://google.com" "Mozilla/5.0 (Windows NT 10.0; WOW64; Trident/7.0; TAJB; rv:11.0) like Gecko"
109.234.165.82 - - [20/May/2026:01:05:48 +0200] "POST /wp-cron.php?doing_wp_cron=1779231948.5072760581970214843750 HTTP/1.1" 404 45741 "http://www.mariereinebenie.lasection52.com/wp-cron.php?doing_wp_cron=1779231948.5072760581970214843750" "WordPress/5.3.21; http://www.mariereinebenie.lasection52.com"
194.87.104.161 - - [20/May/2026:01:05:48 +0200] "GET /?p=2698 HTTP/1.1" 301 4 "https://google.com" "Mozilla/5.0 (Windows NT 6.3; Trident/7.0; Touch; rv:11.0) like Gecko"
194.87.104.161 - - [20/May/2026:01:05:48 +0200] "GET /2026/01/14/casinos-de-l-argent-r%C3%A9el-pas-de-bonus-de-d%C3%A9p%C3%B4t/ HTTP/1.1" 200 66299 "https://google.com" "Mozilla/5.0 (Windows NT 6.3; Trident/7.0; Touch; rv:11.0) like Gecko"
13.208.242.80 - - [20/May/2026:01:05:50 +0200] "GET /?p=2698 HTTP/1.1" 301 4 "https://google.com" "Mozilla/5.0 (Windows NT 6.3; Trident/7.0; Touch; rv:11.0) like Gecko"
13.208.242.80 - - [20/May/2026:01:05:51 +0200] "GET /2026/01/14/casinos-de-l-argent-r%C3%A9el-pas-de-bonus-de-d%C3%A9p%C3%B4t/ HTTP/1.1" 200 66299 "https://google.com" "Mozilla/5.0 (Windows NT 6.3; Trident/7.0; Touch; rv:11.0) like Gecko"
194.87.235.167 - - [20/May/2026:01:05:54 +0200] "GET /?p=2698 HTTP/1.1" 301 4 "https://google.com" "Mozilla/5.0 (Windows NT 6.3; Trident/7.0; Touch; rv:11.0) like Gecko"
194.87.235.167 - - [20/May/2026:01:05:54 +0200] "GET /2026/01/14/casinos-de-l-argent-r%C3%A9el-pas-de-bonus-de-d%C3%A9p%C3%B4t/ HTTP/1.1" 200 66299 "https://google.com" "Mozilla/5.0 (Windows NT 6.3; Trident/7.0; Touch; rv:11.0) like Gecko"
66.249.74.3 - - [20/May/2026:01:06:06 +0200] "GET /?p=415 HTTP/1.1" 301 4 "-" "Mozilla/5.0 (Linux; Android 6.0.1; Nexus 5X Build/MMB29P) AppleWebKit/537.36 (KHTML, like Gecko) Chrome/148.0.7778.96 Mobile Safari/537.36 (compatible; GoogleOther)"
66.249.74.2 - - [20/May/2026:01:06:08 +0200] "GET /2026/01/14/jeux-de-machines-%C3%A0-sous-jeux-gratuits/ HTTP/1.1" 200 64815 "-" "Mozilla/5.0 (Linux; Android 6.0.1; Nexus 5X Build/MMB29P) AppleWebKit/537.36 (KHTML, like Gecko) Chrome/148.0.7778.96 Mobile Safari/537.36 (compatible; GoogleOther)"
157.245.143.65 - - [20/May/2026:01:06:26 +0200] "GET /?p=2793 HTTP/1.1" 301 4 "https://google.com" "Mozilla/5.0 (Windows NT 10.0; WOW64; Trident/7.0; TAJB; rv:11.0) like Gecko"
157.245.143.65 - - [20/May/2026:01:06:26 +0200] "GET /2026/01/14/sites-s%C3%A9curis%C3%A9s-pour-machines-%C3%A0-sous/ HTTP/1.1" 200 66934 "https://google.com" "Mozilla/5.0 (Windows NT 10.0; WOW64; Trident/7.0; TAJB; rv:11.0) like Gecko"
13.80.134.180 - - [20/May/2026:01:06:29 +0200] "GET /?p=2793 HTTP/1.1" 301 4 "https://google.com" "Mozilla/5.0 (Windows NT 10.0; WOW64; Trident/7.0; TAJB; rv:11.0) like Gecko"
194.87.235.167 - - [20/May/2026:01:06:30 +0200] "GET /?p=2698 HTTP/1.1" 301 4 "https://google.com" "Mozilla/5.0 (Windows NT 6.3; Trident/7.0; Touch; rv:11.0) like Gecko"
194.87.235.167 - - [20/May/2026:01:06:30 +0200] "GET /2026/01/14/casinos-de-l-argent-r%C3%A9el-pas-de-bonus-de-d%C3%A9p%C3%B4t/ HTTP/1.1" 200 66299 "https://google.com" "Mozilla/5.0 (Windows NT 6.3; Trident/7.0; Touch; rv:11.0) like Gecko"
13.80.134.180 - - [20/May/2026:01:06:30 +0200] "GET /2026/01/14/sites-s%C3%A9curis%C3%A9s-pour-machines-%C3%A0-sous/ HTTP/1.1" 200 66934 "https://google.com" "Mozilla/5.0 (Windows NT 10.0; WOW64; Trident/7.0; TAJB; rv:11.0) like Gecko"
66.249.74.3 - - [20/May/2026:01:06:47 +0200] "GET /?p=356 HTTP/1.1" 301 4 "-" "Mozilla/5.0 (Linux; Android 6.0.1; Nexus 5X Build/MMB29P) AppleWebKit/537.36 (KHTML, like Gecko) Chrome/148.0.7778.96 Mobile Safari/537.36 (compatible; GoogleOther)"
66.249.74.3 - - [20/May/2026:01:06:47 +0200] "GET /2026/01/14/r%C3%A8gle-du-rami-%C3%A0-deux/ HTTP/1.1" 200 63808 "-" "Mozilla/5.0 (Linux; Android 6.0.1; Nexus 5X Build/MMB29P) AppleWebKit/537.36 (KHTML, like Gecko) Chrome/148.0.7778.96 Mobile Safari/537.36 (compatible; GoogleOther)"
109.234.165.82 - - [20/May/2026:01:07:06 +0200] "POST /wp-cron.php?doing_wp_cron=1779232026.5261380672454833984375 HTTP/1.1" 404 45741 "http://www.mariereinebenie.lasection52.com/wp-cron.php?doing_wp_cron=1779232026.5261380672454833984375" "WordPress/5.3.21; http://www.mariereinebenie.lasection52.com"
72.223.188.92 - - [20/May/2026:01:07:06 +0200] "GET /?p=2698 HTTP/1.1" 301 4 "https://google.com" "Mozilla/5.0 (Windows NT 6.3; Trident/7.0; Touch; rv:11.0) like Gecko"
109.234.165.82 - - [20/May/2026:01:10:51 +0200] "POST /wp-cron.php?doing_wp_cron=1779232251.9741060733795166015625 HTTP/1.1" 404 45741 "http://www.mariereinebenie.lasection52.com/wp-cron.php?doing_wp_cron=1779232251.9741060733795166015625" "WordPress/5.3.21; http://www.mariereinebenie.lasection52.com"
40.77.167.30 - - [20/May/2026:01:10:51 +0200] "GET /?843d01355166102.html HTTP/1.1" 301 4 "-" "Mozilla/5.0 AppleWebKit/537.36 (KHTML, like Gecko; compatible; bingbot/2.0; +http://www.bing.com/bingbot.htm) Chrome/116.0.1938.76 Safari/537.36"
66.249.74.3 - - [20/May/2026:01:10:56 +0200] "GET /?p=362 HTTP/1.1" 301 4 "-" "Mozilla/5.0 (Linux; Android 6.0.1; Nexus 5X Build/MMB29P) AppleWebKit/537.36 (KHTML, like Gecko) Chrome/148.0.7778.96 Mobile Safari/537.36 (compatible; GoogleOther)"
52.167.144.170 - - [20/May/2026:01:10:56 +0200] "GET /?3301e155927501.html HTTP/1.1" 301 4 "-" "Mozilla/5.0 AppleWebKit/537.36 (KHTML, like Gecko; compatible; bingbot/2.0; +http://www.bing.com/bingbot.htm) Chrome/116.0.1938.76 Safari/537.36"
66.249.74.2 - - [20/May/2026:01:10:57 +0200] "GET /2026/01/14/slots-pour-une-application-de-monnaie-r%C3%A9elle/ HTTP/1.1" 200 64454 "-" "Mozilla/5.0 (Linux; Android 6.0.1; Nexus 5X Build/MMB29P) AppleWebKit/537.36 (KHTML, like Gecko) Chrome/148.0.7778.96 Mobile Safari/537.36 (compatible; GoogleOther)"
52.167.144.170 - - [20/May/2026:01:10:57 +0200] "GET /?630d23458897402.html HTTP/1.1" 301 4 "-" "Mozilla/5.0 AppleWebKit/537.36 (KHTML, like Gecko; compatible; bingbot/2.0; +http://www.bing.com/bingbot.htm) Chrome/116.0.1938.76 Safari/537.36"
66.249.74.3 - - [20/May/2026:01:11:11 +0200] "GET /?p=362 HTTP/1.1" 301 4 "-" "Mozilla/5.0 (Linux; Android 6.0.1; Nexus 5X Build/MMB29P) AppleWebKit/537.36 (KHTML, like Gecko) Chrome/148.0.7778.96 Mobile Safari/537.36 (compatible; Googlebot/2.1; +http://www.google.com/bot.html)"
66.249.74.4 - - [20/May/2026:01:11:11 +0200] "GET /2026/01/14/slots-pour-une-application-de-monnaie-r%C3%A9elle/ HTTP/1.1" 200 64454 "-" "Mozilla/5.0 (Linux; Android 6.0.1; Nexus 5X Build/MMB29P) AppleWebKit/537.36 (KHTML, like Gecko) Chrome/148.0.7778.96 Mobile Safari/537.36 (compatible; Googlebot/2.1; +http://www.google.com/bot.html)"
109.234.165.82 - - [20/May/2026:01:13:10 +0200] "POST /wp-cron.php?doing_wp_cron=1779232390.4070420265197753906250 HTTP/1.1" 404 45741 "http://www.mariereinebenie.lasection52.com/wp-cron.php?doing_wp_cron=1779232390.4070420265197753906250" "WordPress/5.3.21; http://www.mariereinebenie.lasection52.com"
66.249.74.2 - - [20/May/2026:01:13:10 +0200] "GET /?p=470 HTTP/1.1" 301 4 "-" "Mozilla/5.0 (Linux; Android 6.0.1; Nexus 5X Build/MMB29P) AppleWebKit/537.36 (KHTML, like Gecko) Chrome/148.0.7778.96 Mobile Safari/537.36 (compatible; GoogleOther)"
66.249.74.4 - - [20/May/2026:01:13:11 +0200] "GET /2026/01/14/comment-gagner-sur-la-machine-de-roulette/ HTTP/1.1" 200 64659 "-" "Mozilla/5.0 (Linux; Android 6.0.1; Nexus 5X Build/MMB29P) AppleWebKit/537.36 (KHTML, like Gecko) Chrome/148.0.7778.96 Mobile Safari/537.36 (compatible; GoogleOther)"
109.234.165.82 - - [20/May/2026:01:19:56 +0200] "POST /wp-cron.php?doing_wp_cron=1779232796.7003159523010253906250 HTTP/1.1" 404 45741 "http://www.mariereinebenie.lasection52.com/wp-cron.php?doing_wp_cron=1779232796.7003159523010253906250" "WordPress/5.3.21; http://www.mariereinebenie.lasection52.com"
66.249.74.3 - - [20/May/2026:01:19:56 +0200] "GET /?p=412 HTTP/1.1" 301 4 "-" "Mozilla/5.0 (Linux; Android 6.0.1; Nexus 5X Build/MMB29P) AppleWebKit/537.36 (KHTML, like Gecko) Chrome/148.0.7778.96 Mobile Safari/537.36 (compatible; GoogleOther)"
66.249.74.4 - - [20/May/2026:01:19:58 +0200] "GET /2026/01/14/meilleures-machines-%C3%A0-sous-dans-rocket-casino/ HTTP/1.1" 200 64371 "-" "Mozilla/5.0 (Linux; Android 6.0.1; Nexus 5X Build/MMB29P) AppleWebKit/537.36 (KHTML, like Gecko) Chrome/148.0.7778.96 Mobile Safari/537.36 (compatible; GoogleOther)"
66.249.74.4 - - [20/May/2026:01:20:13 +0200] "GET /?p=427 HTTP/1.1" 301 4 "-" "Mozilla/5.0 (Linux; Android 6.0.1; Nexus 5X Build/MMB29P) AppleWebKit/537.36 (KHTML, like Gecko) Chrome/148.0.7778.96 Mobile Safari/537.36 (compatible; GoogleOther)"
66.249.74.2 - - [20/May/2026:01:20:15 +0200] "GET /2026/01/14/tirage-du-keno-d-hier/ HTTP/1.1" 200 63208 "-" "Mozilla/5.0 (Linux; Android 6.0.1; Nexus 5X Build/MMB29P) AppleWebKit/537.36 (KHTML, like Gecko) Chrome/148.0.7778.96 Mobile Safari/537.36 (compatible; GoogleOther)"
40.77.167.156 - - [20/May/2026:01:22:32 +0200] "GET /?37aab36533302.html HTTP/1.1" 301 4 "-" "Mozilla/5.0 AppleWebKit/537.36 (KHTML, like Gecko; compatible; bingbot/2.0; +http://www.bing.com/bingbot.htm) Chrome/116.0.1938.76 Safari/537.36"
66.249.74.3 - - [20/May/2026:01:23:02 +0200] "GET /?p=469 HTTP/1.1" 301 4 "-" "Mozilla/5.0 (Linux; Android 6.0.1; Nexus 5X Build/MMB29P) AppleWebKit/537.36 (KHTML, like Gecko) Chrome/148.0.7778.96 Mobile Safari/537.36 (compatible; GoogleOther)"
66.249.74.4 - - [20/May/2026:01:23:03 +0200] "GET /2026/01/14/slots-jeux-%C3%A0-jouer-gratuitsment/ HTTP/1.1" 200 65546 "-" "Mozilla/5.0 (Linux; Android 6.0.1; Nexus 5X Build/MMB29P) AppleWebKit/537.36 (KHTML, like Gecko) Chrome/148.0.7778.96 Mobile Safari/537.36 (compatible; GoogleOther)"
109.234.165.82 - - [20/May/2026:01:27:17 +0200] "POST /wp-cron.php?doing_wp_cron=1779233237.4952819347381591796875 HTTP/1.1" 404 45741 "http://www.mariereinebenie.lasection52.com/wp-cron.php?doing_wp_cron=1779233237.4952819347381591796875" "WordPress/5.3.21; http://www.mariereinebenie.lasection52.com"
66.249.74.4 - - [20/May/2026:01:27:17 +0200] "GET /?p=352 HTTP/1.1" 301 4 "-" "Mozilla/5.0 (Linux; Android 6.0.1; Nexus 5X Build/MMB29P) AppleWebKit/537.36 (KHTML, like Gecko) Chrome/148.0.7778.96 Mobile Safari/537.36 (compatible; GoogleOther)"
66.249.74.3 - - [20/May/2026:01:27:18 +0200] "GET /2026/01/14/black-jack-valeur-des-cartes/ HTTP/1.1" 200 64131 "-" "Mozilla/5.0 (Linux; Android 6.0.1; Nexus 5X Build/MMB29P) AppleWebKit/537.36 (KHTML, like Gecko) Chrome/148.0.7778.96 Mobile Safari/537.36 (compatible; GoogleOther)"
66.249.74.2 - - [20/May/2026:01:27:31 +0200] "GET /2026/01/14/black-jack-valeur-des-cartes/ HTTP/1.1" 200 64131 "-" "Mozilla/5.0 (Linux; Android 6.0.1; Nexus 5X Build/MMB29P) AppleWebKit/537.36 (KHTML, like Gecko) Chrome/148.0.7778.96 Mobile Safari/537.36 (compatible; Googlebot/2.1; +http://www.google.com/bot.html)"
66.249.74.2 - - [20/May/2026:01:27:50 +0200] "GET /?p=393 HTTP/1.1" 301 4 "-" "Mozilla/5.0 (Linux; Android 6.0.1; Nexus 5X Build/MMB29P) AppleWebKit/537.36 (KHTML, like Gecko) Chrome/148.0.7778.96 Mobile Safari/537.36 (compatible; GoogleOther)"
66.249.74.2 - - [20/May/2026:01:27:51 +0200] "GET /2026/01/14/machine-%C3%A0-sous-freeslots/ HTTP/1.1" 200 64698 "-" "Mozilla/5.0 (Linux; Android 6.0.1; Nexus 5X Build/MMB29P) AppleWebKit/537.36 (KHTML, like Gecko) Chrome/148.0.7778.96 Mobile Safari/537.36 (compatible; GoogleOther)"
109.234.165.82 - - [20/May/2026:01:30:27 +0200] "POST /wp-cron.php?doing_wp_cron=1779233427.2488479614257812500000 HTTP/1.1" 404 45741 "http://www.mariereinebenie.lasection52.com/wp-cron.php?doing_wp_cron=1779233427.2488479614257812500000" "WordPress/5.3.21; http://www.mariereinebenie.lasection52.com"
52.167.144.189 - - [20/May/2026:01:30:27 +0200] "GET /?55c58426538701.html HTTP/1.1" 301 4 "-" "Mozilla/5.0 AppleWebKit/537.36 (KHTML, like Gecko; compatible; bingbot/2.0; +http://www.bing.com/bingbot.htm) Chrome/116.0.1938.76 Safari/537.36"
109.234.165.82 - - [20/May/2026:01:33:06 +0200] "POST /wp-cron.php?doing_wp_cron=1779233586.1992979049682617187500 HTTP/1.1" 404 45741 "http://www.mariereinebenie.lasection52.com/wp-cron.php?doing_wp_cron=1779233586.1992979049682617187500" "WordPress/5.3.21; http://www.mariereinebenie.lasection52.com"
66.249.74.2 - - [20/May/2026:01:33:06 +0200] "GET /?p=491 HTTP/1.1" 301 4 "-" "Mozilla/5.0 (Linux; Android 6.0.1; Nexus 5X Build/MMB29P) AppleWebKit/537.36 (KHTML, like Gecko) Chrome/148.0.7778.96 Mobile Safari/537.36 (compatible; GoogleOther)"
66.249.74.2 - - [20/May/2026:01:33:10 +0200] "GET /2026/01/14/golden-star-casino-no-deposit-bonus/ HTTP/1.1" 200 64248 "-" "Mozilla/5.0 (Linux; Android 6.0.1; Nexus 5X Build/MMB29P) AppleWebKit/537.36 (KHTML, like Gecko) Chrome/148.0.7778.96 Mobile Safari/537.36 (compatible; GoogleOther)"
109.234.165.82 - - [20/May/2026:01:34:21 +0200] "POST /wp-cron.php?doing_wp_cron=1779233661.0211629867553710937500 HTTP/1.1" 404 45741 "http://www.mariereinebenie.lasection52.com/wp-cron.php?doing_wp_cron=1779233661.0211629867553710937500" "WordPress/5.3.21; http://www.mariereinebenie.lasection52.com"
66.249.74.4 - - [20/May/2026:01:34:20 +0200] "GET /?p=475 HTTP/1.1" 301 4 "-" "Mozilla/5.0 (Linux; Android 6.0.1; Nexus 5X Build/MMB29P) AppleWebKit/537.36 (KHTML, like Gecko) Chrome/148.0.7778.96 Mobile Safari/537.36 (compatible; GoogleOther)"
66.249.74.2 - - [20/May/2026:01:34:21 +0200] "GET /2026/01/14/fa%C3%A7ons-de-gagner-sur-les-machines-%C3%A0-sous/ HTTP/1.1" 200 64698 "-" "Mozilla/5.0 (Linux; Android 6.0.1; Nexus 5X Build/MMB29P) AppleWebKit/537.36 (KHTML, like Gecko) Chrome/148.0.7778.96 Mobile Safari/537.36 (compatible; GoogleOther)"
66.249.74.3 - - [20/May/2026:01:35:16 +0200] "GET /?p=377 HTTP/1.1" 301 4 "-" "Mozilla/5.0 (Linux; Android 6.0.1; Nexus 5X Build/MMB29P) AppleWebKit/537.36 (KHTML, like Gecko) Chrome/148.0.7778.96 Mobile Safari/537.36 (compatible; GoogleOther)"
66.249.74.4 - - [20/May/2026:01:35:17 +0200] "GET /2026/01/14/banzai-slots-casino-fr-2025-review/ HTTP/1.1" 200 63887 "-" "Mozilla/5.0 (Linux; Android 6.0.1; Nexus 5X Build/MMB29P) AppleWebKit/537.36 (KHTML, like Gecko) Chrome/148.0.7778.96 Mobile Safari/537.36 (compatible; GoogleOther)"
52.167.144.201 - - [20/May/2026:01:36:52 +0200] "GET /?179a0494311402.html HTTP/1.1" 301 4 "-" "Mozilla/5.0 AppleWebKit/537.36 (KHTML, like Gecko; compatible; bingbot/2.0; +http://www.bing.com/bingbot.htm) Chrome/116.0.1938.76 Safari/537.36"
