109.234.165.82 - - [20/May/2026:04:01:59 +0200] "POST /wp-cron.php?doing_wp_cron=1779242519.3076710700988769531250 HTTP/1.1" 404 45741 "http://www.mariereinebenie.lasection52.com/wp-cron.php?doing_wp_cron=1779242519.3076710700988769531250" "WordPress/5.3.21; http://www.mariereinebenie.lasection52.com"
66.249.74.2 - - [20/May/2026:04:01:59 +0200] "GET /?p=373 HTTP/1.1" 301 4 "-" "Mozilla/5.0 (Linux; Android 6.0.1; Nexus 5X Build/MMB29P) AppleWebKit/537.36 (KHTML, like Gecko) Chrome/148.0.7778.96 Mobile Safari/537.36 (compatible; GoogleOther)"
66.249.74.4 - - [20/May/2026:04:01:59 +0200] "GET /2026/01/14/jeux-de-casino-r%C3%A9el-argent-en-ligne/ HTTP/1.1" 200 64812 "-" "Mozilla/5.0 (Linux; Android 6.0.1; Nexus 5X Build/MMB29P) AppleWebKit/537.36 (KHTML, like Gecko) Chrome/148.0.7778.96 Mobile Safari/537.36 (compatible; GoogleOther)"
109.234.165.82 - - [20/May/2026:04:05:31 +0200] "POST /wp-cron.php?doing_wp_cron=1779242731.8534100055694580078125 HTTP/1.1" 404 45741 "http://www.mariereinebenie.lasection52.com/wp-cron.php?doing_wp_cron=1779242731.8534100055694580078125" "WordPress/5.3.21; http://www.mariereinebenie.lasection52.com"
66.249.74.4 - - [20/May/2026:04:05:31 +0200] "GET /?p=368 HTTP/1.1" 301 4 "-" "Mozilla/5.0 (Linux; Android 6.0.1; Nexus 5X Build/MMB29P) AppleWebKit/537.36 (KHTML, like Gecko) Chrome/148.0.7778.96 Mobile Safari/537.36 (compatible; GoogleOther)"
66.249.74.3 - - [20/May/2026:04:05:32 +0200] "GET /2026/01/14/la-roulette-gagne-probabilit%C3%A9/ HTTP/1.1" 200 64853 "-" "Mozilla/5.0 (Linux; Android 6.0.1; Nexus 5X Build/MMB29P) AppleWebKit/537.36 (KHTML, like Gecko) Chrome/148.0.7778.96 Mobile Safari/537.36 (compatible; GoogleOther)"
40.77.167.57 - - [20/May/2026:04:07:28 +0200] "GET /?eb223488137301.html HTTP/1.1" 301 4 "-" "Mozilla/5.0 AppleWebKit/537.36 (KHTML, like Gecko; compatible; bingbot/2.0; +http://www.bing.com/bingbot.htm) Chrome/116.0.1938.76 Safari/537.36"
109.234.165.82 - - [20/May/2026:04:09:07 +0200] "POST /wp-cron.php?doing_wp_cron=1779242947.1550540924072265625000 HTTP/1.1" 404 45741 "http://www.mariereinebenie.lasection52.com/wp-cron.php?doing_wp_cron=1779242947.1550540924072265625000" "WordPress/5.3.21; http://www.mariereinebenie.lasection52.com"
66.249.74.3 - - [20/May/2026:04:09:07 +0200] "GET /?p=434 HTTP/1.1" 301 4 "-" "Mozilla/5.0 (Linux; Android 6.0.1; Nexus 5X Build/MMB29P) AppleWebKit/537.36 (KHTML, like Gecko) Chrome/148.0.7778.96 Mobile Safari/537.36 (compatible; GoogleOther)"
66.249.74.3 - - [20/May/2026:04:09:07 +0200] "GET /2026/01/14/casino-en-ligne-avec-jackpot/ HTTP/1.1" 200 64075 "-" "Mozilla/5.0 (Linux; Android 6.0.1; Nexus 5X Build/MMB29P) AppleWebKit/537.36 (KHTML, like Gecko) Chrome/148.0.7778.96 Mobile Safari/537.36 (compatible; GoogleOther)"
109.234.165.82 - - [20/May/2026:04:10:48 +0200] "POST /wp-cron.php?doing_wp_cron=1779243048.7431321144104003906250 HTTP/1.1" 404 45741 "http://www.mariereinebenie.lasection52.com/wp-cron.php?doing_wp_cron=1779243048.7431321144104003906250" "WordPress/5.3.21; http://www.mariereinebenie.lasection52.com"
66.249.74.4 - - [20/May/2026:04:10:48 +0200] "GET /?p=485 HTTP/1.1" 301 4 "-" "Mozilla/5.0 (Linux; Android 6.0.1; Nexus 5X Build/MMB29P) AppleWebKit/537.36 (KHTML, like Gecko) Chrome/148.0.7778.96 Mobile Safari/537.36 (compatible; GoogleOther)"
66.249.74.4 - - [20/May/2026:04:10:49 +0200] "GET /2026/01/14/meilleure-strat%C3%A9gie-de-paris-de-roulette-en-ligne/ HTTP/1.1" 200 64890 "-" "Mozilla/5.0 (Linux; Android 6.0.1; Nexus 5X Build/MMB29P) AppleWebKit/537.36 (KHTML, like Gecko) Chrome/148.0.7778.96 Mobile Safari/537.36 (compatible; GoogleOther)"
109.234.165.82 - - [20/May/2026:04:12:17 +0200] "POST /wp-cron.php?doing_wp_cron=1779243137.9084639549255371093750 HTTP/1.1" 404 45741 "http://www.mariereinebenie.lasection52.com/wp-cron.php?doing_wp_cron=1779243137.9084639549255371093750" "WordPress/5.3.21; http://www.mariereinebenie.lasection52.com"
40.77.167.28 - - [20/May/2026:04:12:17 +0200] "GET /?14941460630901.html HTTP/1.1" 301 4 "-" "Mozilla/5.0 AppleWebKit/537.36 (KHTML, like Gecko; compatible; bingbot/2.0; +http://www.bing.com/bingbot.htm) Chrome/116.0.1938.76 Safari/537.36"
40.77.167.2 - - [20/May/2026:04:12:20 +0200] "GET /?330b3231088401.html HTTP/1.1" 301 4 "-" "Mozilla/5.0 AppleWebKit/537.36 (KHTML, like Gecko; compatible; bingbot/2.0; +http://www.bing.com/bingbot.htm) Chrome/116.0.1938.76 Safari/537.36"
40.77.167.28 - - [20/May/2026:04:12:27 +0200] "GET /?56e0160500101.html HTTP/1.1" 301 4 "-" "Mozilla/5.0 AppleWebKit/537.36 (KHTML, like Gecko; compatible; bingbot/2.0; +http://www.bing.com/bingbot.htm) Chrome/116.0.1938.76 Safari/537.36"
40.77.167.63 - - [20/May/2026:04:13:12 +0200] "GET /?006aa2123007902.html HTTP/1.1" 301 4 "-" "Mozilla/5.0 AppleWebKit/537.36 (KHTML, like Gecko; compatible; bingbot/2.0; +http://www.bing.com/bingbot.htm) Chrome/116.0.1938.76 Safari/537.36"
52.167.144.182 - - [20/May/2026:04:13:23 +0200] "GET /?652f7339250401.html HTTP/1.1" 301 4 "-" "Mozilla/5.0 AppleWebKit/537.36 (KHTML, like Gecko; compatible; bingbot/2.0; +http://www.bing.com/bingbot.htm) Chrome/116.0.1938.76 Safari/537.36"
109.234.165.82 - - [20/May/2026:04:14:47 +0200] "POST /wp-cron.php?doing_wp_cron=1779243287.2080059051513671875000 HTTP/1.1" 404 45741 "http://www.mariereinebenie.lasection52.com/wp-cron.php?doing_wp_cron=1779243287.2080059051513671875000" "WordPress/5.3.21; http://www.mariereinebenie.lasection52.com"
52.167.144.173 - - [20/May/2026:04:14:47 +0200] "GET /?28138304846101.html HTTP/1.1" 301 4 "-" "Mozilla/5.0 AppleWebKit/537.36 (KHTML, like Gecko; compatible; bingbot/2.0; +http://www.bing.com/bingbot.htm) Chrome/116.0.1938.76 Safari/537.36"
52.167.144.173 - - [20/May/2026:04:14:47 +0200] "GET /?33fa3244859801.html HTTP/1.1" 301 4 "-" "Mozilla/5.0 AppleWebKit/537.36 (KHTML, like Gecko; compatible; bingbot/2.0; +http://www.bing.com/bingbot.htm) Chrome/116.0.1938.76 Safari/537.36"
52.167.144.173 - - [20/May/2026:04:15:46 +0200] "GET /?354c0235717901.html HTTP/1.1" 301 4 "-" "Mozilla/5.0 AppleWebKit/537.36 (KHTML, like Gecko; compatible; bingbot/2.0; +http://www.bing.com/bingbot.htm) Chrome/116.0.1938.76 Safari/537.36"
109.234.165.82 - - [20/May/2026:04:15:51 +0200] "POST /wp-cron.php?doing_wp_cron=1779243351.9923861026763916015625 HTTP/1.1" 404 45741 "http://www.mariereinebenie.lasection52.com/wp-cron.php?doing_wp_cron=1779243351.9923861026763916015625" "WordPress/5.3.21; http://www.mariereinebenie.lasection52.com"
52.167.144.222 - - [20/May/2026:04:15:51 +0200] "GET /?ab43c3213813202.html HTTP/1.1" 301 4 "-" "Mozilla/5.0 AppleWebKit/537.36 (KHTML, like Gecko; compatible; bingbot/2.0; +http://www.bing.com/bingbot.htm) Chrome/116.0.1938.76 Safari/537.36"
40.77.167.243 - - [20/May/2026:04:18:00 +0200] "GET /?878dc3682653002_html HTTP/1.1" 200 69451 "-" "Mozilla/5.0 AppleWebKit/537.36 (KHTML, like Gecko; compatible; bingbot/2.0; +http://www.bing.com/bingbot.htm) Chrome/116.0.1938.76 Safari/537.36"
109.234.165.82 - - [20/May/2026:04:21:58 +0200] "POST /wp-cron.php?doing_wp_cron=1779243718.9192690849304199218750 HTTP/1.1" 404 45741 "http://www.mariereinebenie.lasection52.com/wp-cron.php?doing_wp_cron=1779243718.9192690849304199218750" "WordPress/5.3.21; http://www.mariereinebenie.lasection52.com"
40.77.167.152 - - [20/May/2026:04:21:58 +0200] "GET /?13ec91541654002.html HTTP/1.1" 301 4 "-" "Mozilla/5.0 AppleWebKit/537.36 (KHTML, like Gecko; compatible; bingbot/2.0; +http://www.bing.com/bingbot.htm) Chrome/116.0.1938.76 Safari/537.36"
52.167.144.173 - - [20/May/2026:04:22:03 +0200] "GET /?6733885518601.html HTTP/1.1" 301 4 "-" "Mozilla/5.0 AppleWebKit/537.36 (KHTML, like Gecko; compatible; bingbot/2.0; +http://www.bing.com/bingbot.htm) Chrome/116.0.1938.76 Safari/537.36"
52.167.144.173 - - [20/May/2026:04:22:03 +0200] "GET /?7848097390501.html HTTP/1.1" 301 4 "-" "Mozilla/5.0 AppleWebKit/537.36 (KHTML, like Gecko; compatible; bingbot/2.0; +http://www.bing.com/bingbot.htm) Chrome/116.0.1938.76 Safari/537.36"
40.77.167.51 - - [20/May/2026:04:23:03 +0200] "GET /?caa331055978402.html HTTP/1.1" 301 4 "-" "Mozilla/5.0 AppleWebKit/537.36 (KHTML, like Gecko; compatible; bingbot/2.0; +http://www.bing.com/bingbot.htm) Chrome/116.0.1938.76 Safari/537.36"
66.249.74.4 - - [20/May/2026:04:23:09 +0200] "GET /?p=473 HTTP/1.1" 301 4 "-" "Mozilla/5.0 (Linux; Android 6.0.1; Nexus 5X Build/MMB29P) AppleWebKit/537.36 (KHTML, like Gecko) Chrome/148.0.7778.96 Mobile Safari/537.36 (compatible; GoogleOther)"
66.249.74.3 - - [20/May/2026:04:23:10 +0200] "GET /2026/01/14/les-meilleur-casino-en-ligne/ HTTP/1.1" 200 64142 "-" "Mozilla/5.0 (Linux; Android 6.0.1; Nexus 5X Build/MMB29P) AppleWebKit/537.36 (KHTML, like Gecko) Chrome/148.0.7778.96 Mobile Safari/537.36 (compatible; GoogleOther)"
109.234.165.82 - - [20/May/2026:04:26:42 +0200] "POST /wp-cron.php?doing_wp_cron=1779244002.0281050205230712890625 HTTP/1.1" 404 45741 "http://www.mariereinebenie.lasection52.com/wp-cron.php?doing_wp_cron=1779244002.0281050205230712890625" "WordPress/5.3.21; http://www.mariereinebenie.lasection52.com"
66.249.74.2 - - [20/May/2026:04:26:41 +0200] "GET /?p=445 HTTP/1.1" 301 4 "-" "Mozilla/5.0 (Linux; Android 6.0.1; Nexus 5X Build/MMB29P) AppleWebKit/537.36 (KHTML, like Gecko) Chrome/148.0.7778.96 Mobile Safari/537.36 (compatible; GoogleOther)"
66.249.74.2 - - [20/May/2026:04:26:43 +0200] "GET /2026/01/14/la-roulette-anglaise-astuce/ HTTP/1.1" 200 64268 "-" "Mozilla/5.0 (Linux; Android 6.0.1; Nexus 5X Build/MMB29P) AppleWebKit/537.36 (KHTML, like Gecko) Chrome/148.0.7778.96 Mobile Safari/537.36 (compatible; GoogleOther)"
109.234.165.82 - - [20/May/2026:04:29:04 +0200] "POST /wp-cron.php?doing_wp_cron=1779244144.4168028831481933593750 HTTP/1.1" 404 45741 "http://www.mariereinebenie.lasection52.com/wp-cron.php?doing_wp_cron=1779244144.4168028831481933593750" "WordPress/5.3.21; http://www.mariereinebenie.lasection52.com"
66.249.74.2 - - [20/May/2026:04:29:04 +0200] "GET /?p=446 HTTP/1.1" 301 4 "-" "Mozilla/5.0 (Linux; Android 6.0.1; Nexus 5X Build/MMB29P) AppleWebKit/537.36 (KHTML, like Gecko) Chrome/148.0.7778.96 Mobile Safari/537.36 (compatible; GoogleOther)"
66.249.74.3 - - [20/May/2026:04:29:04 +0200] "GET /2026/01/14/casino-en-ligne-avec-bonus-instantan%C3%A9-sans-d%C3%A9p%C3%B4t/ HTTP/1.1" 200 65540 "-" "Mozilla/5.0 (Linux; Android 6.0.1; Nexus 5X Build/MMB29P) AppleWebKit/537.36 (KHTML, like Gecko) Chrome/148.0.7778.96 Mobile Safari/537.36 (compatible; GoogleOther)"
109.234.165.82 - - [20/May/2026:04:30:09 +0200] "POST /wp-cron.php?doing_wp_cron=1779244209.7603690624237060546875 HTTP/1.1" 404 45741 "http://www.mariereinebenie.lasection52.com/wp-cron.php?doing_wp_cron=1779244209.7603690624237060546875" "WordPress/5.3.21; http://www.mariereinebenie.lasection52.com"
40.77.167.152 - - [20/May/2026:04:30:09 +0200] "GET /?84210190060801.html HTTP/1.1" 301 4 "-" "Mozilla/5.0 AppleWebKit/537.36 (KHTML, like Gecko; compatible; bingbot/2.0; +http://www.bing.com/bingbot.htm) Chrome/116.0.1938.76 Safari/537.36"
40.77.167.152 - - [20/May/2026:04:30:10 +0200] "GET /?bc4f7433699001.html HTTP/1.1" 301 4 "-" "Mozilla/5.0 AppleWebKit/537.36 (KHTML, like Gecko; compatible; bingbot/2.0; +http://www.bing.com/bingbot.htm) Chrome/116.0.1938.76 Safari/537.36"
40.77.167.152 - - [20/May/2026:04:30:10 +0200] "GET /?20b703443838802.html HTTP/1.1" 301 4 "-" "Mozilla/5.0 AppleWebKit/537.36 (KHTML, like Gecko; compatible; bingbot/2.0; +http://www.bing.com/bingbot.htm) Chrome/116.0.1938.76 Safari/537.36"
66.249.74.3 - - [20/May/2026:04:30:13 +0200] "GET /?p=364 HTTP/1.1" 301 4 "-" "Mozilla/5.0 (Linux; Android 6.0.1; Nexus 5X Build/MMB29P) AppleWebKit/537.36 (KHTML, like Gecko) Chrome/148.0.7778.96 Mobile Safari/537.36 (compatible; GoogleOther)"
66.249.74.2 - - [20/May/2026:04:30:14 +0200] "GET /2026/01/14/jouez-au-casino-en-ligne-sans-bonus-de-d%C3%A9p%C3%B4t/ HTTP/1.1" 200 64461 "-" "Mozilla/5.0 (Linux; Android 6.0.1; Nexus 5X Build/MMB29P) AppleWebKit/537.36 (KHTML, like Gecko) Chrome/148.0.7778.96 Mobile Safari/537.36 (compatible; GoogleOther)"
40.77.167.27 - - [20/May/2026:04:32:17 +0200] "GET /?78f37148373301.html HTTP/1.1" 301 4 "-" "Mozilla/5.0 AppleWebKit/537.36 (KHTML, like Gecko; compatible; bingbot/2.0; +http://www.bing.com/bingbot.htm) Chrome/116.0.1938.76 Safari/537.36"
52.167.144.201 - - [20/May/2026:04:32:27 +0200] "GET /?2364f2156327202.html HTTP/1.1" 301 4 "-" "Mozilla/5.0 AppleWebKit/537.36 (KHTML, like Gecko; compatible; bingbot/2.0; +http://www.bing.com/bingbot.htm) Chrome/116.0.1938.76 Safari/537.36"
52.167.144.201 - - [20/May/2026:04:32:28 +0200] "GET /?cbb5b29145701.html HTTP/1.1" 301 4 "-" "Mozilla/5.0 AppleWebKit/537.36 (KHTML, like Gecko; compatible; bingbot/2.0; +http://www.bing.com/bingbot.htm) Chrome/116.0.1938.76 Safari/537.36"
52.167.144.166 - - [20/May/2026:04:32:32 +0200] "GET /?3580f40285101.html HTTP/1.1" 301 4 "-" "Mozilla/5.0 AppleWebKit/537.36 (KHTML, like Gecko; compatible; bingbot/2.0; +http://www.bing.com/bingbot.htm) Chrome/116.0.1938.76 Safari/537.36"
109.234.165.82 - - [20/May/2026:04:33:59 +0200] "POST /wp-cron.php?doing_wp_cron=1779244439.5084590911865234375000 HTTP/1.1" 404 45741 "http://www.mariereinebenie.lasection52.com/wp-cron.php?doing_wp_cron=1779244439.5084590911865234375000" "WordPress/5.3.21; http://www.mariereinebenie.lasection52.com"
66.249.74.4 - - [20/May/2026:04:33:59 +0200] "GET /?p=487 HTTP/1.1" 301 4 "-" "Mozilla/5.0 (Linux; Android 6.0.1; Nexus 5X Build/MMB29P) AppleWebKit/537.36 (KHTML, like Gecko) Chrome/148.0.7778.96 Mobile Safari/537.36 (compatible; GoogleOther)"
66.249.74.4 - - [20/May/2026:04:33:59 +0200] "GET /2026/01/14/nouveau-casino-en-ligne-france/ HTTP/1.1" 200 64877 "-" "Mozilla/5.0 (Linux; Android 6.0.1; Nexus 5X Build/MMB29P) AppleWebKit/537.36 (KHTML, like Gecko) Chrome/148.0.7778.96 Mobile Safari/537.36 (compatible; GoogleOther)"
52.167.144.201 - - [20/May/2026:04:34:58 +0200] "GET /?2571d69720601.html HTTP/1.1" 301 4 "-" "Mozilla/5.0 AppleWebKit/537.36 (KHTML, like Gecko; compatible; bingbot/2.0; +http://www.bing.com/bingbot.htm) Chrome/116.0.1938.76 Safari/537.36"
52.167.144.201 - - [20/May/2026:04:34:58 +0200] "GET /?25ce3996800802.html HTTP/1.1" 301 4 "-" "Mozilla/5.0 AppleWebKit/537.36 (KHTML, like Gecko; compatible; bingbot/2.0; +http://www.bing.com/bingbot.htm) Chrome/116.0.1938.76 Safari/537.36"
109.234.165.82 - - [20/May/2026:04:40:49 +0200] "POST /wp-cron.php?doing_wp_cron=1779244849.0869069099426269531250 HTTP/1.1" 404 45741 "http://www.mariereinebenie.lasection52.com/wp-cron.php?doing_wp_cron=1779244849.0869069099426269531250" "WordPress/5.3.21; http://www.mariereinebenie.lasection52.com"
66.249.74.3 - - [20/May/2026:04:40:49 +0200] "GET /?p=507 HTTP/1.1" 301 4 "-" "Mozilla/5.0 (Linux; Android 6.0.1; Nexus 5X Build/MMB29P) AppleWebKit/537.36 (KHTML, like Gecko) Chrome/148.0.7778.96 Mobile Safari/537.36 (compatible; GoogleOther)"
66.249.74.4 - - [20/May/2026:04:40:49 +0200] "GET /2026/01/14/reve-gain-au-casino/ HTTP/1.1" 200 63936 "-" "Mozilla/5.0 (Linux; Android 6.0.1; Nexus 5X Build/MMB29P) AppleWebKit/537.36 (KHTML, like Gecko) Chrome/148.0.7778.96 Mobile Safari/537.36 (compatible; GoogleOther)"
109.234.165.82 - - [20/May/2026:04:42:34 +0200] "POST /wp-cron.php?doing_wp_cron=1779244954.9467060565948486328125 HTTP/1.1" 404 45741 "http://www.mariereinebenie.lasection52.com/wp-cron.php?doing_wp_cron=1779244954.9467060565948486328125" "WordPress/5.3.21; http://www.mariereinebenie.lasection52.com"
66.249.74.4 - - [20/May/2026:04:42:34 +0200] "GET /?p=414 HTTP/1.1" 301 4 "-" "Mozilla/5.0 (Linux; Android 6.0.1; Nexus 5X Build/MMB29P) AppleWebKit/537.36 (KHTML, like Gecko) Chrome/148.0.7778.96 Mobile Safari/537.36 (compatible; GoogleOther)"
66.249.74.4 - - [20/May/2026:04:42:35 +0200] "GET /2026/01/14/meilleurs-jeux-de-casino-android-gratuits/ HTTP/1.1" 200 64137 "-" "Mozilla/5.0 (Linux; Android 6.0.1; Nexus 5X Build/MMB29P) AppleWebKit/537.36 (KHTML, like Gecko) Chrome/148.0.7778.96 Mobile Safari/537.36 (compatible; GoogleOther)"
109.234.165.82 - - [20/May/2026:04:47:52 +0200] "POST /wp-cron.php?doing_wp_cron=1779245272.5978460311889648437500 HTTP/1.1" 404 45741 "http://www.mariereinebenie.lasection52.com/wp-cron.php?doing_wp_cron=1779245272.5978460311889648437500" "WordPress/5.3.21; http://www.mariereinebenie.lasection52.com"
66.249.74.4 - - [20/May/2026:04:47:52 +0200] "GET /?p=397 HTTP/1.1" 301 4 "-" "Mozilla/5.0 (Linux; Android 6.0.1; Nexus 5X Build/MMB29P) AppleWebKit/537.36 (KHTML, like Gecko) Chrome/148.0.7778.96 Mobile Safari/537.36 (compatible; GoogleOther)"
66.249.74.3 - - [20/May/2026:04:47:53 +0200] "GET /2026/01/14/astuces-et-astuces-de-roulette-am%C3%A9ricaines/ HTTP/1.1" 200 64856 "-" "Mozilla/5.0 (Linux; Android 6.0.1; Nexus 5X Build/MMB29P) AppleWebKit/537.36 (KHTML, like Gecko) Chrome/148.0.7778.96 Mobile Safari/537.36 (compatible; GoogleOther)"
109.234.165.82 - - [20/May/2026:04:50:06 +0200] "POST /wp-cron.php?doing_wp_cron=1779245406.1595220565795898437500 HTTP/1.1" 404 45741 "http://www.mariereinebenie.lasection52.com/wp-cron.php?doing_wp_cron=1779245406.1595220565795898437500" "WordPress/5.3.21; http://www.mariereinebenie.lasection52.com"
66.249.74.4 - - [20/May/2026:04:50:06 +0200] "GET /?p=535 HTTP/1.1" 301 4 "-" "Mozilla/5.0 (Linux; Android 6.0.1; Nexus 5X Build/MMB29P) AppleWebKit/537.36 (KHTML, like Gecko) Chrome/148.0.7778.96 Mobile Safari/537.36 (compatible; GoogleOther)"
66.249.74.3 - - [20/May/2026:04:50:07 +0200] "GET /2026/01/14/liste-jeu-casino/ HTTP/1.1" 200 64671 "-" "Mozilla/5.0 (Linux; Android 6.0.1; Nexus 5X Build/MMB29P) AppleWebKit/537.36 (KHTML, like Gecko) Chrome/148.0.7778.96 Mobile Safari/537.36 (compatible; GoogleOther)"
109.234.165.82 - - [20/May/2026:04:51:12 +0200] "POST /wp-cron.php?doing_wp_cron=1779245472.2781488895416259765625 HTTP/1.1" 404 45741 "http://www.mariereinebenie.lasection52.com/wp-cron.php?doing_wp_cron=1779245472.2781488895416259765625" "WordPress/5.3.21; http://www.mariereinebenie.lasection52.com"
66.249.74.2 - - [20/May/2026:04:51:12 +0200] "GET /?p=647 HTTP/1.1" 301 4 "-" "Mozilla/5.0 (Linux; Android 6.0.1; Nexus 5X Build/MMB29P) AppleWebKit/537.36 (KHTML, like Gecko) Chrome/148.0.7778.96 Mobile Safari/537.36 (compatible; GoogleOther)"
66.249.74.2 - - [20/May/2026:04:51:12 +0200] "GET /2026/01/14/comment-gagner-sur-machine-%C3%A0-sous-un-casino/ HTTP/1.1" 200 65755 "-" "Mozilla/5.0 (Linux; Android 6.0.1; Nexus 5X Build/MMB29P) AppleWebKit/537.36 (KHTML, like Gecko) Chrome/148.0.7778.96 Mobile Safari/537.36 (compatible; GoogleOther)"
109.234.165.82 - - [20/May/2026:04:52:37 +0200] "POST /wp-cron.php?doing_wp_cron=1779245557.6641631126403808593750 HTTP/1.1" 404 45741 "http://www.mariereinebenie.lasection52.com/wp-cron.php?doing_wp_cron=1779245557.6641631126403808593750" "WordPress/5.3.21; http://www.mariereinebenie.lasection52.com"
66.249.74.3 - - [20/May/2026:04:52:37 +0200] "GET /?p=496 HTTP/1.1" 301 4 "-" "Mozilla/5.0 (Linux; Android 6.0.1; Nexus 5X Build/MMB29P) AppleWebKit/537.36 (KHTML, like Gecko) Chrome/148.0.7778.96 Mobile Safari/537.36 (compatible; Googlebot/2.1; +http://www.google.com/bot.html)"
66.249.74.3 - - [20/May/2026:04:52:37 +0200] "GET /2026/01/14/jeu-de-casino-avec-les-meilleures-chances-pour-gagner/ HTTP/1.1" 200 64736 "-" "Mozilla/5.0 (Linux; Android 6.0.1; Nexus 5X Build/MMB29P) AppleWebKit/537.36 (KHTML, like Gecko) Chrome/148.0.7778.96 Mobile Safari/537.36 (compatible; Googlebot/2.1; +http://www.google.com/bot.html)"
109.234.165.82 - - [20/May/2026:04:54:17 +0200] "POST /wp-cron.php?doing_wp_cron=1779245657.0464179515838623046875 HTTP/1.1" 404 45741 "http://www.mariereinebenie.lasection52.com/wp-cron.php?doing_wp_cron=1779245657.0464179515838623046875" "WordPress/5.3.21; http://www.mariereinebenie.lasection52.com"
66.249.74.3 - - [20/May/2026:04:54:17 +0200] "GET /?p=542 HTTP/1.1" 301 4 "-" "Mozilla/5.0 (Linux; Android 6.0.1; Nexus 5X Build/MMB29P) AppleWebKit/537.36 (KHTML, like Gecko) Chrome/148.0.7778.96 Mobile Safari/537.36 (compatible; Googlebot/2.1; +http://www.google.com/bot.html)"
66.249.74.4 - - [20/May/2026:04:54:17 +0200] "GET /2026/01/14/caesars-casino-en-ligne/ HTTP/1.1" 200 63825 "-" "Mozilla/5.0 (Linux; Android 6.0.1; Nexus 5X Build/MMB29P) AppleWebKit/537.36 (KHTML, like Gecko) Chrome/148.0.7778.96 Mobile Safari/537.36 (compatible; Googlebot/2.1; +http://www.google.com/bot.html)"
66.249.74.3 - - [20/May/2026:04:54:32 +0200] "GET /?p=455 HTTP/1.1" 301 4 "-" "Mozilla/5.0 (Linux; Android 6.0.1; Nexus 5X Build/MMB29P) AppleWebKit/537.36 (KHTML, like Gecko) Chrome/148.0.7778.96 Mobile Safari/537.36 (compatible; Googlebot/2.1; +http://www.google.com/bot.html)"
66.249.74.2 - - [20/May/2026:04:54:33 +0200] "GET /2026/01/14/playboom24-casino-50-free-spins/ HTTP/1.1" 200 64209 "-" "Mozilla/5.0 (Linux; Android 6.0.1; Nexus 5X Build/MMB29P) AppleWebKit/537.36 (KHTML, like Gecko) Chrome/148.0.7778.96 Mobile Safari/537.36 (compatible; Googlebot/2.1; +http://www.google.com/bot.html)"
66.249.74.2 - - [20/May/2026:04:54:48 +0200] "GET /?p=535 HTTP/1.1" 301 4 "-" "Mozilla/5.0 (Linux; Android 6.0.1; Nexus 5X Build/MMB29P) AppleWebKit/537.36 (KHTML, like Gecko) Chrome/148.0.7778.96 Mobile Safari/537.36 (compatible; Googlebot/2.1; +http://www.google.com/bot.html)"
66.249.74.2 - - [20/May/2026:04:54:49 +0200] "GET /2026/01/14/liste-jeu-casino/ HTTP/1.1" 200 64671 "-" "Mozilla/5.0 (Linux; Android 6.0.1; Nexus 5X Build/MMB29P) AppleWebKit/537.36 (KHTML, like Gecko) Chrome/148.0.7778.96 Mobile Safari/537.36 (compatible; Googlebot/2.1; +http://www.google.com/bot.html)"
66.249.74.3 - - [20/May/2026:04:55:16 +0200] "GET /?p=488 HTTP/1.1" 301 4 "-" "Mozilla/5.0 (Linux; Android 6.0.1; Nexus 5X Build/MMB29P) AppleWebKit/537.36 (KHTML, like Gecko) Chrome/148.0.7778.96 Mobile Safari/537.36 (compatible; GoogleOther)"
66.249.74.3 - - [20/May/2026:04:55:16 +0200] "GET /2026/01/14/meilleur-jeu-de-machines-%C3%A0-sous-en-jeu/ HTTP/1.1" 200 64756 "-" "Mozilla/5.0 (Linux; Android 6.0.1; Nexus 5X Build/MMB29P) AppleWebKit/537.36 (KHTML, like Gecko) Chrome/148.0.7778.96 Mobile Safari/537.36 (compatible; GoogleOther)"
109.234.165.82 - - [20/May/2026:04:55:20 +0200] "POST /wp-cron.php?doing_wp_cron=1779245720.7929270267486572265625 HTTP/1.1" 404 45741 "http://www.mariereinebenie.lasection52.com/wp-cron.php?doing_wp_cron=1779245720.7929270267486572265625" "WordPress/5.3.21; http://www.mariereinebenie.lasection52.com"
66.249.74.2 - - [20/May/2026:04:55:20 +0200] "GET /?p=434 HTTP/1.1" 301 4 "-" "Mozilla/5.0 (Linux; Android 6.0.1; Nexus 5X Build/MMB29P) AppleWebKit/537.36 (KHTML, like Gecko) Chrome/148.0.7778.96 Mobile Safari/537.36 (compatible; Googlebot/2.1; +http://www.google.com/bot.html)"
66.249.74.2 - - [20/May/2026:04:55:21 +0200] "GET /2026/01/14/casino-en-ligne-avec-jackpot/ HTTP/1.1" 200 64075 "-" "Mozilla/5.0 (Linux; Android 6.0.1; Nexus 5X Build/MMB29P) AppleWebKit/537.36 (KHTML, like Gecko) Chrome/148.0.7778.96 Mobile Safari/537.36 (compatible; Googlebot/2.1; +http://www.google.com/bot.html)"
66.249.74.4 - - [20/May/2026:04:56:07 +0200] "GET /?p=405 HTTP/1.1" 301 4 "-" "Mozilla/5.0 (Linux; Android 6.0.1; Nexus 5X Build/MMB29P) AppleWebKit/537.36 (KHTML, like Gecko) Chrome/148.0.7778.96 Mobile Safari/537.36 (compatible; GoogleOther)"
66.249.74.3 - - [20/May/2026:04:56:07 +0200] "GET /2026/01/14/jeux-de-casino-slots-fruit/ HTTP/1.1" 200 65025 "-" "Mozilla/5.0 (Linux; Android 6.0.1; Nexus 5X Build/MMB29P) AppleWebKit/537.36 (KHTML, like Gecko) Chrome/148.0.7778.96 Mobile Safari/537.36 (compatible; GoogleOther)"
109.234.165.82 - - [20/May/2026:04:56:42 +0200] "POST /wp-cron.php?doing_wp_cron=1779245802.0135478973388671875000 HTTP/1.1" 404 45741 "http://www.mariereinebenie.lasection52.com/wp-cron.php?doing_wp_cron=1779245802.0135478973388671875000" "WordPress/5.3.21; http://www.mariereinebenie.lasection52.com"
66.249.74.3 - - [20/May/2026:04:56:41 +0200] "GET /?p=480 HTTP/1.1" 301 4 "-" "Mozilla/5.0 (Linux; Android 6.0.1; Nexus 5X Build/MMB29P) AppleWebKit/537.36 (KHTML, like Gecko) Chrome/148.0.7778.96 Mobile Safari/537.36 (compatible; GoogleOther)"
66.249.74.2 - - [20/May/2026:04:56:42 +0200] "GET /2026/01/14/jeu-casino-fran%C3%A7ais/ HTTP/1.1" 200 64491 "-" "Mozilla/5.0 (Linux; Android 6.0.1; Nexus 5X Build/MMB29P) AppleWebKit/537.36 (KHTML, like Gecko) Chrome/148.0.7778.96 Mobile Safari/537.36 (compatible; GoogleOther)"
66.249.74.3 - - [20/May/2026:04:58:00 +0200] "GET /2026/01/14/jeux-de-casino-slots-fruit/ HTTP/1.1" 200 65025 "-" "Mozilla/5.0 (Linux; Android 6.0.1; Nexus 5X Build/MMB29P) AppleWebKit/537.36 (KHTML, like Gecko) Chrome/148.0.7778.96 Mobile Safari/537.36 (compatible; Googlebot/2.1; +http://www.google.com/bot.html)"
52.167.144.236 - - [20/May/2026:04:58:15 +0200] "GET /?aced9184907702.html HTTP/1.1" 301 4 "-" "Mozilla/5.0 AppleWebKit/537.36 (KHTML, like Gecko; compatible; bingbot/2.0; +http://www.bing.com/bingbot.htm) Chrome/116.0.1938.76 Safari/537.36"
52.167.144.236 - - [20/May/2026:04:58:15 +0200] "GET /?667f43574775002.html HTTP/1.1" 301 4 "-" "Mozilla/5.0 AppleWebKit/537.36 (KHTML, like Gecko; compatible; bingbot/2.0; +http://www.bing.com/bingbot.htm) Chrome/116.0.1938.76 Safari/537.36"
66.249.74.2 - - [20/May/2026:04:58:31 +0200] "GET /2026/01/14/la-roulette-anglaise-astuce/ HTTP/1.1" 200 64268 "-" "Mozilla/5.0 (Linux; Android 6.0.1; Nexus 5X Build/MMB29P) AppleWebKit/537.36 (KHTML, like Gecko) Chrome/148.0.7778.96 Mobile Safari/537.36 (compatible; Googlebot/2.1; +http://www.google.com/bot.html)"
109.234.165.82 - - [20/May/2026:05:00:21 +0200] "POST /wp-cron.php?doing_wp_cron=1779246021.4425740242004394531250 HTTP/1.1" 404 45741 "http://www.mariereinebenie.lasection52.com/wp-cron.php?doing_wp_cron=1779246021.4425740242004394531250" "WordPress/5.3.21; http://www.mariereinebenie.lasection52.com"
66.249.74.2 - - [20/May/2026:05:00:21 +0200] "GET /?p=358 HTTP/1.1" 301 4 "-" "Mozilla/5.0 (Linux; Android 6.0.1; Nexus 5X Build/MMB29P) AppleWebKit/537.36 (KHTML, like Gecko) Chrome/148.0.7778.96 Mobile Safari/537.36 (compatible; GoogleOther)"
66.249.74.2 - - [20/May/2026:05:00:22 +0200] "GET /2026/01/14/conseils-roulette-gagnez/ HTTP/1.1" 200 64735 "-" "Mozilla/5.0 (Linux; Android 6.0.1; Nexus 5X Build/MMB29P) AppleWebKit/537.36 (KHTML, like Gecko) Chrome/148.0.7778.96 Mobile Safari/537.36 (compatible; GoogleOther)"
66.249.74.3 - - [20/May/2026:05:00:35 +0200] "GET /2026/01/14/conseils-roulette-gagnez/ HTTP/1.1" 200 64735 "-" "Mozilla/5.0 (Linux; Android 6.0.1; Nexus 5X Build/MMB29P) AppleWebKit/537.36 (KHTML, like Gecko) Chrome/148.0.7778.96 Mobile Safari/537.36 (compatible; Googlebot/2.1; +http://www.google.com/bot.html)"
66.249.74.2 - - [20/May/2026:05:00:52 +0200] "GET /?p=437 HTTP/1.1" 301 4 "-" "Mozilla/5.0 (Linux; Android 6.0.1; Nexus 5X Build/MMB29P) AppleWebKit/537.36 (KHTML, like Gecko) Chrome/148.0.7778.96 Mobile Safari/537.36 (compatible; GoogleOther)"
66.249.74.2 - - [20/May/2026:05:00:53 +0200] "GET /2026/01/14/conseils-de-miser-de-roulette/ HTTP/1.1" 200 64797 "-" "Mozilla/5.0 (Linux; Android 6.0.1; Nexus 5X Build/MMB29P) AppleWebKit/537.36 (KHTML, like Gecko) Chrome/148.0.7778.96 Mobile Safari/537.36 (compatible; GoogleOther)"
52.167.144.236 - - [20/May/2026:05:01:27 +0200] "GET /?05b1d65012701.html HTTP/1.1" 301 4 "-" "Mozilla/5.0 AppleWebKit/537.36 (KHTML, like Gecko; compatible; bingbot/2.0; +http://www.bing.com/bingbot.htm) Chrome/116.0.1938.76 Safari/537.36"
40.77.167.56 - - [20/May/2026:05:01:32 +0200] "GET /?613fa297541901.html HTTP/1.1" 301 4 "-" "Mozilla/5.0 AppleWebKit/537.36 (KHTML, like Gecko; compatible; bingbot/2.0; +http://www.bing.com/bingbot.htm) Chrome/116.0.1938.76 Safari/537.36"
40.77.167.56 - - [20/May/2026:05:01:32 +0200] "GET /?591f932411501.html HTTP/1.1" 301 4 "-" "Mozilla/5.0 AppleWebKit/537.36 (KHTML, like Gecko; compatible; bingbot/2.0; +http://www.bing.com/bingbot.htm) Chrome/116.0.1938.76 Safari/537.36"
52.167.144.236 - - [20/May/2026:05:01:58 +0200] "GET /?af4da3613326002.html HTTP/1.1" 301 4 "-" "Mozilla/5.0 AppleWebKit/537.36 (KHTML, like Gecko; compatible; bingbot/2.0; +http://www.bing.com/bingbot.htm) Chrome/116.0.1938.76 Safari/537.36"
52.167.144.236 - - [20/May/2026:05:01:58 +0200] "GET /?be43e911780002.html HTTP/1.1" 301 4 "-" "Mozilla/5.0 AppleWebKit/537.36 (KHTML, like Gecko; compatible; bingbot/2.0; +http://www.bing.com/bingbot.htm) Chrome/116.0.1938.76 Safari/537.36"
52.167.144.236 - - [20/May/2026:05:01:59 +0200] "GET /?611e23290727802.html HTTP/1.1" 301 4 "-" "Mozilla/5.0 AppleWebKit/537.36 (KHTML, like Gecko; compatible; bingbot/2.0; +http://www.bing.com/bingbot.htm) Chrome/116.0.1938.76 Safari/537.36"
52.167.144.236 - - [20/May/2026:05:01:59 +0200] "GET /?88fd1674574402.html HTTP/1.1" 301 4 "-" "Mozilla/5.0 AppleWebKit/537.36 (KHTML, like Gecko; compatible; bingbot/2.0; +http://www.bing.com/bingbot.htm) Chrome/116.0.1938.76 Safari/537.36"
52.167.144.236 - - [20/May/2026:05:02:00 +0200] "GET /?ffd4f233966201.html HTTP/1.1" 301 4 "-" "Mozilla/5.0 AppleWebKit/537.36 (KHTML, like Gecko; compatible; bingbot/2.0; +http://www.bing.com/bingbot.htm) Chrome/116.0.1938.76 Safari/537.36"
52.167.144.236 - - [20/May/2026:05:02:07 +0200] "GET /?fdd47270449001.html HTTP/1.1" 301 4 "-" "Mozilla/5.0 AppleWebKit/537.36 (KHTML, like Gecko; compatible; bingbot/2.0; +http://www.bing.com/bingbot.htm) Chrome/116.0.1938.76 Safari/537.36"
66.249.74.2 - - [20/May/2026:05:05:50 +0200] "GET /?p=379 HTTP/1.1" 301 4 "-" "Mozilla/5.0 (Linux; Android 6.0.1; Nexus 5X Build/MMB29P) AppleWebKit/537.36 (KHTML, like Gecko) Chrome/148.0.7778.96 Mobile Safari/537.36 (compatible; GoogleOther)"
66.249.74.2 - - [20/May/2026:05:05:51 +0200] "GET /2026/01/14/jeux-de-casino-bonus-gratuits-en-ligne/ HTTP/1.1" 200 64860 "-" "Mozilla/5.0 (Linux; Android 6.0.1; Nexus 5X Build/MMB29P) AppleWebKit/537.36 (KHTML, like Gecko) Chrome/148.0.7778.96 Mobile Safari/537.36 (compatible; GoogleOther)"
109.234.165.82 - - [20/May/2026:05:08:00 +0200] "POST /wp-cron.php?doing_wp_cron=1779246480.9040908813476562500000 HTTP/1.1" 404 45741 "http://www.mariereinebenie.lasection52.com/wp-cron.php?doing_wp_cron=1779246480.9040908813476562500000" "WordPress/5.3.21; http://www.mariereinebenie.lasection52.com"
66.249.74.3 - - [20/May/2026:05:08:00 +0200] "GET /?p=452 HTTP/1.1" 301 4 "-" "Mozilla/5.0 (Linux; Android 6.0.1; Nexus 5X Build/MMB29P) AppleWebKit/537.36 (KHTML, like Gecko) Chrome/148.0.7778.96 Mobile Safari/537.36 (compatible; GoogleOther)"
66.249.74.3 - - [20/May/2026:05:08:01 +0200] "GET /2026/01/14/r%C3%A9sultats-keno-hier/ HTTP/1.1" 200 64799 "-" "Mozilla/5.0 (Linux; Android 6.0.1; Nexus 5X Build/MMB29P) AppleWebKit/537.36 (KHTML, like Gecko) Chrome/148.0.7778.96 Mobile Safari/537.36 (compatible; GoogleOther)"
109.234.165.82 - - [20/May/2026:05:09:30 +0200] "POST /wp-cron.php?doing_wp_cron=1779246570.2187769412994384765625 HTTP/1.1" 404 45741 "http://www.mariereinebenie.lasection52.com/wp-cron.php?doing_wp_cron=1779246570.2187769412994384765625" "WordPress/5.3.21; http://www.mariereinebenie.lasection52.com"
66.249.74.4 - - [20/May/2026:05:09:30 +0200] "GET /?p=530 HTTP/1.1" 301 4 "-" "Mozilla/5.0 (Linux; Android 6.0.1; Nexus 5X Build/MMB29P) AppleWebKit/537.36 (KHTML, like Gecko) Chrome/148.0.7778.96 Mobile Safari/537.36 (compatible; GoogleOther)"
66.249.74.2 - - [20/May/2026:05:09:31 +0200] "GET /2026/01/14/machines-%C3%A0-sous-avec-le-meilleur-paiement/ HTTP/1.1" 200 65453 "-" "Mozilla/5.0 (Linux; Android 6.0.1; Nexus 5X Build/MMB29P) AppleWebKit/537.36 (KHTML, like Gecko) Chrome/148.0.7778.96 Mobile Safari/537.36 (compatible; GoogleOther)"
109.234.165.82 - - [20/May/2026:05:13:23 +0200] "POST /wp-cron.php?doing_wp_cron=1779246803.6244750022888183593750 HTTP/1.1" 404 45741 "http://www.mariereinebenie.lasection52.com/wp-cron.php?doing_wp_cron=1779246803.6244750022888183593750" "WordPress/5.3.21; http://www.mariereinebenie.lasection52.com"
52.167.144.236 - - [20/May/2026:05:13:23 +0200] "GET /?62bc23552405902.html HTTP/1.1" 301 4 "-" "Mozilla/5.0 AppleWebKit/537.36 (KHTML, like Gecko; compatible; bingbot/2.0; +http://www.bing.com/bingbot.htm) Chrome/116.0.1938.76 Safari/537.36"
40.77.167.58 - - [20/May/2026:05:13:28 +0200] "GET /?24c6f306681102.html HTTP/1.1" 301 4 "-" "Mozilla/5.0 AppleWebKit/537.36 (KHTML, like Gecko; compatible; bingbot/2.0; +http://www.bing.com/bingbot.htm) Chrome/116.0.1938.76 Safari/537.36"
40.77.167.58 - - [20/May/2026:05:13:29 +0200] "GET /?da1d8134464701.html HTTP/1.1" 301 4 "-" "Mozilla/5.0 AppleWebKit/537.36 (KHTML, like Gecko; compatible; bingbot/2.0; +http://www.bing.com/bingbot.htm) Chrome/116.0.1938.76 Safari/537.36"
66.249.74.3 - - [20/May/2026:05:14:59 +0200] "GET /?p=419 HTTP/1.1" 301 4 "-" "Mozilla/5.0 (Linux; Android 6.0.1; Nexus 5X Build/MMB29P) AppleWebKit/537.36 (KHTML, like Gecko) Chrome/148.0.7778.96 Mobile Safari/537.36 (compatible; GoogleOther)"
66.249.74.4 - - [20/May/2026:05:15:00 +0200] "GET /2026/01/14/jeux-de-casino-virtuels-qui-gagnent-de-l-argent-r%C3%A9el/ HTTP/1.1" 200 65682 "-" "Mozilla/5.0 (Linux; Android 6.0.1; Nexus 5X Build/MMB29P) AppleWebKit/537.36 (KHTML, like Gecko) Chrome/148.0.7778.96 Mobile Safari/537.36 (compatible; GoogleOther)"
66.249.74.3 - - [20/May/2026:05:15:14 +0200] "GET /2026/01/14/jeux-de-casino-virtuels-qui-gagnent-de-l-argent-r%C3%A9el/ HTTP/1.1" 200 65682 "-" "Mozilla/5.0 (Linux; Android 6.0.1; Nexus 5X Build/MMB29P) AppleWebKit/537.36 (KHTML, like Gecko) Chrome/148.0.7778.96 Mobile Safari/537.36 (compatible; Googlebot/2.1; +http://www.google.com/bot.html)"
109.234.165.82 - - [20/May/2026:05:18:23 +0200] "POST /wp-cron.php?doing_wp_cron=1779247103.0667541027069091796875 HTTP/1.1" 404 45741 "http://www.mariereinebenie.lasection52.com/wp-cron.php?doing_wp_cron=1779247103.0667541027069091796875" "WordPress/5.3.21; http://www.mariereinebenie.lasection52.com"
40.77.167.136 - - [20/May/2026:05:18:23 +0200] "GET /?caac3460398901.html HTTP/1.1" 301 4 "-" "Mozilla/5.0 AppleWebKit/537.36 (KHTML, like Gecko; compatible; bingbot/2.0; +http://www.bing.com/bingbot.htm) Chrome/116.0.1938.76 Safari/537.36"
109.234.165.82 - - [20/May/2026:05:19:55 +0200] "POST /wp-cron.php?doing_wp_cron=1779247195.8399090766906738281250 HTTP/1.1" 404 45741 "http://www.mariereinebenie.lasection52.com/wp-cron.php?doing_wp_cron=1779247195.8399090766906738281250" "WordPress/5.3.21; http://www.mariereinebenie.lasection52.com"
66.249.74.4 - - [20/May/2026:05:19:55 +0200] "GET /?p=609 HTTP/1.1" 301 4 "-" "Mozilla/5.0 (Linux; Android 6.0.1; Nexus 5X Build/MMB29P) AppleWebKit/537.36 (KHTML, like Gecko) Chrome/148.0.7778.96 Mobile Safari/537.36 (compatible; GoogleOther)"
66.249.74.3 - - [20/May/2026:05:19:56 +0200] "GET /2026/01/14/casinos-les-plus-proches-de-paris/ HTTP/1.1" 200 65269 "-" "Mozilla/5.0 (Linux; Android 6.0.1; Nexus 5X Build/MMB29P) AppleWebKit/537.36 (KHTML, like Gecko) Chrome/148.0.7778.96 Mobile Safari/537.36 (compatible; GoogleOther)"
66.249.74.2 - - [20/May/2026:05:20:09 +0200] "GET /2026/01/14/casinos-les-plus-proches-de-paris/ HTTP/1.1" 200 65269 "-" "Mozilla/5.0 (Linux; Android 6.0.1; Nexus 5X Build/MMB29P) AppleWebKit/537.36 (KHTML, like Gecko) Chrome/148.0.7778.96 Mobile Safari/537.36 (compatible; Googlebot/2.1; +http://www.google.com/bot.html)"
66.249.74.2 - - [20/May/2026:05:20:28 +0200] "GET /?p=388 HTTP/1.1" 301 4 "-" "Mozilla/5.0 (Linux; Android 6.0.1; Nexus 5X Build/MMB29P) AppleWebKit/537.36 (KHTML, like Gecko) Chrome/148.0.7778.96 Mobile Safari/537.36 (compatible; GoogleOther)"
66.249.74.3 - - [20/May/2026:05:20:29 +0200] "GET /2026/01/14/jeux-jewels/ HTTP/1.1" 200 63762 "-" "Mozilla/5.0 (Linux; Android 6.0.1; Nexus 5X Build/MMB29P) AppleWebKit/537.36 (KHTML, like Gecko) Chrome/148.0.7778.96 Mobile Safari/537.36 (compatible; GoogleOther)"
109.234.165.82 - - [20/May/2026:05:22:36 +0200] "POST /wp-cron.php?doing_wp_cron=1779247356.1943409442901611328125 HTTP/1.1" 404 45741 "http://www.mariereinebenie.lasection52.com/wp-cron.php?doing_wp_cron=1779247356.1943409442901611328125" "WordPress/5.3.21; http://www.mariereinebenie.lasection52.com"
40.77.167.16 - - [20/May/2026:05:22:36 +0200] "GET /?734663157158602.html HTTP/1.1" 301 4 "-" "Mozilla/5.0 AppleWebKit/537.36 (KHTML, like Gecko; compatible; bingbot/2.0; +http://www.bing.com/bingbot.htm) Chrome/116.0.1938.76 Safari/537.36"
40.77.167.136 - - [20/May/2026:05:23:31 +0200] "GET /?bd8ed298561001.html HTTP/1.1" 301 4 "-" "Mozilla/5.0 AppleWebKit/537.36 (KHTML, like Gecko; compatible; bingbot/2.0; +http://www.bing.com/bingbot.htm) Chrome/116.0.1938.76 Safari/537.36"
40.77.167.16 - - [20/May/2026:05:23:34 +0200] "GET /?34dc0183160801.html HTTP/1.1" 301 4 "-" "Mozilla/5.0 AppleWebKit/537.36 (KHTML, like Gecko; compatible; bingbot/2.0; +http://www.bing.com/bingbot.htm) Chrome/116.0.1938.76 Safari/537.36"
40.77.167.16 - - [20/May/2026:05:23:45 +0200] "GET /?dc9b1292606701.html HTTP/1.1" 301 4 "-" "Mozilla/5.0 AppleWebKit/537.36 (KHTML, like Gecko; compatible; bingbot/2.0; +http://www.bing.com/bingbot.htm) Chrome/116.0.1938.76 Safari/537.36"
66.249.74.3 - - [20/May/2026:05:24:18 +0200] "GET /?p=499 HTTP/1.1" 301 4 "-" "Mozilla/5.0 (Linux; Android 6.0.1; Nexus 5X Build/MMB29P) AppleWebKit/537.36 (KHTML, like Gecko) Chrome/148.0.7778.96 Mobile Safari/537.36 (compatible; GoogleOther)"
66.249.74.3 - - [20/May/2026:05:24:19 +0200] "GET /2026/01/14/comprendre-la-probabilit%C3%A9-dans-la-roulette/ HTTP/1.1" 200 64014 "-" "Mozilla/5.0 (Linux; Android 6.0.1; Nexus 5X Build/MMB29P) AppleWebKit/537.36 (KHTML, like Gecko) Chrome/148.0.7778.96 Mobile Safari/537.36 (compatible; GoogleOther)"
109.234.165.82 - - [20/May/2026:05:33:17 +0200] "POST /wp-cron.php?doing_wp_cron=1779247997.0314040184020996093750 HTTP/1.1" 404 45741 "http://www.mariereinebenie.lasection52.com/wp-cron.php?doing_wp_cron=1779247997.0314040184020996093750" "WordPress/5.3.21; http://www.mariereinebenie.lasection52.com"
66.249.74.4 - - [20/May/2026:05:33:16 +0200] "GET /?p=375 HTTP/1.1" 301 4 "-" "Mozilla/5.0 (Linux; Android 6.0.1; Nexus 5X Build/MMB29P) AppleWebKit/537.36 (KHTML, like Gecko) Chrome/148.0.7778.96 Mobile Safari/537.36 (compatible; GoogleOther)"
66.249.74.3 - - [20/May/2026:05:33:17 +0200] "GET /2026/01/14/casino-fran%C3%A7aise-des-jeux/ HTTP/1.1" 200 64352 "-" "Mozilla/5.0 (Linux; Android 6.0.1; Nexus 5X Build/MMB29P) AppleWebKit/537.36 (KHTML, like Gecko) Chrome/148.0.7778.96 Mobile Safari/537.36 (compatible; GoogleOther)"
109.234.165.82 - - [20/May/2026:05:36:56 +0200] "POST /wp-cron.php?doing_wp_cron=1779248216.5360789299011230468750 HTTP/1.1" 404 45741 "http://www.mariereinebenie.lasection52.com/wp-cron.php?doing_wp_cron=1779248216.5360789299011230468750" "WordPress/5.3.21; http://www.mariereinebenie.lasection52.com"
66.249.74.2 - - [20/May/2026:05:36:56 +0200] "GET /?p=371 HTTP/1.1" 301 4 "-" "Mozilla/5.0 (Linux; Android 6.0.1; Nexus 5X Build/MMB29P) AppleWebKit/537.36 (KHTML, like Gecko) Chrome/148.0.7778.96 Mobile Safari/537.36 (compatible; GoogleOther)"
66.249.74.2 - - [20/May/2026:05:36:57 +0200] "GET /2026/01/14/qu-est-ce-que-0-et-00-signifie-dans-la-roulette/ HTTP/1.1" 200 64687 "-" "Mozilla/5.0 (Linux; Android 6.0.1; Nexus 5X Build/MMB29P) AppleWebKit/537.36 (KHTML, like Gecko) Chrome/148.0.7778.96 Mobile Safari/537.36 (compatible; GoogleOther)"
109.234.165.82 - - [20/May/2026:05:40:06 +0200] "POST /wp-cron.php?doing_wp_cron=1779248406.1138451099395751953125 HTTP/1.1" 404 45741 "http://www.mariereinebenie.lasection52.com/wp-cron.php?doing_wp_cron=1779248406.1138451099395751953125" "WordPress/5.3.21; http://www.mariereinebenie.lasection52.com"
66.249.74.4 - - [20/May/2026:05:40:06 +0200] "GET /?p=472 HTTP/1.1" 301 4 "-" "Mozilla/5.0 (Linux; Android 6.0.1; Nexus 5X Build/MMB29P) AppleWebKit/537.36 (KHTML, like Gecko) Chrome/148.0.7778.96 Mobile Safari/537.36 (compatible; GoogleOther)"
66.249.74.2 - - [20/May/2026:05:40:06 +0200] "GET /2026/01/14/slots-progressifs-en-ligne/ HTTP/1.1" 200 63834 "-" "Mozilla/5.0 (Linux; Android 6.0.1; Nexus 5X Build/MMB29P) AppleWebKit/537.36 (KHTML, like Gecko) Chrome/148.0.7778.96 Mobile Safari/537.36 (compatible; GoogleOther)"
66.249.74.2 - - [20/May/2026:05:40:19 +0200] "GET /?p=472 HTTP/1.1" 301 4 "-" "Mozilla/5.0 (Linux; Android 6.0.1; Nexus 5X Build/MMB29P) AppleWebKit/537.36 (KHTML, like Gecko) Chrome/148.0.7778.96 Mobile Safari/537.36 (compatible; Googlebot/2.1; +http://www.google.com/bot.html)"
66.249.74.3 - - [20/May/2026:05:40:19 +0200] "GET /2026/01/14/slots-progressifs-en-ligne/ HTTP/1.1" 200 63834 "-" "Mozilla/5.0 (Linux; Android 6.0.1; Nexus 5X Build/MMB29P) AppleWebKit/537.36 (KHTML, like Gecko) Chrome/148.0.7778.96 Mobile Safari/537.36 (compatible; Googlebot/2.1; +http://www.google.com/bot.html)"
109.234.165.82 - - [20/May/2026:05:42:14 +0200] "POST /wp-cron.php?doing_wp_cron=1779248534.0844669342041015625000 HTTP/1.1" 404 45741 "http://www.mariereinebenie.lasection52.com/wp-cron.php?doing_wp_cron=1779248534.0844669342041015625000" "WordPress/5.3.21; http://www.mariereinebenie.lasection52.com"
40.77.167.25 - - [20/May/2026:05:42:14 +0200] "GET /?f6c601338101_html HTTP/1.1" 200 69448 "-" "Mozilla/5.0 AppleWebKit/537.36 (KHTML, like Gecko; compatible; bingbot/2.0; +http://www.bing.com/bingbot.htm) Chrome/116.0.1938.76 Safari/537.36"
66.249.74.3 - - [20/May/2026:05:42:25 +0200] "GET /?p=403 HTTP/1.1" 301 4 "-" "Mozilla/5.0 (Linux; Android 6.0.1; Nexus 5X Build/MMB29P) AppleWebKit/537.36 (KHTML, like Gecko) Chrome/148.0.7778.96 Mobile Safari/537.36 (compatible; GoogleOther)"
66.249.74.4 - - [20/May/2026:05:42:26 +0200] "GET /2026/01/14/casino-slots-machine-jeux-en-ligne-gratuits/ HTTP/1.1" 200 65042 "-" "Mozilla/5.0 (Linux; Android 6.0.1; Nexus 5X Build/MMB29P) AppleWebKit/537.36 (KHTML, like Gecko) Chrome/148.0.7778.96 Mobile Safari/537.36 (compatible; GoogleOther)"
52.167.144.176 - - [20/May/2026:05:42:38 +0200] "GET /?de9f8227651701.html HTTP/1.1" 301 4 "-" "Mozilla/5.0 AppleWebKit/537.36 (KHTML, like Gecko; compatible; bingbot/2.0; +http://www.bing.com/bingbot.htm) Chrome/116.0.1938.76 Safari/537.36"
109.234.165.82 - - [20/May/2026:05:44:14 +0200] "POST /wp-cron.php?doing_wp_cron=1779248654.0299639701843261718750 HTTP/1.1" 404 45741 "http://www.mariereinebenie.lasection52.com/wp-cron.php?doing_wp_cron=1779248654.0299639701843261718750" "WordPress/5.3.21; http://www.mariereinebenie.lasection52.com"
40.77.167.58 - - [20/May/2026:05:44:13 +0200] "GET /?91be4493477201_html HTTP/1.1" 200 69450 "-" "Mozilla/5.0 AppleWebKit/537.36 (KHTML, like Gecko; compatible; bingbot/2.0; +http://www.bing.com/bingbot.htm) Chrome/116.0.1938.76 Safari/537.36"
52.167.144.176 - - [20/May/2026:05:45:04 +0200] "GET /?ac78b466802601.html HTTP/1.1" 301 4 "-" "Mozilla/5.0 AppleWebKit/537.36 (KHTML, like Gecko; compatible; bingbot/2.0; +http://www.bing.com/bingbot.htm) Chrome/116.0.1938.76 Safari/537.36"
52.167.144.176 - - [20/May/2026:05:45:05 +0200] "GET /?4b1b3298681401.html HTTP/1.1" 301 4 "-" "Mozilla/5.0 AppleWebKit/537.36 (KHTML, like Gecko; compatible; bingbot/2.0; +http://www.bing.com/bingbot.htm) Chrome/116.0.1938.76 Safari/537.36"
40.77.167.116 - - [20/May/2026:05:45:06 +0200] "GET /?313e2151934301.html HTTP/1.1" 301 4 "-" "Mozilla/5.0 AppleWebKit/537.36 (KHTML, like Gecko; compatible; bingbot/2.0; +http://www.bing.com/bingbot.htm) Chrome/116.0.1938.76 Safari/537.36"
40.77.167.11 - - [20/May/2026:05:45:08 +0200] "GET /?150283619639302.html HTTP/1.1" 301 4 "-" "Mozilla/5.0 AppleWebKit/537.36 (KHTML, like Gecko; compatible; bingbot/2.0; +http://www.bing.com/bingbot.htm) Chrome/116.0.1938.76 Safari/537.36"
66.249.74.2 - - [20/May/2026:05:46:39 +0200] "GET /?p=465 HTTP/1.1" 301 4 "-" "Mozilla/5.0 (Linux; Android 6.0.1; Nexus 5X Build/MMB29P) AppleWebKit/537.36 (KHTML, like Gecko) Chrome/148.0.7778.96 Mobile Safari/537.36 (compatible; GoogleOther)"
66.249.74.2 - - [20/May/2026:05:46:40 +0200] "GET /2026/01/14/promo-casino-en-ligne/ HTTP/1.1" 200 63576 "-" "Mozilla/5.0 (Linux; Android 6.0.1; Nexus 5X Build/MMB29P) AppleWebKit/537.36 (KHTML, like Gecko) Chrome/148.0.7778.96 Mobile Safari/537.36 (compatible; GoogleOther)"
109.234.165.82 - - [20/May/2026:05:47:55 +0200] "POST /wp-cron.php?doing_wp_cron=1779248875.0737729072570800781250 HTTP/1.1" 404 45741 "http://www.mariereinebenie.lasection52.com/wp-cron.php?doing_wp_cron=1779248875.0737729072570800781250" "WordPress/5.3.21; http://www.mariereinebenie.lasection52.com"
66.249.74.2 - - [20/May/2026:05:47:55 +0200] "GET /?p=447 HTTP/1.1" 301 4 "-" "Mozilla/5.0 (Linux; Android 6.0.1; Nexus 5X Build/MMB29P) AppleWebKit/537.36 (KHTML, like Gecko) Chrome/148.0.7778.96 Mobile Safari/537.36 (compatible; GoogleOther)"
66.249.74.4 - - [20/May/2026:05:47:55 +0200] "GET /2026/01/14/machines-%C3%A0-sous-pour-jouer-gratuitsment/ HTTP/1.1" 200 65794 "-" "Mozilla/5.0 (Linux; Android 6.0.1; Nexus 5X Build/MMB29P) AppleWebKit/537.36 (KHTML, like Gecko) Chrome/148.0.7778.96 Mobile Safari/537.36 (compatible; GoogleOther)"
109.234.165.82 - - [20/May/2026:05:51:34 +0200] "POST /wp-cron.php?doing_wp_cron=1779249094.7362670898437500000000 HTTP/1.1" 404 45741 "http://www.mariereinebenie.lasection52.com/wp-cron.php?doing_wp_cron=1779249094.7362670898437500000000" "WordPress/5.3.21; http://www.mariereinebenie.lasection52.com"
66.249.74.4 - - [20/May/2026:05:51:34 +0200] "GET /?p=557 HTTP/1.1" 301 4 "-" "Mozilla/5.0 (Linux; Android 6.0.1; Nexus 5X Build/MMB29P) AppleWebKit/537.36 (KHTML, like Gecko) Chrome/148.0.7778.96 Mobile Safari/537.36 (compatible; GoogleOther)"
66.249.74.2 - - [20/May/2026:05:51:35 +0200] "GET /2026/01/14/jouer-gratuitsment-dans-les-machines-%C3%A0-sous/ HTTP/1.1" 200 64833 "-" "Mozilla/5.0 (Linux; Android 6.0.1; Nexus 5X Build/MMB29P) AppleWebKit/537.36 (KHTML, like Gecko) Chrome/148.0.7778.96 Mobile Safari/537.36 (compatible; GoogleOther)"
40.77.167.11 - - [20/May/2026:05:51:56 +0200] "GET /?db4f980713901.html HTTP/1.1" 301 4 "-" "Mozilla/5.0 AppleWebKit/537.36 (KHTML, like Gecko; compatible; bingbot/2.0; +http://www.bing.com/bingbot.htm) Chrome/116.0.1938.76 Safari/537.36"
40.77.167.11 - - [20/May/2026:05:51:56 +0200] "GET /?7367c278507701.html HTTP/1.1" 301 4 "-" "Mozilla/5.0 AppleWebKit/537.36 (KHTML, like Gecko; compatible; bingbot/2.0; +http://www.bing.com/bingbot.htm) Chrome/116.0.1938.76 Safari/537.36"
109.234.165.82 - - [20/May/2026:05:53:15 +0200] "POST /wp-cron.php?doing_wp_cron=1779249195.9802539348602294921875 HTTP/1.1" 404 45741 "http://www.mariereinebenie.lasection52.com/wp-cron.php?doing_wp_cron=1779249195.9802539348602294921875" "WordPress/5.3.21; http://www.mariereinebenie.lasection52.com"
66.249.74.4 - - [20/May/2026:05:53:15 +0200] "GET /?p=460 HTTP/1.1" 301 4 "-" "Mozilla/5.0 (Linux; Android 6.0.1; Nexus 5X Build/MMB29P) AppleWebKit/537.36 (KHTML, like Gecko) Chrome/148.0.7778.96 Mobile Safari/537.36 (compatible; GoogleOther)"
66.249.74.4 - - [20/May/2026:05:53:16 +0200] "GET /2026/01/14/leon-casino-no-deposit-bonus/ HTTP/1.1" 200 63402 "-" "Mozilla/5.0 (Linux; Android 6.0.1; Nexus 5X Build/MMB29P) AppleWebKit/537.36 (KHTML, like Gecko) Chrome/148.0.7778.96 Mobile Safari/537.36 (compatible; GoogleOther)"
109.234.165.82 - - [20/May/2026:05:54:48 +0200] "POST /wp-cron.php?doing_wp_cron=1779249288.0697650909423828125000 HTTP/1.1" 404 45741 "http://www.mariereinebenie.lasection52.com/wp-cron.php?doing_wp_cron=1779249288.0697650909423828125000" "WordPress/5.3.21; http://www.mariereinebenie.lasection52.com"
40.77.167.230 - - [20/May/2026:05:54:48 +0200] "GET /?bab95465649501.html HTTP/1.1" 301 4 "-" "Mozilla/5.0 AppleWebKit/537.36 (KHTML, like Gecko; compatible; bingbot/2.0; +http://www.bing.com/bingbot.htm) Chrome/116.0.1938.76 Safari/537.36"
40.77.167.7 - - [20/May/2026:05:54:57 +0200] "GET /?9453a270355301.html HTTP/1.1" 301 4 "-" "Mozilla/5.0 AppleWebKit/537.36 (KHTML, like Gecko; compatible; bingbot/2.0; +http://www.bing.com/bingbot.htm) Chrome/116.0.1938.76 Safari/537.36"
109.234.165.82 - - [20/May/2026:05:58:01 +0200] "POST /wp-cron.php?doing_wp_cron=1779249481.6772010326385498046875 HTTP/1.1" 404 45741 "http://www.mariereinebenie.lasection52.com/wp-cron.php?doing_wp_cron=1779249481.6772010326385498046875" "WordPress/5.3.21; http://www.mariereinebenie.lasection52.com"
66.249.74.3 - - [20/May/2026:05:58:01 +0200] "GET /?p=399 HTTP/1.1" 301 4 "-" "Mozilla/5.0 (Linux; Android 6.0.1; Nexus 5X Build/MMB29P) AppleWebKit/537.36 (KHTML, like Gecko) Chrome/148.0.7778.96 Mobile Safari/537.36 (compatible; GoogleOther)"
66.249.74.2 - - [20/May/2026:05:58:02 +0200] "GET /2026/01/14/casino-ouvert-dimanche/ HTTP/1.1" 200 64097 "-" "Mozilla/5.0 (Linux; Android 6.0.1; Nexus 5X Build/MMB29P) AppleWebKit/537.36 (KHTML, like Gecko) Chrome/148.0.7778.96 Mobile Safari/537.36 (compatible; GoogleOther)"
109.234.165.82 - - [20/May/2026:06:00:06 +0200] "POST /wp-cron.php?doing_wp_cron=1779249606.7317399978637695312500 HTTP/1.1" 404 45741 "http://www.mariereinebenie.lasection52.com/wp-cron.php?doing_wp_cron=1779249606.7317399978637695312500" "WordPress/5.3.21; http://www.mariereinebenie.lasection52.com"
40.77.167.7 - - [20/May/2026:06:00:06 +0200] "GET /?dcddc308494601.html HTTP/1.1" 301 4 "-" "Mozilla/5.0 AppleWebKit/537.36 (KHTML, like Gecko; compatible; bingbot/2.0; +http://www.bing.com/bingbot.htm) Chrome/116.0.1938.76 Safari/537.36"
109.234.165.82 - - [20/May/2026:06:01:21 +0200] "POST /wp-cron.php?doing_wp_cron=1779249681.4326269626617431640625 HTTP/1.1" 404 45741 "http://www.mariereinebenie.lasection52.com/wp-cron.php?doing_wp_cron=1779249681.4326269626617431640625" "WordPress/5.3.21; http://www.mariereinebenie.lasection52.com"
66.249.74.2 - - [20/May/2026:06:01:21 +0200] "GET /?p=402 HTTP/1.1" 301 4 "-" "Mozilla/5.0 (Linux; Android 6.0.1; Nexus 5X Build/MMB29P) AppleWebKit/537.36 (KHTML, like Gecko) Chrome/148.0.7778.96 Mobile Safari/537.36 (compatible; GoogleOther)"
66.249.74.4 - - [20/May/2026:06:01:22 +0200] "GET /2026/01/14/casinos-en-lignes/ HTTP/1.1" 200 64841 "-" "Mozilla/5.0 (Linux; Android 6.0.1; Nexus 5X Build/MMB29P) AppleWebKit/537.36 (KHTML, like Gecko) Chrome/148.0.7778.96 Mobile Safari/537.36 (compatible; GoogleOther)"
