109.234.165.82 - - [20/May/2026:06:07:26 +0200] "POST /wp-cron.php?doing_wp_cron=1779250046.5881109237670898437500 HTTP/1.1" 404 45741 "http://www.mariereinebenie.lasection52.com/wp-cron.php?doing_wp_cron=1779250046.5881109237670898437500" "WordPress/5.3.21; http://www.mariereinebenie.lasection52.com"
40.77.167.35 - - [20/May/2026:06:07:26 +0200] "GET /?cffa6385982402.html HTTP/1.1" 301 4 "-" "Mozilla/5.0 AppleWebKit/537.36 (KHTML, like Gecko; compatible; bingbot/2.0; +http://www.bing.com/bingbot.htm) Chrome/116.0.1938.76 Safari/537.36"
109.234.165.82 - - [20/May/2026:06:09:30 +0200] "POST /wp-cron.php?doing_wp_cron=1779250170.6600399017333984375000 HTTP/1.1" 404 45741 "http://www.mariereinebenie.lasection52.com/wp-cron.php?doing_wp_cron=1779250170.6600399017333984375000" "WordPress/5.3.21; http://www.mariereinebenie.lasection52.com"
66.249.74.2 - - [20/May/2026:06:09:30 +0200] "GET /?p=410 HTTP/1.1" 301 4 "-" "Mozilla/5.0 (Linux; Android 6.0.1; Nexus 5X Build/MMB29P) AppleWebKit/537.36 (KHTML, like Gecko) Chrome/148.0.7778.96 Mobile Safari/537.36 (compatible; GoogleOther)"
66.249.74.2 - - [20/May/2026:06:09:31 +0200] "GET /2026/01/14/probabilit%C3%A9-gagner-casino/ HTTP/1.1" 200 64377 "-" "Mozilla/5.0 (Linux; Android 6.0.1; Nexus 5X Build/MMB29P) AppleWebKit/537.36 (KHTML, like Gecko) Chrome/148.0.7778.96 Mobile Safari/537.36 (compatible; GoogleOther)"
66.249.74.3 - - [20/May/2026:06:09:55 +0200] "GET /?p=459 HTTP/1.1" 301 4 "-" "Mozilla/5.0 (Linux; Android 6.0.1; Nexus 5X Build/MMB29P) AppleWebKit/537.36 (KHTML, like Gecko) Chrome/148.0.7778.96 Mobile Safari/537.36 (compatible; GoogleOther)"
66.249.74.3 - - [20/May/2026:06:09:56 +0200] "GET /2026/01/14/pouvez-vous-toujours-gagner-au-blackjack/ HTTP/1.1" 200 64514 "-" "Mozilla/5.0 (Linux; Android 6.0.1; Nexus 5X Build/MMB29P) AppleWebKit/537.36 (KHTML, like Gecko) Chrome/148.0.7778.96 Mobile Safari/537.36 (compatible; GoogleOther)"
109.234.165.82 - - [20/May/2026:06:10:58 +0200] "POST /wp-cron.php?doing_wp_cron=1779250258.5234920978546142578125 HTTP/1.1" 404 45741 "http://www.mariereinebenie.lasection52.com/wp-cron.php?doing_wp_cron=1779250258.5234920978546142578125" "WordPress/5.3.21; http://www.mariereinebenie.lasection52.com"
66.249.74.2 - - [20/May/2026:06:10:55 +0200] "GET /?p=531 HTTP/1.1" 301 768 "-" "Mozilla/5.0 (Linux; Android 6.0.1; Nexus 5X Build/MMB29P) AppleWebKit/537.36 (KHTML, like Gecko) Chrome/148.0.7778.96 Mobile Safari/537.36 (compatible; GoogleOther)"
66.249.74.4 - - [20/May/2026:06:11:01 +0200] "GET /2026/01/14/la-roulette-technique-pour-gagner/ HTTP/1.1" 200 64573 "-" "Mozilla/5.0 (Linux; Android 6.0.1; Nexus 5X Build/MMB29P) AppleWebKit/537.36 (KHTML, like Gecko) Chrome/148.0.7778.96 Mobile Safari/537.36 (compatible; GoogleOther)"
66.249.74.2 - - [20/May/2026:06:11:14 +0200] "GET /?p=531 HTTP/1.1" 301 4 "-" "Mozilla/5.0 (Linux; Android 6.0.1; Nexus 5X Build/MMB29P) AppleWebKit/537.36 (KHTML, like Gecko) Chrome/148.0.7778.96 Mobile Safari/537.36 (compatible; Googlebot/2.1; +http://www.google.com/bot.html)"
66.249.74.3 - - [20/May/2026:06:11:14 +0200] "GET /2026/01/14/la-roulette-technique-pour-gagner/ HTTP/1.1" 200 63809 "-" "Mozilla/5.0 (Linux; Android 6.0.1; Nexus 5X Build/MMB29P) AppleWebKit/537.36 (KHTML, like Gecko) Chrome/148.0.7778.96 Mobile Safari/537.36 (compatible; Googlebot/2.1; +http://www.google.com/bot.html)"
40.77.167.35 - - [20/May/2026:06:11:37 +0200] "GET /?fc6c4409420802.html HTTP/1.1" 301 4 "-" "Mozilla/5.0 AppleWebKit/537.36 (KHTML, like Gecko; compatible; bingbot/2.0; +http://www.bing.com/bingbot.htm) Chrome/116.0.1938.76 Safari/537.36"
40.77.167.35 - - [20/May/2026:06:11:37 +0200] "GET /?17d1c273951601.html HTTP/1.1" 301 4 "-" "Mozilla/5.0 AppleWebKit/537.36 (KHTML, like Gecko; compatible; bingbot/2.0; +http://www.bing.com/bingbot.htm) Chrome/116.0.1938.76 Safari/537.36"
66.249.74.4 - - [20/May/2026:06:13:03 +0200] "GET /?p=450 HTTP/1.1" 301 4 "-" "Mozilla/5.0 (Linux; Android 6.0.1; Nexus 5X Build/MMB29P) AppleWebKit/537.36 (KHTML, like Gecko) Chrome/148.0.7778.96 Mobile Safari/537.36 (compatible; GoogleOther)"
66.249.74.3 - - [20/May/2026:06:13:14 +0200] "GET /2026/01/14/astuces-%C3%A0-gagner-dans-les-machines-%C3%A0-sous/ HTTP/1.1" 200 64404 "-" "Mozilla/5.0 (Linux; Android 6.0.1; Nexus 5X Build/MMB29P) AppleWebKit/537.36 (KHTML, like Gecko) Chrome/148.0.7778.96 Mobile Safari/537.36 (compatible; GoogleOther)"
109.234.165.82 - - [20/May/2026:06:13:32 +0200] "POST /wp-cron.php?doing_wp_cron=1779250412.3982839584350585937500 HTTP/1.1" 404 45741 "http://www.mariereinebenie.lasection52.com/wp-cron.php?doing_wp_cron=1779250412.3982839584350585937500" "WordPress/5.3.21; http://www.mariereinebenie.lasection52.com"
66.249.74.2 - - [20/May/2026:06:13:32 +0200] "GET /2026/01/14/astuces-%C3%A0-gagner-dans-les-machines-%C3%A0-sous/ HTTP/1.1" 200 64404 "-" "Mozilla/5.0 (Linux; Android 6.0.1; Nexus 5X Build/MMB29P) AppleWebKit/537.36 (KHTML, like Gecko) Chrome/148.0.7778.96 Mobile Safari/537.36 (compatible; Googlebot/2.1; +http://www.google.com/bot.html)"
52.167.144.167 - - [20/May/2026:06:13:33 +0200] "GET /?bb082430100501.html HTTP/1.1" 301 4 "-" "Mozilla/5.0 AppleWebKit/537.36 (KHTML, like Gecko; compatible; bingbot/2.0; +http://www.bing.com/bingbot.htm) Chrome/116.0.1938.76 Safari/537.36"
109.234.165.82 - - [20/May/2026:06:14:41 +0200] "POST /wp-cron.php?doing_wp_cron=1779250481.5278429985046386718750 HTTP/1.1" 404 45741 "http://www.mariereinebenie.lasection52.com/wp-cron.php?doing_wp_cron=1779250481.5278429985046386718750" "WordPress/5.3.21; http://www.mariereinebenie.lasection52.com"
66.249.74.3 - - [20/May/2026:06:14:41 +0200] "GET /?p=425 HTTP/1.1" 301 4 "-" "Mozilla/5.0 (Linux; Android 6.0.1; Nexus 5X Build/MMB29P) AppleWebKit/537.36 (KHTML, like Gecko) Chrome/148.0.7778.96 Mobile Safari/537.36 (compatible; GoogleOther)"
66.249.74.2 - - [20/May/2026:06:14:43 +0200] "GET /2026/01/14/jeux-de-machines-%C3%A0-sous-vous-jouez-gratuitsment/ HTTP/1.1" 200 64715 "-" "Mozilla/5.0 (Linux; Android 6.0.1; Nexus 5X Build/MMB29P) AppleWebKit/537.36 (KHTML, like Gecko) Chrome/148.0.7778.96 Mobile Safari/537.36 (compatible; GoogleOther)"
109.234.165.82 - - [20/May/2026:06:16:01 +0200] "POST /wp-cron.php?doing_wp_cron=1779250561.9603230953216552734375 HTTP/1.1" 404 45741 "http://www.mariereinebenie.lasection52.com/wp-cron.php?doing_wp_cron=1779250561.9603230953216552734375" "WordPress/5.3.21; http://www.mariereinebenie.lasection52.com"
66.249.74.2 - - [20/May/2026:06:16:01 +0200] "GET /?p=436 HTTP/1.1" 301 4 "-" "Mozilla/5.0 (Linux; Android 6.0.1; Nexus 5X Build/MMB29P) AppleWebKit/537.36 (KHTML, like Gecko) Chrome/148.0.7778.96 Mobile Safari/537.36 (compatible; GoogleOther)"
66.249.74.3 - - [20/May/2026:06:16:02 +0200] "GET /2026/01/14/jouez-aux-jeux-de-machines-%C3%A0-sous-gratuits-en-ligne/ HTTP/1.1" 200 65233 "-" "Mozilla/5.0 (Linux; Android 6.0.1; Nexus 5X Build/MMB29P) AppleWebKit/537.36 (KHTML, like Gecko) Chrome/148.0.7778.96 Mobile Safari/537.36 (compatible; GoogleOther)"
109.234.165.82 - - [20/May/2026:06:19:27 +0200] "POST /wp-cron.php?doing_wp_cron=1779250767.2468938827514648437500 HTTP/1.1" 404 45741 "http://www.mariereinebenie.lasection52.com/wp-cron.php?doing_wp_cron=1779250767.2468938827514648437500" "WordPress/5.3.21; http://www.mariereinebenie.lasection52.com"
66.249.74.2 - - [20/May/2026:06:19:27 +0200] "GET /?p=454 HTTP/1.1" 301 4 "-" "Mozilla/5.0 (Linux; Android 6.0.1; Nexus 5X Build/MMB29P) AppleWebKit/537.36 (KHTML, like Gecko) Chrome/148.0.7778.96 Mobile Safari/537.36 (compatible; GoogleOther)"
66.249.74.2 - - [20/May/2026:06:19:28 +0200] "GET /2026/01/14/roulette-en-ligne-libre-de-jouer/ HTTP/1.1" 200 63835 "-" "Mozilla/5.0 (Linux; Android 6.0.1; Nexus 5X Build/MMB29P) AppleWebKit/537.36 (KHTML, like Gecko) Chrome/148.0.7778.96 Mobile Safari/537.36 (compatible; GoogleOther)"
109.234.165.82 - - [20/May/2026:06:26:35 +0200] "POST /wp-cron.php?doing_wp_cron=1779251195.4087820053100585937500 HTTP/1.1" 404 45741 "http://www.mariereinebenie.lasection52.com/wp-cron.php?doing_wp_cron=1779251195.4087820053100585937500" "WordPress/5.3.21; http://www.mariereinebenie.lasection52.com"
66.249.74.3 - - [20/May/2026:06:26:35 +0200] "GET /?p=386 HTTP/1.1" 301 4 "-" "Mozilla/5.0 (Linux; Android 6.0.1; Nexus 5X Build/MMB29P) AppleWebKit/537.36 (KHTML, like Gecko) Chrome/148.0.7778.96 Mobile Safari/537.36 (compatible; GoogleOther)"
66.249.74.3 - - [20/May/2026:06:26:35 +0200] "GET /2026/01/14/bankonbet-casino-no-deposit-bonus/ HTTP/1.1" 200 64719 "-" "Mozilla/5.0 (Linux; Android 6.0.1; Nexus 5X Build/MMB29P) AppleWebKit/537.36 (KHTML, like Gecko) Chrome/148.0.7778.96 Mobile Safari/537.36 (compatible; GoogleOther)"
40.77.167.235 - - [20/May/2026:06:30:04 +0200] "GET /?cb0c072250601.html HTTP/1.1" 301 4 "-" "Mozilla/5.0 AppleWebKit/537.36 (KHTML, like Gecko; compatible; bingbot/2.0; +http://www.bing.com/bingbot.htm) Chrome/116.0.1938.76 Safari/537.36"
40.77.167.48 - - [20/May/2026:06:30:11 +0200] "GET /?92e6a70596202.html HTTP/1.1" 301 4 "-" "Mozilla/5.0 AppleWebKit/537.36 (KHTML, like Gecko; compatible; bingbot/2.0; +http://www.bing.com/bingbot.htm) Chrome/116.0.1938.76 Safari/537.36"
40.77.167.48 - - [20/May/2026:06:30:11 +0200] "GET /?675ce118156901.html HTTP/1.1" 301 4 "-" "Mozilla/5.0 AppleWebKit/537.36 (KHTML, like Gecko; compatible; bingbot/2.0; +http://www.bing.com/bingbot.htm) Chrome/116.0.1938.76 Safari/537.36"
40.77.167.48 - - [20/May/2026:06:30:11 +0200] "GET /?be42c1276343202.html HTTP/1.1" 301 4 "-" "Mozilla/5.0 AppleWebKit/537.36 (KHTML, like Gecko; compatible; bingbot/2.0; +http://www.bing.com/bingbot.htm) Chrome/116.0.1938.76 Safari/537.36"
109.234.165.82 - - [20/May/2026:06:31:21 +0200] "POST /wp-cron.php?doing_wp_cron=1779251481.0726931095123291015625 HTTP/1.1" 404 45741 "http://www.mariereinebenie.lasection52.com/wp-cron.php?doing_wp_cron=1779251481.0726931095123291015625" "WordPress/5.3.21; http://www.mariereinebenie.lasection52.com"
66.249.74.2 - - [20/May/2026:06:31:21 +0200] "GET /?p=404 HTTP/1.1" 301 4 "-" "Mozilla/5.0 (Linux; Android 6.0.1; Nexus 5X Build/MMB29P) AppleWebKit/537.36 (KHTML, like Gecko) Chrome/148.0.7778.96 Mobile Safari/537.36 (compatible; GoogleOther)"
66.249.74.4 - - [20/May/2026:06:31:21 +0200] "GET /2026/01/14/meilleurs-machines-%C3%A0-sous-ballys-pour-jouer/ HTTP/1.1" 200 65005 "-" "Mozilla/5.0 (Linux; Android 6.0.1; Nexus 5X Build/MMB29P) AppleWebKit/537.36 (KHTML, like Gecko) Chrome/148.0.7778.96 Mobile Safari/537.36 (compatible; GoogleOther)"
109.234.165.82 - - [20/May/2026:06:32:45 +0200] "POST /wp-cron.php?doing_wp_cron=1779251565.3757600784301757812500 HTTP/1.1" 404 45741 "http://www.mariereinebenie.lasection52.com/wp-cron.php?doing_wp_cron=1779251565.3757600784301757812500" "WordPress/5.3.21; http://www.mariereinebenie.lasection52.com"
40.77.167.235 - - [20/May/2026:06:32:45 +0200] "GET /?1873d365506601.html HTTP/1.1" 301 4 "-" "Mozilla/5.0 AppleWebKit/537.36 (KHTML, like Gecko; compatible; bingbot/2.0; +http://www.bing.com/bingbot.htm) Chrome/116.0.1938.76 Safari/537.36"
40.77.167.243 - - [20/May/2026:06:32:51 +0200] "GET /?553d71989847802.html HTTP/1.1" 301 4 "-" "Mozilla/5.0 AppleWebKit/537.36 (KHTML, like Gecko; compatible; bingbot/2.0; +http://www.bing.com/bingbot.htm) Chrome/116.0.1938.76 Safari/537.36"
40.77.167.150 - - [20/May/2026:06:34:00 +0200] "GET /?afb6d49013101.html HTTP/1.1" 301 4 "-" "Mozilla/5.0 AppleWebKit/537.36 (KHTML, like Gecko; compatible; bingbot/2.0; +http://www.bing.com/bingbot.htm) Chrome/116.0.1938.76 Safari/537.36"
109.234.165.82 - - [20/May/2026:06:35:27 +0200] "POST /wp-cron.php?doing_wp_cron=1779251727.0663030147552490234375 HTTP/1.1" 404 45741 "http://www.mariereinebenie.lasection52.com/wp-cron.php?doing_wp_cron=1779251727.0663030147552490234375" "WordPress/5.3.21; http://www.mariereinebenie.lasection52.com"
40.77.167.7 - - [20/May/2026:06:35:27 +0200] "GET /?924c71817454702_html HTTP/1.1" 200 69451 "-" "Mozilla/5.0 AppleWebKit/537.36 (KHTML, like Gecko; compatible; bingbot/2.0; +http://www.bing.com/bingbot.htm) Chrome/116.0.1938.76 Safari/537.36"
66.249.74.3 - - [20/May/2026:06:36:06 +0200] "GET /?p=417 HTTP/1.1" 301 4 "-" "Mozilla/5.0 (Linux; Android 6.0.1; Nexus 5X Build/MMB29P) AppleWebKit/537.36 (KHTML, like Gecko) Chrome/148.0.7778.96 Mobile Safari/537.36 (compatible; GoogleOther)"
66.249.74.2 - - [20/May/2026:06:36:08 +0200] "GET /2026/01/14/jeuxgratuits-machines-%C3%A0-sous/ HTTP/1.1" 200 64623 "-" "Mozilla/5.0 (Linux; Android 6.0.1; Nexus 5X Build/MMB29P) AppleWebKit/537.36 (KHTML, like Gecko) Chrome/148.0.7778.96 Mobile Safari/537.36 (compatible; GoogleOther)"
109.234.165.82 - - [20/May/2026:06:37:37 +0200] "POST /wp-cron.php?doing_wp_cron=1779251857.8679199218750000000000 HTTP/1.1" 404 45741 "http://www.mariereinebenie.lasection52.com/wp-cron.php?doing_wp_cron=1779251857.8679199218750000000000" "WordPress/5.3.21; http://www.mariereinebenie.lasection52.com"
40.77.167.230 - - [20/May/2026:06:37:37 +0200] "GET /?763ca1581727502.html HTTP/1.1" 301 4 "-" "Mozilla/5.0 AppleWebKit/537.36 (KHTML, like Gecko; compatible; bingbot/2.0; +http://www.bing.com/bingbot.htm) Chrome/116.0.1938.76 Safari/537.36"
40.77.167.230 - - [20/May/2026:06:37:38 +0200] "GET /?93f30135630301.html HTTP/1.1" 301 4 "-" "Mozilla/5.0 AppleWebKit/537.36 (KHTML, like Gecko; compatible; bingbot/2.0; +http://www.bing.com/bingbot.htm) Chrome/116.0.1938.76 Safari/537.36"
40.77.167.243 - - [20/May/2026:06:37:41 +0200] "GET /?60f263088540902.html HTTP/1.1" 301 4 "-" "Mozilla/5.0 AppleWebKit/537.36 (KHTML, like Gecko; compatible; bingbot/2.0; +http://www.bing.com/bingbot.htm) Chrome/116.0.1938.76 Safari/537.36"
109.234.165.82 - - [20/May/2026:06:38:58 +0200] "POST /wp-cron.php?doing_wp_cron=1779251938.1487770080566406250000 HTTP/1.1" 404 45741 "http://www.mariereinebenie.lasection52.com/wp-cron.php?doing_wp_cron=1779251938.1487770080566406250000" "WordPress/5.3.21; http://www.mariereinebenie.lasection52.com"
40.77.167.230 - - [20/May/2026:06:38:58 +0200] "GET /?5367939542901.html HTTP/1.1" 301 4 "-" "Mozilla/5.0 AppleWebKit/537.36 (KHTML, like Gecko; compatible; bingbot/2.0; +http://www.bing.com/bingbot.htm) Chrome/116.0.1938.76 Safari/537.36"
40.77.167.230 - - [20/May/2026:06:38:58 +0200] "GET /?39180382745301.html HTTP/1.1" 301 4 "-" "Mozilla/5.0 AppleWebKit/537.36 (KHTML, like Gecko; compatible; bingbot/2.0; +http://www.bing.com/bingbot.htm) Chrome/116.0.1938.76 Safari/537.36"
40.77.167.230 - - [20/May/2026:06:38:58 +0200] "GET /?82bdc339270701.html HTTP/1.1" 301 4 "-" "Mozilla/5.0 AppleWebKit/537.36 (KHTML, like Gecko; compatible; bingbot/2.0; +http://www.bing.com/bingbot.htm) Chrome/116.0.1938.76 Safari/537.36"
40.77.167.230 - - [20/May/2026:06:38:59 +0200] "GET /?57a6d1377931702.html HTTP/1.1" 301 4 "-" "Mozilla/5.0 AppleWebKit/537.36 (KHTML, like Gecko; compatible; bingbot/2.0; +http://www.bing.com/bingbot.htm) Chrome/116.0.1938.76 Safari/537.36"
40.77.167.243 - - [20/May/2026:06:39:01 +0200] "GET /?268a9550651002.html HTTP/1.1" 301 4 "-" "Mozilla/5.0 AppleWebKit/537.36 (KHTML, like Gecko; compatible; bingbot/2.0; +http://www.bing.com/bingbot.htm) Chrome/116.0.1938.76 Safari/537.36"
109.234.165.82 - - [20/May/2026:06:43:15 +0200] "POST /wp-cron.php?doing_wp_cron=1779252195.3428659439086914062500 HTTP/1.1" 404 45741 "http://www.mariereinebenie.lasection52.com/wp-cron.php?doing_wp_cron=1779252195.3428659439086914062500" "WordPress/5.3.21; http://www.mariereinebenie.lasection52.com"
66.249.74.2 - - [20/May/2026:06:43:15 +0200] "GET /?p=516 HTTP/1.1" 301 4 "-" "Mozilla/5.0 (Linux; Android 6.0.1; Nexus 5X Build/MMB29P) AppleWebKit/537.36 (KHTML, like Gecko) Chrome/148.0.7778.96 Mobile Safari/537.36 (compatible; GoogleOther)"
66.249.74.2 - - [20/May/2026:06:43:15 +0200] "GET /2026/01/14/quels-jeux-jouez-vous-dans-le-casino/ HTTP/1.1" 200 64482 "-" "Mozilla/5.0 (Linux; Android 6.0.1; Nexus 5X Build/MMB29P) AppleWebKit/537.36 (KHTML, like Gecko) Chrome/148.0.7778.96 Mobile Safari/537.36 (compatible; GoogleOther)"
66.249.74.2 - - [20/May/2026:06:43:44 +0200] "GET /?p=520 HTTP/1.1" 301 4 "-" "Mozilla/5.0 (Linux; Android 6.0.1; Nexus 5X Build/MMB29P) AppleWebKit/537.36 (KHTML, like Gecko) Chrome/148.0.7778.96 Mobile Safari/537.36 (compatible; GoogleOther)"
66.249.74.2 - - [20/May/2026:06:43:44 +0200] "GET /2026/01/14/r%C3%A9sultats-du-loto-de-lundi-soir/ HTTP/1.1" 200 64021 "-" "Mozilla/5.0 (Linux; Android 6.0.1; Nexus 5X Build/MMB29P) AppleWebKit/537.36 (KHTML, like Gecko) Chrome/148.0.7778.96 Mobile Safari/537.36 (compatible; GoogleOther)"
109.234.165.82 - - [20/May/2026:06:47:00 +0200] "POST /wp-cron.php?doing_wp_cron=1779252420.2570021152496337890625 HTTP/1.1" 404 45741 "http://www.mariereinebenie.lasection52.com/wp-cron.php?doing_wp_cron=1779252420.2570021152496337890625" "WordPress/5.3.21; http://www.mariereinebenie.lasection52.com"
66.249.74.2 - - [20/May/2026:06:47:00 +0200] "GET /?p=392 HTTP/1.1" 301 4 "-" "Mozilla/5.0 (Linux; Android 6.0.1; Nexus 5X Build/MMB29P) AppleWebKit/537.36 (KHTML, like Gecko) Chrome/148.0.7778.96 Mobile Safari/537.36 (compatible; GoogleOther)"
66.249.74.3 - - [20/May/2026:06:47:02 +0200] "GET /2026/01/14/blackjack-avec-vrai-argent/ HTTP/1.1" 200 63787 "-" "Mozilla/5.0 (Linux; Android 6.0.1; Nexus 5X Build/MMB29P) AppleWebKit/537.36 (KHTML, like Gecko) Chrome/148.0.7778.96 Mobile Safari/537.36 (compatible; GoogleOther)"
66.249.74.2 - - [20/May/2026:06:47:04 +0200] "GET /2026/01/14/meilleur-jeu-de-machines-%C3%A0-sous-en-jeu/ HTTP/1.1" 200 64756 "-" "Mozilla/5.0 (Linux; Android 6.0.1; Nexus 5X Build/MMB29P) AppleWebKit/537.36 (KHTML, like Gecko) Chrome/148.0.7778.96 Mobile Safari/537.36 (compatible; Googlebot/2.1; +http://www.google.com/bot.html)"
109.234.165.82 - - [20/May/2026:06:48:18 +0200] "POST /wp-cron.php?doing_wp_cron=1779252498.9364941120147705078125 HTTP/1.1" 404 45741 "http://www.mariereinebenie.lasection52.com/wp-cron.php?doing_wp_cron=1779252498.9364941120147705078125" "WordPress/5.3.21; http://www.mariereinebenie.lasection52.com"
40.77.167.51 - - [20/May/2026:06:48:18 +0200] "GET /?76813192825601.html HTTP/1.1" 301 4 "-" "Mozilla/5.0 AppleWebKit/537.36 (KHTML, like Gecko; compatible; bingbot/2.0; +http://www.bing.com/bingbot.htm) Chrome/116.0.1938.76 Safari/537.36"
40.77.167.51 - - [20/May/2026:06:48:19 +0200] "GET /?403f0482680601.html HTTP/1.1" 301 4 "-" "Mozilla/5.0 AppleWebKit/537.36 (KHTML, like Gecko; compatible; bingbot/2.0; +http://www.bing.com/bingbot.htm) Chrome/116.0.1938.76 Safari/537.36"
40.77.167.51 - - [20/May/2026:06:48:19 +0200] "GET /?bb882383086001.html HTTP/1.1" 301 4 "-" "Mozilla/5.0 AppleWebKit/537.36 (KHTML, like Gecko; compatible; bingbot/2.0; +http://www.bing.com/bingbot.htm) Chrome/116.0.1938.76 Safari/537.36"
40.77.167.51 - - [20/May/2026:06:48:19 +0200] "GET /?cd0271285203402.html HTTP/1.1" 301 4 "-" "Mozilla/5.0 AppleWebKit/537.36 (KHTML, like Gecko; compatible; bingbot/2.0; +http://www.bing.com/bingbot.htm) Chrome/116.0.1938.76 Safari/537.36"
109.234.165.82 - - [20/May/2026:06:56:29 +0200] "POST /wp-cron.php?doing_wp_cron=1779252989.9850249290466308593750 HTTP/1.1" 404 45741 "http://www.mariereinebenie.lasection52.com/wp-cron.php?doing_wp_cron=1779252989.9850249290466308593750" "WordPress/5.3.21; http://www.mariereinebenie.lasection52.com"
52.167.144.176 - - [20/May/2026:06:56:29 +0200] "GET /?daf0c60240801.html HTTP/1.1" 301 4 "-" "Mozilla/5.0 AppleWebKit/537.36 (KHTML, like Gecko; compatible; bingbot/2.0; +http://www.bing.com/bingbot.htm) Chrome/116.0.1938.76 Safari/537.36"
52.167.144.176 - - [20/May/2026:06:56:30 +0200] "GET /?62bc8137227001.html HTTP/1.1" 301 4 "-" "Mozilla/5.0 AppleWebKit/537.36 (KHTML, like Gecko; compatible; bingbot/2.0; +http://www.bing.com/bingbot.htm) Chrome/116.0.1938.76 Safari/537.36"
40.77.167.77 - - [20/May/2026:06:56:34 +0200] "GET /?60ef02866526702.html HTTP/1.1" 301 4 "-" "Mozilla/5.0 AppleWebKit/537.36 (KHTML, like Gecko; compatible; bingbot/2.0; +http://www.bing.com/bingbot.htm) Chrome/116.0.1938.76 Safari/537.36"
40.77.167.136 - - [20/May/2026:06:57:59 +0200] "GET /?cff8f119805001.html HTTP/1.1" 301 4 "-" "Mozilla/5.0 AppleWebKit/537.36 (KHTML, like Gecko; compatible; bingbot/2.0; +http://www.bing.com/bingbot.htm) Chrome/116.0.1938.76 Safari/537.36"
109.234.165.82 - - [20/May/2026:07:04:12 +0200] "POST /wp-cron.php?doing_wp_cron=1779253452.4899780750274658203125 HTTP/1.1" 404 45741 "http://www.mariereinebenie.lasection52.com/wp-cron.php?doing_wp_cron=1779253452.4899780750274658203125" "WordPress/5.3.21; http://www.mariereinebenie.lasection52.com"
40.77.167.149 - - [20/May/2026:07:04:12 +0200] "GET /?48cbb419280101.html HTTP/1.1" 301 4 "-" "Mozilla/5.0 AppleWebKit/537.36 (KHTML, like Gecko; compatible; bingbot/2.0; +http://www.bing.com/bingbot.htm) Chrome/116.0.1938.76 Safari/537.36"
40.77.167.16 - - [20/May/2026:07:04:16 +0200] "GET /?dc1e93607975202.html HTTP/1.1" 301 4 "-" "Mozilla/5.0 AppleWebKit/537.36 (KHTML, like Gecko; compatible; bingbot/2.0; +http://www.bing.com/bingbot.htm) Chrome/116.0.1938.76 Safari/537.36"
40.77.167.16 - - [20/May/2026:07:04:16 +0200] "GET /?35dbd184607901.html HTTP/1.1" 301 4 "-" "Mozilla/5.0 AppleWebKit/537.36 (KHTML, like Gecko; compatible; bingbot/2.0; +http://www.bing.com/bingbot.htm) Chrome/116.0.1938.76 Safari/537.36"
40.77.167.136 - - [20/May/2026:07:04:33 +0200] "GET /?8923b2670631502_html HTTP/1.1" 200 69451 "-" "Mozilla/5.0 AppleWebKit/537.36 (KHTML, like Gecko; compatible; bingbot/2.0; +http://www.bing.com/bingbot.htm) Chrome/116.0.1938.76 Safari/537.36"
40.77.167.16 - - [20/May/2026:07:04:35 +0200] "GET /?23d4b237048801.html HTTP/1.1" 301 4 "-" "Mozilla/5.0 AppleWebKit/537.36 (KHTML, like Gecko; compatible; bingbot/2.0; +http://www.bing.com/bingbot.htm) Chrome/116.0.1938.76 Safari/537.36"
109.234.165.82 - - [20/May/2026:07:07:29 +0200] "POST /wp-cron.php?doing_wp_cron=1779253649.3378489017486572265625 HTTP/1.1" 404 45741 "http://www.mariereinebenie.lasection52.com/wp-cron.php?doing_wp_cron=1779253649.3378489017486572265625" "WordPress/5.3.21; http://www.mariereinebenie.lasection52.com"
66.249.74.2 - - [20/May/2026:07:07:29 +0200] "GET /?p=369 HTTP/1.1" 301 4 "-" "Mozilla/5.0 (Linux; Android 6.0.1; Nexus 5X Build/MMB29P) AppleWebKit/537.36 (KHTML, like Gecko) Chrome/148.0.7778.96 Mobile Safari/537.36 (compatible; GoogleOther)"
66.249.74.3 - - [20/May/2026:07:07:30 +0200] "GET /2026/01/14/casinos-dans-la-r%C3%A9gion-de-vancouver/ HTTP/1.1" 200 64985 "-" "Mozilla/5.0 (Linux; Android 6.0.1; Nexus 5X Build/MMB29P) AppleWebKit/537.36 (KHTML, like Gecko) Chrome/148.0.7778.96 Mobile Safari/537.36 (compatible; GoogleOther)"
109.234.165.82 - - [20/May/2026:07:14:43 +0200] "POST /wp-cron.php?doing_wp_cron=1779254083.9579150676727294921875 HTTP/1.1" 404 45741 "http://www.mariereinebenie.lasection52.com/wp-cron.php?doing_wp_cron=1779254083.9579150676727294921875" "WordPress/5.3.21; http://www.mariereinebenie.lasection52.com"
66.249.74.3 - - [20/May/2026:07:14:43 +0200] "GET /?p=406 HTTP/1.1" 301 4 "-" "Mozilla/5.0 (Linux; Android 6.0.1; Nexus 5X Build/MMB29P) AppleWebKit/537.36 (KHTML, like Gecko) Chrome/148.0.7778.96 Mobile Safari/537.36 (compatible; GoogleOther)"
66.249.74.2 - - [20/May/2026:07:14:44 +0200] "GET /2026/01/14/roulette-d%C3%A9mo-gratuits/ HTTP/1.1" 200 64829 "-" "Mozilla/5.0 (Linux; Android 6.0.1; Nexus 5X Build/MMB29P) AppleWebKit/537.36 (KHTML, like Gecko) Chrome/148.0.7778.96 Mobile Safari/537.36 (compatible; GoogleOther)"
66.249.74.2 - - [20/May/2026:07:15:38 +0200] "GET /?p=467 HTTP/1.1" 301 4 "-" "Mozilla/5.0 (Linux; Android 6.0.1; Nexus 5X Build/MMB29P) AppleWebKit/537.36 (KHTML, like Gecko) Chrome/148.0.7778.96 Mobile Safari/537.36 (compatible; GoogleOther)"
66.249.74.2 - - [20/May/2026:07:15:39 +0200] "GET /2026/01/14/meilleurs-emplacements-de-casino-en-ligne-gratuits/ HTTP/1.1" 200 63803 "-" "Mozilla/5.0 (Linux; Android 6.0.1; Nexus 5X Build/MMB29P) AppleWebKit/537.36 (KHTML, like Gecko) Chrome/148.0.7778.96 Mobile Safari/537.36 (compatible; GoogleOther)"
109.234.165.82 - - [20/May/2026:07:16:21 +0200] "POST /wp-cron.php?doing_wp_cron=1779254181.7843849658966064453125 HTTP/1.1" 404 45741 "http://www.mariereinebenie.lasection52.com/wp-cron.php?doing_wp_cron=1779254181.7843849658966064453125" "WordPress/5.3.21; http://www.mariereinebenie.lasection52.com"
66.249.74.3 - - [20/May/2026:07:16:21 +0200] "GET /?p=514 HTTP/1.1" 301 4 "-" "Mozilla/5.0 (Linux; Android 6.0.1; Nexus 5X Build/MMB29P) AppleWebKit/537.36 (KHTML, like Gecko) Chrome/148.0.7778.96 Mobile Safari/537.36 (compatible; GoogleOther)"
66.249.74.3 - - [20/May/2026:07:16:22 +0200] "GET /2026/01/14/machine-%C3%A0-sous-jackpot/ HTTP/1.1" 200 65062 "-" "Mozilla/5.0 (Linux; Android 6.0.1; Nexus 5X Build/MMB29P) AppleWebKit/537.36 (KHTML, like Gecko) Chrome/148.0.7778.96 Mobile Safari/537.36 (compatible; GoogleOther)"
52.167.144.169 - - [20/May/2026:07:16:23 +0200] "GET /?183ef441529301.html HTTP/1.1" 301 4 "-" "Mozilla/5.0 AppleWebKit/537.36 (KHTML, like Gecko; compatible; bingbot/2.0; +http://www.bing.com/bingbot.htm) Chrome/116.0.1938.76 Safari/537.36"
52.167.144.169 - - [20/May/2026:07:16:23 +0200] "GET /?1755b158068101.html HTTP/1.1" 301 4 "-" "Mozilla/5.0 AppleWebKit/537.36 (KHTML, like Gecko; compatible; bingbot/2.0; +http://www.bing.com/bingbot.htm) Chrome/116.0.1938.76 Safari/537.36"
52.167.144.169 - - [20/May/2026:07:16:24 +0200] "GET /?73980297379101.html HTTP/1.1" 301 4 "-" "Mozilla/5.0 AppleWebKit/537.36 (KHTML, like Gecko; compatible; bingbot/2.0; +http://www.bing.com/bingbot.htm) Chrome/116.0.1938.76 Safari/537.36"
40.77.167.25 - - [20/May/2026:07:16:28 +0200] "GET /?fa36548701802.html HTTP/1.1" 301 4 "-" "Mozilla/5.0 AppleWebKit/537.36 (KHTML, like Gecko; compatible; bingbot/2.0; +http://www.bing.com/bingbot.htm) Chrome/116.0.1938.76 Safari/537.36"
109.234.165.82 - - [20/May/2026:07:17:23 +0200] "POST /wp-cron.php?doing_wp_cron=1779254243.6145288944244384765625 HTTP/1.1" 404 45741 "http://www.mariereinebenie.lasection52.com/wp-cron.php?doing_wp_cron=1779254243.6145288944244384765625" "WordPress/5.3.21; http://www.mariereinebenie.lasection52.com"
52.167.144.169 - - [20/May/2026:07:17:23 +0200] "GET /?baadc3035243402.html HTTP/1.1" 301 4 "-" "Mozilla/5.0 AppleWebKit/537.36 (KHTML, like Gecko; compatible; bingbot/2.0; +http://www.bing.com/bingbot.htm) Chrome/116.0.1938.76 Safari/537.36"
52.167.144.169 - - [20/May/2026:07:17:35 +0200] "GET /?62ebf3014967502.html HTTP/1.1" 301 4 "-" "Mozilla/5.0 AppleWebKit/537.36 (KHTML, like Gecko; compatible; bingbot/2.0; +http://www.bing.com/bingbot.htm) Chrome/116.0.1938.76 Safari/537.36"
66.249.74.3 - - [20/May/2026:07:18:38 +0200] "GET /?p=508 HTTP/1.1" 301 4 "-" "Mozilla/5.0 (Linux; Android 6.0.1; Nexus 5X Build/MMB29P) AppleWebKit/537.36 (KHTML, like Gecko) Chrome/148.0.7778.96 Mobile Safari/537.36 (compatible; GoogleOther)"
66.249.74.4 - - [20/May/2026:07:18:39 +0200] "GET /2026/01/14/gagnez-la-machine-%C3%A0-sous-progressive/ HTTP/1.1" 200 64542 "-" "Mozilla/5.0 (Linux; Android 6.0.1; Nexus 5X Build/MMB29P) AppleWebKit/537.36 (KHTML, like Gecko) Chrome/148.0.7778.96 Mobile Safari/537.36 (compatible; GoogleOther)"
52.167.144.190 - - [20/May/2026:07:26:15 +0200] "GET /wp-content/uploads/2020/05/15a829a4-7c85-4f17-a6f7-e1588716de35-1.jpeg HTTP/1.1" 200 213531 "-" "Mozilla/5.0 AppleWebKit/537.36 (KHTML, like Gecko; compatible; bingbot/2.0; +http://www.bing.com/bingbot.htm) Chrome/116.0.1938.76 Safari/537.36"
109.234.165.82 - - [20/May/2026:07:27:38 +0200] "POST /wp-cron.php?doing_wp_cron=1779254858.5929419994354248046875 HTTP/1.1" 404 45741 "http://www.mariereinebenie.lasection52.com/wp-cron.php?doing_wp_cron=1779254858.5929419994354248046875" "WordPress/5.3.21; http://www.mariereinebenie.lasection52.com"
52.167.144.170 - - [20/May/2026:07:27:38 +0200] "GET /?05390422170702.html HTTP/1.1" 301 4 "-" "Mozilla/5.0 AppleWebKit/537.36 (KHTML, like Gecko; compatible; bingbot/2.0; +http://www.bing.com/bingbot.htm) Chrome/116.0.1938.76 Safari/537.36"
52.167.144.170 - - [20/May/2026:07:27:38 +0200] "GET /?43067267556701.html HTTP/1.1" 301 4 "-" "Mozilla/5.0 AppleWebKit/537.36 (KHTML, like Gecko; compatible; bingbot/2.0; +http://www.bing.com/bingbot.htm) Chrome/116.0.1938.76 Safari/537.36"
40.77.167.51 - - [20/May/2026:07:27:46 +0200] "GET /?7927e1649217902.html HTTP/1.1" 301 4 "-" "Mozilla/5.0 AppleWebKit/537.36 (KHTML, like Gecko; compatible; bingbot/2.0; +http://www.bing.com/bingbot.htm) Chrome/116.0.1938.76 Safari/537.36"
109.234.165.82 - - [20/May/2026:07:30:17 +0200] "POST /wp-cron.php?doing_wp_cron=1779255017.0371410846710205078125 HTTP/1.1" 404 45741 "http://www.mariereinebenie.lasection52.com/wp-cron.php?doing_wp_cron=1779255017.0371410846710205078125" "WordPress/5.3.21; http://www.mariereinebenie.lasection52.com"
40.77.167.51 - - [20/May/2026:07:30:16 +0200] "GET /?747bb52027001.html HTTP/1.1" 301 4 "-" "Mozilla/5.0 AppleWebKit/537.36 (KHTML, like Gecko; compatible; bingbot/2.0; +http://www.bing.com/bingbot.htm) Chrome/116.0.1938.76 Safari/537.36"
40.77.167.51 - - [20/May/2026:07:30:17 +0200] "GET /?213da3669854402.html HTTP/1.1" 301 4 "-" "Mozilla/5.0 AppleWebKit/537.36 (KHTML, like Gecko; compatible; bingbot/2.0; +http://www.bing.com/bingbot.htm) Chrome/116.0.1938.76 Safari/537.36"
40.77.167.51 - - [20/May/2026:07:30:17 +0200] "GET /?16b931649223902.html HTTP/1.1" 301 4 "-" "Mozilla/5.0 AppleWebKit/537.36 (KHTML, like Gecko; compatible; bingbot/2.0; +http://www.bing.com/bingbot.htm) Chrome/116.0.1938.76 Safari/537.36"
109.234.165.82 - - [20/May/2026:07:36:17 +0200] "POST /wp-cron.php?doing_wp_cron=1779255377.4430980682373046875000 HTTP/1.1" 404 45741 "http://www.mariereinebenie.lasection52.com/wp-cron.php?doing_wp_cron=1779255377.4430980682373046875000" "WordPress/5.3.21; http://www.mariereinebenie.lasection52.com"
40.77.167.51 - - [20/May/2026:07:36:17 +0200] "GET /?836e351896301.html HTTP/1.1" 301 4 "-" "Mozilla/5.0 AppleWebKit/537.36 (KHTML, like Gecko; compatible; bingbot/2.0; +http://www.bing.com/bingbot.htm) Chrome/116.0.1938.76 Safari/537.36"
40.77.167.159 - - [20/May/2026:07:36:24 +0200] "GET /?39bad499640401.html HTTP/1.1" 301 4 "-" "Mozilla/5.0 AppleWebKit/537.36 (KHTML, like Gecko; compatible; bingbot/2.0; +http://www.bing.com/bingbot.htm) Chrome/116.0.1938.76 Safari/537.36"
40.77.167.159 - - [20/May/2026:07:36:25 +0200] "GET /?499b21102631202.html HTTP/1.1" 301 4 "-" "Mozilla/5.0 AppleWebKit/537.36 (KHTML, like Gecko; compatible; bingbot/2.0; +http://www.bing.com/bingbot.htm) Chrome/116.0.1938.76 Safari/537.36"
40.77.167.7 - - [20/May/2026:07:37:19 +0200] "GET /?880ff423515502.html HTTP/1.1" 301 4 "-" "Mozilla/5.0 AppleWebKit/537.36 (KHTML, like Gecko; compatible; bingbot/2.0; +http://www.bing.com/bingbot.htm) Chrome/116.0.1938.76 Safari/537.36"
109.234.165.82 - - [20/May/2026:07:39:57 +0200] "POST /wp-cron.php?doing_wp_cron=1779255597.7465269565582275390625 HTTP/1.1" 404 45741 "http://www.mariereinebenie.lasection52.com/wp-cron.php?doing_wp_cron=1779255597.7465269565582275390625" "WordPress/5.3.21; http://www.mariereinebenie.lasection52.com"
40.77.167.35 - - [20/May/2026:07:39:57 +0200] "GET /?782e61055356202.html HTTP/1.1" 301 4 "-" "Mozilla/5.0 AppleWebKit/537.36 (KHTML, like Gecko; compatible; bingbot/2.0; +http://www.bing.com/bingbot.htm) Chrome/116.0.1938.76 Safari/537.36"
40.77.167.35 - - [20/May/2026:07:39:58 +0200] "GET /?00a0b545702602.html HTTP/1.1" 301 4 "-" "Mozilla/5.0 AppleWebKit/537.36 (KHTML, like Gecko; compatible; bingbot/2.0; +http://www.bing.com/bingbot.htm) Chrome/116.0.1938.76 Safari/537.36"
40.77.167.35 - - [20/May/2026:07:39:58 +0200] "GET /?5771e2082366002.html HTTP/1.1" 301 4 "-" "Mozilla/5.0 AppleWebKit/537.36 (KHTML, like Gecko; compatible; bingbot/2.0; +http://www.bing.com/bingbot.htm) Chrome/116.0.1938.76 Safari/537.36"
40.77.167.152 - - [20/May/2026:07:40:02 +0200] "GET /?06ae61260250202.html HTTP/1.1" 301 4 "-" "Mozilla/5.0 AppleWebKit/537.36 (KHTML, like Gecko; compatible; bingbot/2.0; +http://www.bing.com/bingbot.htm) Chrome/116.0.1938.76 Safari/537.36"
40.77.167.152 - - [20/May/2026:07:40:02 +0200] "GET /?ee27d382687001.html HTTP/1.1" 301 4 "-" "Mozilla/5.0 AppleWebKit/537.36 (KHTML, like Gecko; compatible; bingbot/2.0; +http://www.bing.com/bingbot.htm) Chrome/116.0.1938.76 Safari/537.36"
40.77.167.159 - - [20/May/2026:07:40:07 +0200] "GET /?ea42e151026502.html HTTP/1.1" 301 4 "-" "Mozilla/5.0 AppleWebKit/537.36 (KHTML, like Gecko; compatible; bingbot/2.0; +http://www.bing.com/bingbot.htm) Chrome/116.0.1938.76 Safari/537.36"
40.77.167.159 - - [20/May/2026:07:40:07 +0200] "GET /?57e9f258141501.html HTTP/1.1" 301 4 "-" "Mozilla/5.0 AppleWebKit/537.36 (KHTML, like Gecko; compatible; bingbot/2.0; +http://www.bing.com/bingbot.htm) Chrome/116.0.1938.76 Safari/537.36"
40.77.167.159 - - [20/May/2026:07:40:08 +0200] "GET /?65562136427901.html HTTP/1.1" 301 4 "-" "Mozilla/5.0 AppleWebKit/537.36 (KHTML, like Gecko; compatible; bingbot/2.0; +http://www.bing.com/bingbot.htm) Chrome/116.0.1938.76 Safari/537.36"
109.234.165.82 - - [20/May/2026:07:44:36 +0200] "POST /wp-cron.php?doing_wp_cron=1779255876.0525450706481933593750 HTTP/1.1" 404 45741 "http://www.mariereinebenie.lasection52.com/wp-cron.php?doing_wp_cron=1779255876.0525450706481933593750" "WordPress/5.3.21; http://www.mariereinebenie.lasection52.com"
66.249.74.3 - - [20/May/2026:07:44:36 +0200] "GET /?p=462 HTTP/1.1" 301 4 "-" "Mozilla/5.0 (Linux; Android 6.0.1; Nexus 5X Build/MMB29P) AppleWebKit/537.36 (KHTML, like Gecko) Chrome/148.0.7778.96 Mobile Safari/537.36 (compatible; GoogleOther)"
66.249.74.3 - - [20/May/2026:07:44:36 +0200] "GET /2026/01/14/blackjack-ligne/ HTTP/1.1" 200 63412 "-" "Mozilla/5.0 (Linux; Android 6.0.1; Nexus 5X Build/MMB29P) AppleWebKit/537.36 (KHTML, like Gecko) Chrome/148.0.7778.96 Mobile Safari/537.36 (compatible; GoogleOther)"
40.77.167.235 - - [20/May/2026:07:44:59 +0200] "GET /?563482927441802.html HTTP/1.1" 301 4 "-" "Mozilla/5.0 AppleWebKit/537.36 (KHTML, like Gecko; compatible; bingbot/2.0; +http://www.bing.com/bingbot.htm) Chrome/116.0.1938.76 Safari/537.36"
40.77.167.235 - - [20/May/2026:07:44:59 +0200] "GET /?dcd6d213087001.html HTTP/1.1" 301 4 "-" "Mozilla/5.0 AppleWebKit/537.36 (KHTML, like Gecko; compatible; bingbot/2.0; +http://www.bing.com/bingbot.htm) Chrome/116.0.1938.76 Safari/537.36"
109.234.165.82 - - [20/May/2026:07:58:16 +0200] "POST /wp-cron.php?doing_wp_cron=1779256696.7876930236816406250000 HTTP/1.1" 404 45741 "http://www.mariereinebenie.lasection52.com/wp-cron.php?doing_wp_cron=1779256696.7876930236816406250000" "WordPress/5.3.21; http://www.mariereinebenie.lasection52.com"
40.77.167.136 - - [20/May/2026:07:58:16 +0200] "GET /?fca01123640501.html HTTP/1.1" 301 4 "-" "Mozilla/5.0 AppleWebKit/537.36 (KHTML, like Gecko; compatible; bingbot/2.0; +http://www.bing.com/bingbot.htm) Chrome/116.0.1938.76 Safari/537.36"
109.234.165.82 - - [20/May/2026:08:06:18 +0200] "POST /wp-cron.php?doing_wp_cron=1779257178.4340240955352783203125 HTTP/1.1" 404 45741 "http://www.mariereinebenie.lasection52.com/wp-cron.php?doing_wp_cron=1779257178.4340240955352783203125" "WordPress/5.3.21; http://www.mariereinebenie.lasection52.com"
40.77.167.77 - - [20/May/2026:08:06:18 +0200] "GET /?39f2576317101.html HTTP/1.1" 301 4 "-" "Mozilla/5.0 AppleWebKit/537.36 (KHTML, like Gecko; compatible; bingbot/2.0; +http://www.bing.com/bingbot.htm) Chrome/116.0.1938.76 Safari/537.36"
40.77.167.77 - - [20/May/2026:08:06:18 +0200] "GET /?80fb263428301.html HTTP/1.1" 301 4 "-" "Mozilla/5.0 AppleWebKit/537.36 (KHTML, like Gecko; compatible; bingbot/2.0; +http://www.bing.com/bingbot.htm) Chrome/116.0.1938.76 Safari/537.36"
40.77.167.79 - - [20/May/2026:08:06:23 +0200] "GET /?fb2f0420236901.html HTTP/1.1" 301 4 "-" "Mozilla/5.0 AppleWebKit/537.36 (KHTML, like Gecko; compatible; bingbot/2.0; +http://www.bing.com/bingbot.htm) Chrome/116.0.1938.76 Safari/537.36"
52.167.144.166 - - [20/May/2026:08:06:23 +0200] "GET /?4284a279165301.html HTTP/1.1" 301 4 "-" "Mozilla/5.0 AppleWebKit/537.36 (KHTML, like Gecko; compatible; bingbot/2.0; +http://www.bing.com/bingbot.htm) Chrome/116.0.1938.76 Safari/537.36"
40.77.167.79 - - [20/May/2026:08:06:34 +0200] "GET /?637222384093602.html HTTP/1.1" 301 4 "-" "Mozilla/5.0 AppleWebKit/537.36 (KHTML, like Gecko; compatible; bingbot/2.0; +http://www.bing.com/bingbot.htm) Chrome/116.0.1938.76 Safari/537.36"
40.77.167.77 - - [20/May/2026:08:09:08 +0200] "GET /?32bd9899742702.html HTTP/1.1" 301 4 "-" "Mozilla/5.0 AppleWebKit/537.36 (KHTML, like Gecko; compatible; bingbot/2.0; +http://www.bing.com/bingbot.htm) Chrome/116.0.1938.76 Safari/537.36"
40.77.167.77 - - [20/May/2026:08:09:08 +0200] "GET /?fda2b96073801.html HTTP/1.1" 301 4 "-" "Mozilla/5.0 AppleWebKit/537.36 (KHTML, like Gecko; compatible; bingbot/2.0; +http://www.bing.com/bingbot.htm) Chrome/116.0.1938.76 Safari/537.36"
40.77.167.77 - - [20/May/2026:08:09:08 +0200] "GET /?bb6b035533601.html HTTP/1.1" 301 4 "-" "Mozilla/5.0 AppleWebKit/537.36 (KHTML, like Gecko; compatible; bingbot/2.0; +http://www.bing.com/bingbot.htm) Chrome/116.0.1938.76 Safari/537.36"
40.77.167.77 - - [20/May/2026:08:09:09 +0200] "GET /?fd20d237551001.html HTTP/1.1" 301 4 "-" "Mozilla/5.0 AppleWebKit/537.36 (KHTML, like Gecko; compatible; bingbot/2.0; +http://www.bing.com/bingbot.htm) Chrome/116.0.1938.76 Safari/537.36"
66.249.74.3 - - [20/May/2026:08:09:36 +0200] "GET /?p=430 HTTP/1.1" 301 4 "-" "Mozilla/5.0 (Linux; Android 6.0.1; Nexus 5X Build/MMB29P) AppleWebKit/537.36 (KHTML, like Gecko) Chrome/148.0.7778.96 Mobile Safari/537.36 (compatible; GoogleOther)"
66.249.74.3 - - [20/May/2026:08:09:36 +0200] "GET /2026/01/14/bonus-de-casino-sans-validation/ HTTP/1.1" 200 64174 "-" "Mozilla/5.0 (Linux; Android 6.0.1; Nexus 5X Build/MMB29P) AppleWebKit/537.36 (KHTML, like Gecko) Chrome/148.0.7778.96 Mobile Safari/537.36 (compatible; GoogleOther)"
109.234.165.82 - - [20/May/2026:08:15:20 +0200] "POST /wp-cron.php?doing_wp_cron=1779257720.0795109272003173828125 HTTP/1.1" 404 45741 "http://www.mariereinebenie.lasection52.com/wp-cron.php?doing_wp_cron=1779257720.0795109272003173828125" "WordPress/5.3.21; http://www.mariereinebenie.lasection52.com"
40.77.167.77 - - [20/May/2026:08:15:20 +0200] "GET /?965f1270220401.html HTTP/1.1" 301 4 "-" "Mozilla/5.0 AppleWebKit/537.36 (KHTML, like Gecko; compatible; bingbot/2.0; +http://www.bing.com/bingbot.htm) Chrome/116.0.1938.76 Safari/537.36"
52.167.144.166 - - [20/May/2026:08:23:11 +0200] "GET /?2921e469240901.html HTTP/1.1" 301 4 "-" "Mozilla/5.0 AppleWebKit/537.36 (KHTML, like Gecko; compatible; bingbot/2.0; +http://www.bing.com/bingbot.htm) Chrome/116.0.1938.76 Safari/537.36"
40.77.167.55 - - [20/May/2026:08:23:16 +0200] "GET /?27410286439001.html HTTP/1.1" 301 4 "-" "Mozilla/5.0 AppleWebKit/537.36 (KHTML, like Gecko; compatible; bingbot/2.0; +http://www.bing.com/bingbot.htm) Chrome/116.0.1938.76 Safari/537.36"
40.77.167.70 - - [20/May/2026:08:23:21 +0200] "GET /?752b6296235802_html HTTP/1.1" 200 69450 "-" "Mozilla/5.0 AppleWebKit/537.36 (KHTML, like Gecko; compatible; bingbot/2.0; +http://www.bing.com/bingbot.htm) Chrome/116.0.1938.76 Safari/537.36"
109.234.165.82 - - [20/May/2026:08:24:26 +0200] "POST /wp-cron.php?doing_wp_cron=1779258266.8607509136199951171875 HTTP/1.1" 404 45741 "http://www.mariereinebenie.lasection52.com/wp-cron.php?doing_wp_cron=1779258266.8607509136199951171875" "WordPress/5.3.21; http://www.mariereinebenie.lasection52.com"
66.249.74.4 - - [20/May/2026:08:24:26 +0200] "GET /?p=1653 HTTP/1.1" 301 4 "-" "Mozilla/5.0 (Linux; Android 6.0.1; Nexus 5X Build/MMB29P) AppleWebKit/537.36 (KHTML, like Gecko) Chrome/148.0.7778.96 Mobile Safari/537.36 (compatible; Googlebot/2.1; +http://www.google.com/bot.html)"
66.249.74.4 - - [20/May/2026:08:24:27 +0200] "GET /2026/01/14/casino-sans-d%C3%A9p%C3%B4t-%C3%A0-l-%C3%A9tranger/ HTTP/1.1" 200 64267 "-" "Mozilla/5.0 (Linux; Android 6.0.1; Nexus 5X Build/MMB29P) AppleWebKit/537.36 (KHTML, like Gecko) Chrome/148.0.7778.96 Mobile Safari/537.36 (compatible; Googlebot/2.1; +http://www.google.com/bot.html)"
109.234.165.82 - - [20/May/2026:08:30:25 +0200] "POST /wp-cron.php?doing_wp_cron=1779258625.2593619823455810546875 HTTP/1.1" 404 45741 "http://www.mariereinebenie.lasection52.com/wp-cron.php?doing_wp_cron=1779258625.2593619823455810546875" "WordPress/5.3.21; http://www.mariereinebenie.lasection52.com"
40.77.167.55 - - [20/May/2026:08:30:25 +0200] "GET /?eda24306200101.html HTTP/1.1" 301 4 "-" "Mozilla/5.0 AppleWebKit/537.36 (KHTML, like Gecko; compatible; bingbot/2.0; +http://www.bing.com/bingbot.htm) Chrome/116.0.1938.76 Safari/537.36"
40.77.167.243 - - [20/May/2026:08:36:31 +0200] "GET /?fc8ee183159601.html HTTP/1.1" 301 4 "-" "Mozilla/5.0 AppleWebKit/537.36 (KHTML, like Gecko; compatible; bingbot/2.0; +http://www.bing.com/bingbot.htm) Chrome/116.0.1938.76 Safari/537.36"
109.234.165.82 - - [20/May/2026:08:52:22 +0200] "POST /wp-cron.php?doing_wp_cron=1779259942.2347989082336425781250 HTTP/1.1" 404 45741 "http://www.mariereinebenie.lasection52.com/wp-cron.php?doing_wp_cron=1779259942.2347989082336425781250" "WordPress/5.3.21; http://www.mariereinebenie.lasection52.com"
40.77.167.49 - - [20/May/2026:08:52:22 +0200] "GET /?bcdca94916101.html HTTP/1.1" 301 4 "-" "Mozilla/5.0 AppleWebKit/537.36 (KHTML, like Gecko; compatible; bingbot/2.0; +http://www.bing.com/bingbot.htm) Chrome/116.0.1938.76 Safari/537.36"
40.77.167.49 - - [20/May/2026:08:52:23 +0200] "GET /?46ec92376838702.html HTTP/1.1" 301 4 "-" "Mozilla/5.0 AppleWebKit/537.36 (KHTML, like Gecko; compatible; bingbot/2.0; +http://www.bing.com/bingbot.htm) Chrome/116.0.1938.76 Safari/537.36"
40.77.167.63 - - [20/May/2026:08:52:27 +0200] "GET /?1667b166921001.html HTTP/1.1" 301 4 "-" "Mozilla/5.0 AppleWebKit/537.36 (KHTML, like Gecko; compatible; bingbot/2.0; +http://www.bing.com/bingbot.htm) Chrome/116.0.1938.76 Safari/537.36"
40.77.167.49 - - [20/May/2026:08:52:33 +0200] "GET /?7b047460551701.html HTTP/1.1" 301 4 "-" "Mozilla/5.0 AppleWebKit/537.36 (KHTML, like Gecko; compatible; bingbot/2.0; +http://www.bing.com/bingbot.htm) Chrome/116.0.1938.76 Safari/537.36"
52.167.144.166 - - [20/May/2026:09:00:34 +0200] "GET /?74e463867197602.html HTTP/1.1" 301 4 "-" "Mozilla/5.0 AppleWebKit/537.36 (KHTML, like Gecko; compatible; bingbot/2.0; +http://www.bing.com/bingbot.htm) Chrome/116.0.1938.76 Safari/537.36"
52.167.144.166 - - [20/May/2026:09:00:34 +0200] "GET /?22945190470901.html HTTP/1.1" 301 4 "-" "Mozilla/5.0 AppleWebKit/537.36 (KHTML, like Gecko; compatible; bingbot/2.0; +http://www.bing.com/bingbot.htm) Chrome/116.0.1938.76 Safari/537.36"
40.77.167.49 - - [20/May/2026:09:00:42 +0200] "GET /?ee7ae238954001.html HTTP/1.1" 301 4 "-" "Mozilla/5.0 AppleWebKit/537.36 (KHTML, like Gecko; compatible; bingbot/2.0; +http://www.bing.com/bingbot.htm) Chrome/116.0.1938.76 Safari/537.36"
52.167.144.190 - - [20/May/2026:09:01:23 +0200] "GET /?cd0a51951193302_html HTTP/1.1" 200 69451 "-" "Mozilla/5.0 AppleWebKit/537.36 (KHTML, like Gecko; compatible; bingbot/2.0; +http://www.bing.com/bingbot.htm) Chrome/116.0.1938.76 Safari/537.36"
40.77.167.150 - - [20/May/2026:09:01:25 +0200] "GET /?9d92e425310501_html HTTP/1.1" 200 69450 "-" "Mozilla/5.0 AppleWebKit/537.36 (KHTML, like Gecko; compatible; bingbot/2.0; +http://www.bing.com/bingbot.htm) Chrome/116.0.1938.76 Safari/537.36"
52.167.144.166 - - [20/May/2026:09:02:25 +0200] "GET /?808a9691051202.html HTTP/1.1" 301 4 "-" "Mozilla/5.0 AppleWebKit/537.36 (KHTML, like Gecko; compatible; bingbot/2.0; +http://www.bing.com/bingbot.htm) Chrome/116.0.1938.76 Safari/537.36"
109.234.165.82 - - [20/May/2026:09:02:37 +0200] "POST /wp-cron.php?doing_wp_cron=1779260557.3900609016418457031250 HTTP/1.1" 404 45741 "http://www.mariereinebenie.lasection52.com/wp-cron.php?doing_wp_cron=1779260557.3900609016418457031250" "WordPress/5.3.21; http://www.mariereinebenie.lasection52.com"
52.167.144.166 - - [20/May/2026:09:02:37 +0200] "GET /?fc46a338457001.html HTTP/1.1" 301 4 "-" "Mozilla/5.0 AppleWebKit/537.36 (KHTML, like Gecko; compatible; bingbot/2.0; +http://www.bing.com/bingbot.htm) Chrome/116.0.1938.76 Safari/537.36"
40.77.167.30 - - [20/May/2026:09:04:34 +0200] "GET /?751e8192011801.html HTTP/1.1" 301 4 "-" "Mozilla/5.0 AppleWebKit/537.36 (KHTML, like Gecko; compatible; bingbot/2.0; +http://www.bing.com/bingbot.htm) Chrome/116.0.1938.76 Safari/537.36"
52.167.144.166 - - [20/May/2026:09:04:37 +0200] "GET /?6702a681898902.html HTTP/1.1" 301 4 "-" "Mozilla/5.0 AppleWebKit/537.36 (KHTML, like Gecko; compatible; bingbot/2.0; +http://www.bing.com/bingbot.htm) Chrome/116.0.1938.76 Safari/537.36"
40.77.167.20 - - [20/May/2026:09:13:57 +0200] "GET /?ecb0e128061501.html HTTP/1.1" 301 4 "-" "Mozilla/5.0 AppleWebKit/537.36 (KHTML, like Gecko; compatible; bingbot/2.0; +http://www.bing.com/bingbot.htm) Chrome/116.0.1938.76 Safari/537.36"
52.167.144.217 - - [20/May/2026:09:14:01 +0200] "GET /?56c85709243902.html HTTP/1.1" 301 4 "-" "Mozilla/5.0 AppleWebKit/537.36 (KHTML, like Gecko; compatible; bingbot/2.0; +http://www.bing.com/bingbot.htm) Chrome/116.0.1938.76 Safari/537.36"
40.77.167.55 - - [20/May/2026:09:14:25 +0200] "GET /?1fd3f113842101.html HTTP/1.1" 301 4 "-" "Mozilla/5.0 AppleWebKit/537.36 (KHTML, like Gecko; compatible; bingbot/2.0; +http://www.bing.com/bingbot.htm) Chrome/116.0.1938.76 Safari/537.36"
40.77.167.132 - - [20/May/2026:09:22:45 +0200] "GET /?86cab3582047602.html HTTP/1.1" 301 4 "-" "Mozilla/5.0 AppleWebKit/537.36 (KHTML, like Gecko; compatible; bingbot/2.0; +http://www.bing.com/bingbot.htm) Chrome/116.0.1938.76 Safari/537.36"
40.77.167.156 - - [20/May/2026:09:23:13 +0200] "GET /?1dd5e1189800002.html HTTP/1.1" 301 4 "-" "Mozilla/5.0 AppleWebKit/537.36 (KHTML, like Gecko; compatible; bingbot/2.0; +http://www.bing.com/bingbot.htm) Chrome/116.0.1938.76 Safari/537.36"
109.234.165.82 - - [20/May/2026:09:26:28 +0200] "POST /wp-cron.php?doing_wp_cron=1779261988.9715380668640136718750 HTTP/1.1" 404 45741 "http://www.mariereinebenie.lasection52.com/wp-cron.php?doing_wp_cron=1779261988.9715380668640136718750" "WordPress/5.3.21; http://www.mariereinebenie.lasection52.com"
40.77.167.70 - - [20/May/2026:09:26:28 +0200] "GET /?55f62237301401.html HTTP/1.1" 301 4 "-" "Mozilla/5.0 AppleWebKit/537.36 (KHTML, like Gecko; compatible; bingbot/2.0; +http://www.bing.com/bingbot.htm) Chrome/116.0.1938.76 Safari/537.36"
40.77.167.70 - - [20/May/2026:09:26:39 +0200] "GET /?302f2254570701.html HTTP/1.1" 301 4 "-" "Mozilla/5.0 AppleWebKit/537.36 (KHTML, like Gecko; compatible; bingbot/2.0; +http://www.bing.com/bingbot.htm) Chrome/116.0.1938.76 Safari/537.36"
40.77.167.235 - - [20/May/2026:09:43:06 +0200] "GET /?fc5ce140521001.html HTTP/1.1" 301 4 "-" "Mozilla/5.0 AppleWebKit/537.36 (KHTML, like Gecko; compatible; bingbot/2.0; +http://www.bing.com/bingbot.htm) Chrome/116.0.1938.76 Safari/537.36"
40.77.167.235 - - [20/May/2026:09:43:07 +0200] "GET /?d3d53268460801.html HTTP/1.1" 301 4 "-" "Mozilla/5.0 AppleWebKit/537.36 (KHTML, like Gecko; compatible; bingbot/2.0; +http://www.bing.com/bingbot.htm) Chrome/116.0.1938.76 Safari/537.36"
40.77.167.51 - - [20/May/2026:09:43:16 +0200] "GET /?fb1c91230193502.html HTTP/1.1" 301 4 "-" "Mozilla/5.0 AppleWebKit/537.36 (KHTML, like Gecko; compatible; bingbot/2.0; +http://www.bing.com/bingbot.htm) Chrome/116.0.1938.76 Safari/537.36"
40.77.167.51 - - [20/May/2026:09:43:16 +0200] "GET /?85531360211301.html HTTP/1.1" 301 4 "-" "Mozilla/5.0 AppleWebKit/537.36 (KHTML, like Gecko; compatible; bingbot/2.0; +http://www.bing.com/bingbot.htm) Chrome/116.0.1938.76 Safari/537.36"
109.234.165.82 - - [20/May/2026:09:43:20 +0200] "POST /wp-cron.php?doing_wp_cron=1779263000.7103240489959716796875 HTTP/1.1" 404 45741 "http://www.mariereinebenie.lasection52.com/wp-cron.php?doing_wp_cron=1779263000.7103240489959716796875" "WordPress/5.3.21; http://www.mariereinebenie.lasection52.com"
40.77.167.7 - - [20/May/2026:09:43:20 +0200] "GET /?579a139695601.html HTTP/1.1" 301 4 "-" "Mozilla/5.0 AppleWebKit/537.36 (KHTML, like Gecko; compatible; bingbot/2.0; +http://www.bing.com/bingbot.htm) Chrome/116.0.1938.76 Safari/537.36"
40.77.167.51 - - [20/May/2026:09:50:53 +0200] "GET /?55bbe300567001.html HTTP/1.1" 301 4 "-" "Mozilla/5.0 AppleWebKit/537.36 (KHTML, like Gecko; compatible; bingbot/2.0; +http://www.bing.com/bingbot.htm) Chrome/116.0.1938.76 Safari/537.36"
40.77.167.51 - - [20/May/2026:09:50:53 +0200] "GET /?85e9d218375701.html HTTP/1.1" 301 4 "-" "Mozilla/5.0 AppleWebKit/537.36 (KHTML, like Gecko; compatible; bingbot/2.0; +http://www.bing.com/bingbot.htm) Chrome/116.0.1938.76 Safari/537.36"
52.167.144.236 - - [20/May/2026:09:50:57 +0200] "GET /?502a13210731802.html HTTP/1.1" 301 4 "-" "Mozilla/5.0 AppleWebKit/537.36 (KHTML, like Gecko; compatible; bingbot/2.0; +http://www.bing.com/bingbot.htm) Chrome/116.0.1938.76 Safari/537.36"
40.77.167.241 - - [20/May/2026:09:51:03 +0200] "GET /?442352083128902.html HTTP/1.1" 301 4 "-" "Mozilla/5.0 AppleWebKit/537.36 (KHTML, like Gecko; compatible; bingbot/2.0; +http://www.bing.com/bingbot.htm) Chrome/116.0.1938.76 Safari/537.36"
40.77.167.51 - - [20/May/2026:09:56:09 +0200] "GET /?7801f3409714402.html HTTP/1.1" 301 4 "-" "Mozilla/5.0 AppleWebKit/537.36 (KHTML, like Gecko; compatible; bingbot/2.0; +http://www.bing.com/bingbot.htm) Chrome/116.0.1938.76 Safari/537.36"
40.77.167.36 - - [20/May/2026:09:56:17 +0200] "GET /?770e01664600102.html HTTP/1.1" 301 4 "-" "Mozilla/5.0 AppleWebKit/537.36 (KHTML, like Gecko; compatible; bingbot/2.0; +http://www.bing.com/bingbot.htm) Chrome/116.0.1938.76 Safari/537.36"
40.77.167.36 - - [20/May/2026:09:56:17 +0200] "GET /?527ca229900201.html HTTP/1.1" 301 4 "-" "Mozilla/5.0 AppleWebKit/537.36 (KHTML, like Gecko; compatible; bingbot/2.0; +http://www.bing.com/bingbot.htm) Chrome/116.0.1938.76 Safari/537.36"
40.77.167.36 - - [20/May/2026:09:56:18 +0200] "GET /?7425c3698840102.html HTTP/1.1" 301 4 "-" "Mozilla/5.0 AppleWebKit/537.36 (KHTML, like Gecko; compatible; bingbot/2.0; +http://www.bing.com/bingbot.htm) Chrome/116.0.1938.76 Safari/537.36"
