41.82.169.183 - - [14/Feb/2025:15:03:46 +0100] "GET /wp-content/themes/werkstatt/style.css HTTP/1.1" 200 1423 "https://www.allure-spa.com/wp-content/themes/werkstatt-child/style.css" "Mozilla/5.0 (Linux; Android 10; K) AppleWebKit/537.36 (KHTML, like Gecko) Chrome/133.0.0.0 Mobile Safari/537.36"
41.82.169.183 - - [14/Feb/2025:15:03:47 +0100] "GET /wp-content/uploads/2021/12/piercing-2-300x300.png HTTP/1.1" 200 145070 "https://www.allure-spa.com/nos-services/piercings-tatouages/" "Mozilla/5.0 (Linux; Android 10; K) AppleWebKit/537.36 (KHTML, like Gecko) Chrome/133.0.0.0 Mobile Safari/537.36"
41.82.169.183 - - [14/Feb/2025:15:03:47 +0100] "GET /wp-content/plugins/js_composer/assets/css/js_composer_tta.min.css?ver=5.1.1 HTTP/1.1" 200 318065 "https://www.allure-spa.com/nos-services/piercings-tatouages/" "Mozilla/5.0 (Linux; Android 10; K) AppleWebKit/537.36 (KHTML, like Gecko) Chrome/133.0.0.0 Mobile Safari/537.36"
41.82.169.183 - - [14/Feb/2025:15:03:47 +0100] "GET /wp-content/plugins/insta-gallery/assets/css/qligg.min.css?ver=2.6.5 HTTP/1.1" 200 59808 "https://www.allure-spa.com/nos-services/piercings-tatouages/" "Mozilla/5.0 (Linux; Android 10; K) AppleWebKit/537.36 (KHTML, like Gecko) Chrome/133.0.0.0 Mobile Safari/537.36"
41.82.169.183 - - [14/Feb/2025:15:03:47 +0100] "GET /wp-content/plugins/insta-gallery/assets/magnific-popup/magnific-popup.min.css?ver=2.6.5 HTTP/1.1" 200 5259 "https://www.allure-spa.com/nos-services/piercings-tatouages/" "Mozilla/5.0 (Linux; Android 10; K) AppleWebKit/537.36 (KHTML, like Gecko) Chrome/133.0.0.0 Mobile Safari/537.36"
41.82.169.183 - - [14/Feb/2025:15:03:47 +0100] "GET /wp-content/plugins/mailchimp-for-woocommerce/public/js/mailchimp-woocommerce-public.min.js?ver=2.3 HTTP/1.1" 200 5930 "https://www.allure-spa.com/nos-services/piercings-tatouages/" "Mozilla/5.0 (Linux; Android 10; K) AppleWebKit/537.36 (KHTML, like Gecko) Chrome/133.0.0.0 Mobile Safari/537.36"
41.82.169.183 - - [14/Feb/2025:15:03:47 +0100] "GET /wp-content/themes/werkstatt/assets/js/vendor.min.js?ver=2.3.4.1 HTTP/1.1" 200 602339 "https://www.allure-spa.com/nos-services/piercings-tatouages/" "Mozilla/5.0 (Linux; Android 10; K) AppleWebKit/537.36 (KHTML, like Gecko) Chrome/133.0.0.0 Mobile Safari/537.36"
41.82.169.183 - - [14/Feb/2025:15:03:47 +0100] "GET /wp-content/themes/werkstatt/assets/js/app.min.js?ver=2.3.4.1 HTTP/1.1" 200 53865 "https://www.allure-spa.com/nos-services/piercings-tatouages/" "Mozilla/5.0 (Linux; Android 10; K) AppleWebKit/537.36 (KHTML, like Gecko) Chrome/133.0.0.0 Mobile Safari/537.36"
41.82.169.183 - - [14/Feb/2025:15:03:47 +0100] "GET /wp-content/plugins/mpc-massive/assets/js/mpc-vendor.min.js?ver=2.3.2 HTTP/1.1" 200 81856 "https://www.allure-spa.com/nos-services/piercings-tatouages/" "Mozilla/5.0 (Linux; Android 10; K) AppleWebKit/537.36 (KHTML, like Gecko) Chrome/133.0.0.0 Mobile Safari/537.36"
41.82.169.183 - - [14/Feb/2025:15:03:47 +0100] "GET /wp-content/plugins/mpc-massive/assets/js/mpc-scripts.min.js?ver=2.3.2 HTTP/1.1" 200 95710 "https://www.allure-spa.com/nos-services/piercings-tatouages/" "Mozilla/5.0 (Linux; Android 10; K) AppleWebKit/537.36 (KHTML, like Gecko) Chrome/133.0.0.0 Mobile Safari/537.36"
41.82.169.183 - - [14/Feb/2025:15:03:47 +0100] "GET /wp-content/plugins/js_composer/assets/js/dist/js_composer_front.min.js?ver=5.1.1 HTTP/1.1" 200 18908 "https://www.allure-spa.com/nos-services/piercings-tatouages/" "Mozilla/5.0 (Linux; Android 10; K) AppleWebKit/537.36 (KHTML, like Gecko) Chrome/133.0.0.0 Mobile Safari/537.36"
41.82.169.183 - - [14/Feb/2025:15:03:47 +0100] "GET /wp-content/plugins/js_composer/assets/lib/vc_accordion/vc-accordion.min.js?ver=5.1.1 HTTP/1.1" 200 11805 "https://www.allure-spa.com/nos-services/piercings-tatouages/" "Mozilla/5.0 (Linux; Android 10; K) AppleWebKit/537.36 (KHTML, like Gecko) Chrome/133.0.0.0 Mobile Safari/537.36"
41.82.169.183 - - [14/Feb/2025:15:03:47 +0100] "GET /wp-content/plugins/js_composer/assets/lib/vc-tta-autoplay/vc-tta-autoplay.min.js?ver=5.1.1 HTTP/1.1" 200 2426 "https://www.allure-spa.com/nos-services/piercings-tatouages/" "Mozilla/5.0 (Linux; Android 10; K) AppleWebKit/537.36 (KHTML, like Gecko) Chrome/133.0.0.0 Mobile Safari/537.36"
41.82.169.183 - - [14/Feb/2025:15:03:47 +0100] "GET /wp-content/plugins/insta-gallery/assets/js/qligg.min.js?ver=2.6.5 HTTP/1.1" 200 4819 "https://www.allure-spa.com/nos-services/piercings-tatouages/" "Mozilla/5.0 (Linux; Android 10; K) AppleWebKit/537.36 (KHTML, like Gecko) Chrome/133.0.0.0 Mobile Safari/537.36"
41.82.169.183 - - [14/Feb/2025:15:03:47 +0100] "GET /wp-content/plugins/insta-gallery/assets/magnific-popup/jquery.magnific-popup.min.js?ver=2.6.5 HTTP/1.1" 200 20219 "https://www.allure-spa.com/nos-services/piercings-tatouages/" "Mozilla/5.0 (Linux; Android 10; K) AppleWebKit/537.36 (KHTML, like Gecko) Chrome/133.0.0.0 Mobile Safari/537.36"
41.82.169.183 - - [14/Feb/2025:15:03:47 +0100] "GET /wp-includes/js/wp-emoji-release.min.js?ver=5.3.18 HTTP/1.1" 200 13849 "https://www.allure-spa.com/nos-services/piercings-tatouages/" "Mozilla/5.0 (Linux; Android 10; K) AppleWebKit/537.36 (KHTML, like Gecko) Chrome/133.0.0.0 Mobile Safari/537.36"
41.82.169.183 - - [14/Feb/2025:15:03:47 +0100] "GET /wp-content/uploads/2021/01/Piercing-03.jpg HTTP/1.1" 200 291345 "https://www.allure-spa.com/nos-services/piercings-tatouages/" "Mozilla/5.0 (Linux; Android 10; K) AppleWebKit/537.36 (KHTML, like Gecko) Chrome/133.0.0.0 Mobile Safari/537.36"
41.82.169.183 - - [14/Feb/2025:15:03:47 +0100] "GET /wp-content/themes/werkstatt/assets/fonts/fontawesome-webfont.woff2?v=4.6.3 HTTP/1.1" 200 71896 "https://www.allure-spa.com/wp-content/themes/werkstatt/assets/css/font-awesome.min.css" "Mozilla/5.0 (Linux; Android 10; K) AppleWebKit/537.36 (KHTML, like Gecko) Chrome/133.0.0.0 Mobile Safari/537.36"
41.82.169.183 - - [14/Feb/2025:15:03:48 +0100] "POST /wp-admin/admin-ajax.php HTTP/1.1" 200 237 "https://www.allure-spa.com/nos-services/piercings-tatouages/" "Mozilla/5.0 (Linux; Android 10; K) AppleWebKit/537.36 (KHTML, like Gecko) Chrome/133.0.0.0 Mobile Safari/537.36"
41.82.169.183 - - [14/Feb/2025:15:03:49 +0100] "GET /favicon.ico HTTP/1.1" 200 - "https://www.allure-spa.com/nos-services/piercings-tatouages/" "Mozilla/5.0 (Linux; Android 10; K) AppleWebKit/537.36 (KHTML, like Gecko) Chrome/133.0.0.0 Mobile Safari/537.36"
109.234.165.82 - - [14/Feb/2025:15:03:49 +0100] "POST /wp-cron.php?doing_wp_cron=1739541829.2078609466552734375000 HTTP/1.1" 200 - "https://www.allure-spa.com/wp-cron.php?doing_wp_cron=1739541829.2078609466552734375000" "WordPress/5.3.18; https://www.allure-spa.com"
41.82.169.183 - - [14/Feb/2025:15:03:48 +0100] "POST /?wc-ajax=get_refreshed_fragments HTTP/1.1" 200 271 "https://www.allure-spa.com/nos-services/piercings-tatouages/" "Mozilla/5.0 (Linux; Android 10; K) AppleWebKit/537.36 (KHTML, like Gecko) Chrome/133.0.0.0 Mobile Safari/537.36"
41.82.169.183 - - [14/Feb/2025:15:04:06 +0100] "GET /favicon.ico HTTP/1.1" 200 - "https://www.allure-spa.com/nos-services/piercings-tatouages/" "Mozilla/5.0 (Linux; Android 10; K) AppleWebKit/537.36 (KHTML, like Gecko) Chrome/133.0.0.0 Mobile Safari/537.36"
109.234.165.82 - - [14/Feb/2025:15:04:19 +0100] "POST /wp-cron.php?doing_wp_cron=1739541859.2600479125976562500000 HTTP/1.1" 200 - "https://www.allure-spa.com/wp-cron.php?doing_wp_cron=1739541859.2600479125976562500000" "WordPress/5.3.18; https://www.allure-spa.com"
41.82.169.183 - - [14/Feb/2025:15:04:18 +0100] "GET /nos-services/ HTTP/1.1" 200 73561 "https://www.allure-spa.com/nos-services/piercings-tatouages/" "Mozilla/5.0 (Linux; Android 10; K) AppleWebKit/537.36 (KHTML, like Gecko) Chrome/133.0.0.0 Mobile Safari/537.36"
41.82.169.183 - - [14/Feb/2025:15:04:20 +0100] "GET /wp-content/uploads/2019/11/slider2_Plan-de-travail-1.jpg HTTP/1.1" 200 392099 "https://www.allure-spa.com/nos-services/" "Mozilla/5.0 (Linux; Android 10; K) AppleWebKit/537.36 (KHTML, like Gecko) Chrome/133.0.0.0 Mobile Safari/537.36"
41.82.169.183 - - [14/Feb/2025:15:04:20 +0100] "GET /wp-content/uploads/2021/01/peeling_Plan-de-travail-1.jpg HTTP/1.1" 200 139281 "https://www.allure-spa.com/nos-services/" "Mozilla/5.0 (Linux; Android 10; K) AppleWebKit/537.36 (KHTML, like Gecko) Chrome/133.0.0.0 Mobile Safari/537.36"
41.82.169.183 - - [14/Feb/2025:15:04:20 +0100] "GET /wp-content/uploads/2021/01/Soins-corporels-02-1.jpg HTTP/1.1" 200 218628 "https://www.allure-spa.com/nos-services/" "Mozilla/5.0 (Linux; Android 10; K) AppleWebKit/537.36 (KHTML, like Gecko) Chrome/133.0.0.0 Mobile Safari/537.36"
41.82.169.183 - - [14/Feb/2025:15:04:20 +0100] "GET /wp-content/uploads/2021/01/Massothe%CC%81rapie_Plan-de-travail-1.jpg HTTP/1.1" 200 252359 "https://www.allure-spa.com/nos-services/" "Mozilla/5.0 (Linux; Android 10; K) AppleWebKit/537.36 (KHTML, like Gecko) Chrome/133.0.0.0 Mobile Safari/537.36"
41.82.169.183 - - [14/Feb/2025:15:04:20 +0100] "GET /wp-content/uploads/2019/11/epilation-au-laser-alure_Plan-de-travail-1-copie.jpg HTTP/1.1" 200 188408 "https://www.allure-spa.com/nos-services/" "Mozilla/5.0 (Linux; Android 10; K) AppleWebKit/537.36 (KHTML, like Gecko) Chrome/133.0.0.0 Mobile Safari/537.36"
41.82.169.183 - - [14/Feb/2025:15:04:20 +0100] "GET /wp-content/uploads/2021/01/Soins-des-mains-et-pieds-03.jpg HTTP/1.1" 200 250116 "https://www.allure-spa.com/nos-services/" "Mozilla/5.0 (Linux; Android 10; K) AppleWebKit/537.36 (KHTML, like Gecko) Chrome/133.0.0.0 Mobile Safari/537.36"
41.82.169.183 - - [14/Feb/2025:15:04:20 +0100] "GET /wp-content/uploads/2021/01/Maquillage-02.jpg HTTP/1.1" 200 420394 "https://www.allure-spa.com/nos-services/" "Mozilla/5.0 (Linux; Android 10; K) AppleWebKit/537.36 (KHTML, like Gecko) Chrome/133.0.0.0 Mobile Safari/537.36"
41.82.169.183 - - [14/Feb/2025:15:04:20 +0100] "GET /wp-content/uploads/2021/01/LPG-Cellu-M6-02.jpg HTTP/1.1" 200 202190 "https://www.allure-spa.com/nos-services/" "Mozilla/5.0 (Linux; Android 10; K) AppleWebKit/537.36 (KHTML, like Gecko) Chrome/133.0.0.0 Mobile Safari/537.36"
41.82.169.183 - - [14/Feb/2025:15:04:20 +0100] "GET /wp-content/uploads/2021/01/Luxopuncture-02.jpg HTTP/1.1" 200 133812 "https://www.allure-spa.com/nos-services/" "Mozilla/5.0 (Linux; Android 10; K) AppleWebKit/537.36 (KHTML, like Gecko) Chrome/133.0.0.0 Mobile Safari/537.36"
41.82.169.183 - - [14/Feb/2025:15:04:20 +0100] "GET /wp-content/uploads/2021/01/Cryothe%CC%81rapie-%E2%80%93-Cryo-Skin-2.0-02.jpg HTTP/1.1" 200 327717 "https://www.allure-spa.com/nos-services/" "Mozilla/5.0 (Linux; Android 10; K) AppleWebKit/537.36 (KHTML, like Gecko) Chrome/133.0.0.0 Mobile Safari/537.36"
41.82.169.183 - - [14/Feb/2025:15:04:20 +0100] "GET /wp-content/uploads/2021/01/Colombian-Butt-Lift-03.jpg HTTP/1.1" 200 232201 "https://www.allure-spa.com/nos-services/" "Mozilla/5.0 (Linux; Android 10; K) AppleWebKit/537.36 (KHTML, like Gecko) Chrome/133.0.0.0 Mobile Safari/537.36"
41.82.169.183 - - [14/Feb/2025:15:04:20 +0100] "GET /wp-content/uploads/2021/01/Lipocavitation-02.jpg HTTP/1.1" 200 196158 "https://www.allure-spa.com/nos-services/" "Mozilla/5.0 (Linux; Android 10; K) AppleWebKit/537.36 (KHTML, like Gecko) Chrome/133.0.0.0 Mobile Safari/537.36"
41.82.169.183 - - [14/Feb/2025:15:04:20 +0100] "GET /wp-content/uploads/2021/12/radio-frequence.jpeg HTTP/1.1" 200 74540 "https://www.allure-spa.com/nos-services/" "Mozilla/5.0 (Linux; Android 10; K) AppleWebKit/537.36 (KHTML, like Gecko) Chrome/133.0.0.0 Mobile Safari/537.36"
41.82.169.183 - - [14/Feb/2025:15:04:20 +0100] "GET /wp-content/uploads/2021/12/coiffure.jpeg HTTP/1.1" 200 673205 "https://www.allure-spa.com/nos-services/" "Mozilla/5.0 (Linux; Android 10; K) AppleWebKit/537.36 (KHTML, like Gecko) Chrome/133.0.0.0 Mobile Safari/537.36"
41.82.169.183 - - [14/Feb/2025:15:04:21 +0100] "GET /favicon.ico HTTP/1.1" 200 - "https://www.allure-spa.com/nos-services/piercings-tatouages/" "Mozilla/5.0 (Linux; Android 10; K) AppleWebKit/537.36 (KHTML, like Gecko) Chrome/133.0.0.0 Mobile Safari/537.36"
41.82.169.183 - - [14/Feb/2025:15:04:21 +0100] "POST /?wc-ajax=get_refreshed_fragments HTTP/1.1" 200 271 "https://www.allure-spa.com/nos-services/piercings-tatouages/" "Mozilla/5.0 (Linux; Android 10; K) AppleWebKit/537.36 (KHTML, like Gecko) Chrome/133.0.0.0 Mobile Safari/537.36"
41.82.169.183 - - [14/Feb/2025:15:04:20 +0100] "POST /wp-admin/admin-ajax.php HTTP/1.1" 200 237 "https://www.allure-spa.com/nos-services/" "Mozilla/5.0 (Linux; Android 10; K) AppleWebKit/537.36 (KHTML, like Gecko) Chrome/133.0.0.0 Mobile Safari/537.36"
41.82.169.183 - - [14/Feb/2025:15:04:22 +0100] "GET /favicon.ico HTTP/1.1" 200 - "https://www.allure-spa.com/nos-services/piercings-tatouages/" "Mozilla/5.0 (Linux; Android 10; K) AppleWebKit/537.36 (KHTML, like Gecko) Chrome/133.0.0.0 Mobile Safari/537.36"
41.82.169.183 - - [14/Feb/2025:15:04:25 +0100] "GET /nos-services/ HTTP/1.1" 200 73560 "https://www.allure-spa.com/nos-services/piercings-tatouages/" "Mozilla/5.0 (Linux; Android 10; K) AppleWebKit/537.36 (KHTML, like Gecko) Chrome/133.0.0.0 Mobile Safari/537.36"
41.82.169.183 - - [14/Feb/2025:15:04:26 +0100] "GET /wp-content/uploads/2021/01/Soins-des-mains-et-pieds-03.jpg HTTP/1.1" 200 250116 "https://www.allure-spa.com/nos-services/" "Mozilla/5.0 (Linux; Android 10; K) AppleWebKit/537.36 (KHTML, like Gecko) Chrome/133.0.0.0 Mobile Safari/537.36"
41.82.169.183 - - [14/Feb/2025:15:04:26 +0100] "GET /wp-content/uploads/2021/01/Maquillage-02.jpg HTTP/1.1" 200 420394 "https://www.allure-spa.com/nos-services/" "Mozilla/5.0 (Linux; Android 10; K) AppleWebKit/537.36 (KHTML, like Gecko) Chrome/133.0.0.0 Mobile Safari/537.36"
41.82.169.183 - - [14/Feb/2025:15:04:26 +0100] "GET /wp-content/uploads/2021/01/LPG-Cellu-M6-02.jpg HTTP/1.1" 200 202190 "https://www.allure-spa.com/nos-services/" "Mozilla/5.0 (Linux; Android 10; K) AppleWebKit/537.36 (KHTML, like Gecko) Chrome/133.0.0.0 Mobile Safari/537.36"
41.82.169.183 - - [14/Feb/2025:15:04:26 +0100] "GET /wp-content/uploads/2021/01/Luxopuncture-02.jpg HTTP/1.1" 200 133812 "https://www.allure-spa.com/nos-services/" "Mozilla/5.0 (Linux; Android 10; K) AppleWebKit/537.36 (KHTML, like Gecko) Chrome/133.0.0.0 Mobile Safari/537.36"
41.82.169.183 - - [14/Feb/2025:15:04:26 +0100] "GET /wp-content/uploads/2021/01/Cryothe%CC%81rapie-%E2%80%93-Cryo-Skin-2.0-02.jpg HTTP/1.1" 200 327717 "https://www.allure-spa.com/nos-services/" "Mozilla/5.0 (Linux; Android 10; K) AppleWebKit/537.36 (KHTML, like Gecko) Chrome/133.0.0.0 Mobile Safari/537.36"
41.82.169.183 - - [14/Feb/2025:15:04:26 +0100] "GET /wp-content/uploads/2021/01/Colombian-Butt-Lift-03.jpg HTTP/1.1" 200 232201 "https://www.allure-spa.com/nos-services/" "Mozilla/5.0 (Linux; Android 10; K) AppleWebKit/537.36 (KHTML, like Gecko) Chrome/133.0.0.0 Mobile Safari/537.36"
41.82.169.183 - - [14/Feb/2025:15:04:26 +0100] "GET /wp-content/uploads/2021/01/Lipocavitation-02.jpg HTTP/1.1" 200 196158 "https://www.allure-spa.com/nos-services/" "Mozilla/5.0 (Linux; Android 10; K) AppleWebKit/537.36 (KHTML, like Gecko) Chrome/133.0.0.0 Mobile Safari/537.36"
41.82.169.183 - - [14/Feb/2025:15:04:26 +0100] "GET /wp-content/uploads/2021/12/radio-frequence.jpeg HTTP/1.1" 200 74540 "https://www.allure-spa.com/nos-services/" "Mozilla/5.0 (Linux; Android 10; K) AppleWebKit/537.36 (KHTML, like Gecko) Chrome/133.0.0.0 Mobile Safari/537.36"
41.82.169.183 - - [14/Feb/2025:15:04:26 +0100] "GET /wp-content/uploads/2021/12/coiffure.jpeg HTTP/1.1" 200 673205 "https://www.allure-spa.com/nos-services/" "Mozilla/5.0 (Linux; Android 10; K) AppleWebKit/537.36 (KHTML, like Gecko) Chrome/133.0.0.0 Mobile Safari/537.36"
41.82.169.183 - - [14/Feb/2025:15:04:26 +0100] "GET /wp-content/uploads/2019/11/epilation-au-laser-alure_Plan-de-travail-1-copie.jpg HTTP/1.1" 200 188408 "https://www.allure-spa.com/nos-services/" "Mozilla/5.0 (Linux; Android 10; K) AppleWebKit/537.36 (KHTML, like Gecko) Chrome/133.0.0.0 Mobile Safari/537.36"
41.82.169.183 - - [14/Feb/2025:15:04:27 +0100] "GET /wp-content/uploads/2019/11/epilation-au-laser-alure_Plan-de-travail-1-copie.jpg HTTP/1.1" 200 188408 "https://www.allure-spa.com/nos-services/" "Mozilla/5.0 (Linux; Android 10; K) AppleWebKit/537.36 (KHTML, like Gecko) Chrome/133.0.0.0 Mobile Safari/537.36"
41.82.169.183 - - [14/Feb/2025:15:04:26 +0100] "POST /wp-admin/admin-ajax.php HTTP/1.1" 200 237 "https://www.allure-spa.com/nos-services/" "Mozilla/5.0 (Linux; Android 10; K) AppleWebKit/537.36 (KHTML, like Gecko) Chrome/133.0.0.0 Mobile Safari/537.36"
41.82.169.183 - - [14/Feb/2025:15:04:29 +0100] "GET /favicon.ico HTTP/1.1" 200 - "https://www.allure-spa.com/nos-services/" "Mozilla/5.0 (Linux; Android 10; K) AppleWebKit/537.36 (KHTML, like Gecko) Chrome/133.0.0.0 Mobile Safari/537.36"
41.82.169.183 - - [14/Feb/2025:15:04:32 +0100] "GET /favicon.ico HTTP/1.1" 200 - "https://www.allure-spa.com/nos-services/piercings-tatouages/" "Mozilla/5.0 (Linux; Android 10; K) AppleWebKit/537.36 (KHTML, like Gecko) Chrome/133.0.0.0 Mobile Safari/537.36"
41.82.169.183 - - [14/Feb/2025:15:04:32 +0100] "POST /?wc-ajax=get_refreshed_fragments HTTP/1.1" 200 271 "https://www.allure-spa.com/nos-services/piercings-tatouages/" "Mozilla/5.0 (Linux; Android 10; K) AppleWebKit/537.36 (KHTML, like Gecko) Chrome/133.0.0.0 Mobile Safari/537.36"
109.234.165.82 - - [14/Feb/2025:15:21:53 +0100] "POST /wp-cron.php?doing_wp_cron=1739542913.8451449871063232421875 HTTP/1.1" 200 - "https://www.allure-spa.com/wp-cron.php?doing_wp_cron=1739542913.8451449871063232421875" "WordPress/5.3.18; https://www.allure-spa.com"
155.133.132.65 - - [14/Feb/2025:15:21:53 +0100] "POST /wp-login.php HTTP/1.1" 302 - "-" "Mozilla/5.0 (Windows NT 10.0; Win64; x64; rv:85.0) Gecko/20100101 Firefox/85.0"
155.133.132.65 - - [14/Feb/2025:15:21:54 +0100] "GET /wp-login.php HTTP/1.1" 200 5724 "-" "Mozilla/5.0 (Windows NT 10.0; Win64; x64; rv:85.0) Gecko/20100101 Firefox/85.0"
109.234.165.82 - - [14/Feb/2025:15:30:23 +0100] "POST /wp-cron.php?doing_wp_cron=1739543423.1684300899505615234375 HTTP/1.1" 200 - "https://www.allure-spa.com/wp-cron.php?doing_wp_cron=1739543423.1684300899505615234375" "WordPress/5.3.18; https://www.allure-spa.com"
66.249.66.163 - - [14/Feb/2025:15:30:22 +0100] "GET /?add-to-cart=1761 HTTP/1.1" 200 180568 "-" "Mozilla/5.0 (Linux; Android 6.0.1; Nexus 5X Build/MMB29P) AppleWebKit/537.36 (KHTML, like Gecko) Chrome/133.0.6943.53 Mobile Safari/537.36 (compatible; Googlebot/2.1; +http://www.google.com/bot.html)"
109.234.165.82 - - [14/Feb/2025:15:34:13 +0100] "POST /wp-cron.php?doing_wp_cron=1739543653.3185040950775146484375 HTTP/1.1" 200 - "https://www.allure-spa.com/wp-cron.php?doing_wp_cron=1739543653.3185040950775146484375" "WordPress/5.3.18; https://www.allure-spa.com"
34.38.183.36 - - [14/Feb/2025:15:34:12 +0100] "GET / HTTP/1.1" 200 179610 "-" "DnBCrawler-Analytics"
34.38.183.36 - - [14/Feb/2025:15:34:14 +0100] "GET /robots.txt HTTP/1.1" 200 67 "-" "DnBCrawler-Analytics"
34.38.183.36 - - [14/Feb/2025:15:34:15 +0100] "GET /contacts/ HTTP/1.1" 200 64698 "-" "DnBCrawler-Analytics"
34.38.183.36 - - [14/Feb/2025:15:34:16 +0100] "GET /spa-de-jour/ HTTP/1.1" 200 79617 "-" "DnBCrawler-Analytics"
34.38.183.36 - - [14/Feb/2025:15:34:16 +0100] "GET /boutique/ HTTP/1.1" 200 107847 "-" "DnBCrawler-Analytics"
34.38.183.36 - - [14/Feb/2025:15:34:17 +0100] "GET /spa-medical/ HTTP/1.1" 200 79150 "-" "DnBCrawler-Analytics"
34.38.183.36 - - [14/Feb/2025:15:34:18 +0100] "GET /spa-de-jour/soins-du-visage/ HTTP/1.1" 200 78825 "-" "DnBCrawler-Analytics"
34.38.183.36 - - [14/Feb/2025:15:34:19 +0100] "GET /spa-de-jour/soins-corporels/ HTTP/1.1" 200 82049 "-" "DnBCrawler-Analytics"
34.38.183.36 - - [14/Feb/2025:15:34:20 +0100] "GET /spa-de-jour/massotherapie/ HTTP/1.1" 200 77004 "-" "DnBCrawler-Analytics"
34.38.183.36 - - [14/Feb/2025:15:34:21 +0100] "GET /spa-de-jour/soins-des-mains-et-pieds/ HTTP/1.1" 200 75849 "-" "DnBCrawler-Analytics"
34.38.183.36 - - [14/Feb/2025:15:34:22 +0100] "GET /spa-de-jour/epilation-professionnelle/ HTTP/1.1" 200 87937 "-" "DnBCrawler-Analytics"
34.38.183.36 - - [14/Feb/2025:15:34:23 +0100] "GET /spa-de-jour/maquillage/ HTTP/1.1" 200 74992 "-" "DnBCrawler-Analytics"
66.249.66.163 - - [14/Feb/2025:15:37:23 +0100] "GET /wp-content/plugins/premmerce-woocommerce-brands/assets/frontend/css/premmerce-brands.css?ver=5.3.18 HTTP/1.1" 200 1534 "https://www.allure-spa.com/?add-to-cart=1761" "Mozilla/5.0 (Linux; Android 6.0.1; Nexus 5X Build/MMB29P) AppleWebKit/537.36 (KHTML, like Gecko) Chrome/133.0.6943.53 Mobile Safari/537.36 (compatible; Googlebot/2.1; +http://www.google.com/bot.html)"
66.249.66.164 - - [14/Feb/2025:15:37:23 +0100] "GET /wp-content/themes/werkstatt/style.css HTTP/1.1" 200 1423 "https://www.allure-spa.com/wp-content/themes/werkstatt-child/style.css" "Mozilla/5.0 (Linux; Android 6.0.1; Nexus 5X Build/MMB29P) AppleWebKit/537.36 (KHTML, like Gecko) Chrome/133.0.6943.53 Mobile Safari/537.36 (compatible; Googlebot/2.1; +http://www.google.com/bot.html)"
66.249.66.165 - - [14/Feb/2025:15:37:23 +0100] "GET /wp-content/plugins/mailchimp-for-woocommerce/public/js/mailchimp-woocommerce-public.min.js?ver=2.3 HTTP/1.1" 200 5930 "https://www.allure-spa.com/?add-to-cart=1761" "Mozilla/5.0 (Linux; Android 6.0.1; Nexus 5X Build/MMB29P) AppleWebKit/537.36 (KHTML, like Gecko) Chrome/133.0.6943.53 Mobile Safari/537.36 (compatible; Googlebot/2.1; +http://www.google.com/bot.html)"
66.249.66.165 - - [14/Feb/2025:15:37:24 +0100] "POST /wp-admin/admin-ajax.php HTTP/1.1" 200 237 "https://www.allure-spa.com/?add-to-cart=1761" "Mozilla/5.0 (Linux; Android 6.0.1; Nexus 5X Build/MMB29P) AppleWebKit/537.36 (KHTML, like Gecko) Chrome/133.0.6943.53 Mobile Safari/537.36 (compatible; Googlebot/2.1; +http://www.google.com/bot.html)"
109.234.165.82 - - [14/Feb/2025:15:37:24 +0100] "POST /wp-cron.php?doing_wp_cron=1739543844.9395658969879150390625 HTTP/1.1" 200 - "https://www.allure-spa.com/wp-cron.php?doing_wp_cron=1739543844.9395658969879150390625" "WordPress/5.3.18; https://www.allure-spa.com"
66.249.66.164 - - [14/Feb/2025:15:37:24 +0100] "POST /?wc-ajax=get_refreshed_fragments HTTP/1.1" 200 2317 "https://www.allure-spa.com/?add-to-cart=1761" "Mozilla/5.0 (Linux; Android 6.0.1; Nexus 5X Build/MMB29P) AppleWebKit/537.36 (KHTML, like Gecko) Chrome/133.0.6943.53 Mobile Safari/537.36 (compatible; Googlebot/2.1; +http://www.google.com/bot.html)"
66.249.66.164 - - [14/Feb/2025:15:46:34 +0100] "GET /wp-content/themes/werkstatt-child/style.css HTTP/1.1" 200 573 "http://www.allure-spa.com/spa-de-jour/soins-du-visage/" "Mozilla/5.0 (Linux; Android 6.0.1; Nexus 5X Build/MMB29P) AppleWebKit/537.36 (KHTML, like Gecko) Chrome/133.0.6943.53 Mobile Safari/537.36 (compatible; Googlebot/2.1; +http://www.google.com/bot.html)"
66.249.66.163 - - [14/Feb/2025:15:46:36 +0100] "GET /wp-content/plugins/insta-gallery/assets/css/qligg.min.css?ver=2.6.5 HTTP/1.1" 200 59808 "http://www.allure-spa.com/spa-de-jour/soins-du-visage/" "Mozilla/5.0 AppleWebKit/537.36 (KHTML, like Gecko; compatible; Googlebot/2.1; +http://www.google.com/bot.html) Chrome/133.0.6943.53 Safari/537.36"
66.249.66.163 - - [14/Feb/2025:15:46:36 +0100] "GET /wp-content/plugins/js_composer/assets/js/vendors/woocommerce-add-to-cart.js?ver=5.1.1 HTTP/1.1" 200 895 "http://www.allure-spa.com/spa-de-jour/soins-du-visage/" "Mozilla/5.0 (Linux; Android 6.0.1; Nexus 5X Build/MMB29P) AppleWebKit/537.36 (KHTML, like Gecko) Chrome/133.0.6943.53 Mobile Safari/537.36 (compatible; Googlebot/2.1; +http://www.google.com/bot.html)"
66.249.66.163 - - [14/Feb/2025:15:46:36 +0100] "GET /wp-content/plugins/js_composer/assets/css/js_composer.min.css?ver=5.1.1 HTTP/1.1" 200 459328 "http://www.allure-spa.com/spa-de-jour/soins-du-visage/" "Mozilla/5.0 AppleWebKit/537.36 (KHTML, like Gecko; compatible; Googlebot/2.1; +http://www.google.com/bot.html) Chrome/133.0.6943.53 Safari/537.36"
66.249.66.163 - - [14/Feb/2025:15:46:36 +0100] "GET /wp-content/themes/werkstatt/style.css HTTP/1.1" 200 1423 "http://www.allure-spa.com/wp-content/themes/werkstatt-child/style.css" "Mozilla/5.0 AppleWebKit/537.36 (KHTML, like Gecko; compatible; Googlebot/2.1; +http://www.google.com/bot.html) Chrome/133.0.6943.53 Safari/537.36"
66.249.66.164 - - [14/Feb/2025:15:46:37 +0100] "GET /wp-content/plugins/insta-gallery/assets/css/qligg.min.css?ver=2.6.5 HTTP/1.1" 200 59808 "http://www.allure-spa.com/spa-de-jour/soins-du-visage/" "Mozilla/5.0 (Linux; Android 6.0.1; Nexus 5X Build/MMB29P) AppleWebKit/537.36 (KHTML, like Gecko) Chrome/133.0.6943.53 Mobile Safari/537.36 (compatible; Googlebot/2.1; +http://www.google.com/bot.html)"
66.249.66.163 - - [14/Feb/2025:15:46:38 +0100] "GET /wp-content/themes/werkstatt/style.css HTTP/1.1" 200 1423 "http://www.allure-spa.com/wp-content/themes/werkstatt-child/style.css" "Mozilla/5.0 (Linux; Android 6.0.1; Nexus 5X Build/MMB29P) AppleWebKit/537.36 (KHTML, like Gecko) Chrome/133.0.6943.53 Mobile Safari/537.36 (compatible; Googlebot/2.1; +http://www.google.com/bot.html)"
66.249.66.164 - - [14/Feb/2025:15:46:38 +0100] "GET /wp-content/plugins/insta-gallery/assets/magnific-popup/magnific-popup.min.css?ver=2.6.5 HTTP/1.1" 200 5259 "http://www.allure-spa.com/spa-de-jour/soins-du-visage/" "Mozilla/5.0 AppleWebKit/537.36 (KHTML, like Gecko; compatible; Googlebot/2.1; +http://www.google.com/bot.html) Chrome/133.0.6943.53 Safari/537.36"
66.249.66.163 - - [14/Feb/2025:15:46:39 +0100] "GET /wp-content/plugins/insta-gallery/assets/magnific-popup/magnific-popup.min.css?ver=2.6.5 HTTP/1.1" 200 5259 "http://www.allure-spa.com/spa-de-jour/soins-du-visage/" "Mozilla/5.0 (Linux; Android 6.0.1; Nexus 5X Build/MMB29P) AppleWebKit/537.36 (KHTML, like Gecko) Chrome/133.0.6943.53 Mobile Safari/537.36 (compatible; Googlebot/2.1; +http://www.google.com/bot.html)"
66.249.66.164 - - [14/Feb/2025:15:46:39 +0100] "GET /wp-content/themes/werkstatt/assets/js/vendor.min.js?ver=2.3.4.1 HTTP/1.1" 200 602339 "http://www.allure-spa.com/spa-de-jour/soins-du-visage/" "Mozilla/5.0 AppleWebKit/537.36 (KHTML, like Gecko; compatible; Googlebot/2.1; +http://www.google.com/bot.html) Chrome/133.0.6943.53 Safari/537.36"
66.249.66.164 - - [14/Feb/2025:15:46:40 +0100] "GET /wp-content/plugins/js_composer/assets/lib/vc_carousel/js/transition.min.js?ver=5.1.1 HTTP/1.1" 200 645 "http://www.allure-spa.com/spa-de-jour/soins-du-visage/" "Mozilla/5.0 (Linux; Android 6.0.1; Nexus 5X Build/MMB29P) AppleWebKit/537.36 (KHTML, like Gecko) Chrome/133.0.6943.53 Mobile Safari/537.36 (compatible; Googlebot/2.1; +http://www.google.com/bot.html)"
66.249.66.164 - - [14/Feb/2025:15:46:40 +0100] "GET /wp-content/plugins/mpc-massive/assets/js/mpc-scripts.min.js?ver=2.3.2 HTTP/1.1" 200 95710 "http://www.allure-spa.com/spa-de-jour/soins-du-visage/" "Mozilla/5.0 AppleWebKit/537.36 (KHTML, like Gecko; compatible; Googlebot/2.1; +http://www.google.com/bot.html) Chrome/133.0.6943.53 Safari/537.36"
66.249.66.163 - - [14/Feb/2025:15:46:41 +0100] "GET /wp-content/plugins/js_composer/assets/js/dist/js_composer_front.min.js?ver=5.1.1 HTTP/1.1" 200 18908 "http://www.allure-spa.com/spa-de-jour/soins-du-visage/" "Mozilla/5.0 AppleWebKit/537.36 (KHTML, like Gecko; compatible; Googlebot/2.1; +http://www.google.com/bot.html) Chrome/133.0.6943.53 Safari/537.36"
66.249.66.163 - - [14/Feb/2025:15:46:41 +0100] "GET /wp-content/plugins/js_composer/assets/js/dist/js_composer_front.min.js?ver=5.1.1 HTTP/1.1" 200 18908 "http://www.allure-spa.com/spa-de-jour/soins-du-visage/" "Mozilla/5.0 (Linux; Android 6.0.1; Nexus 5X Build/MMB29P) AppleWebKit/537.36 (KHTML, like Gecko) Chrome/133.0.6943.53 Mobile Safari/537.36 (compatible; Googlebot/2.1; +http://www.google.com/bot.html)"
66.249.66.164 - - [14/Feb/2025:15:46:41 +0100] "GET /wp-content/themes/werkstatt/assets/js/vendor.min.js?ver=2.3.4.1 HTTP/1.1" 200 602339 "http://www.allure-spa.com/spa-de-jour/soins-du-visage/" "Mozilla/5.0 (Linux; Android 6.0.1; Nexus 5X Build/MMB29P) AppleWebKit/537.36 (KHTML, like Gecko) Chrome/133.0.6943.53 Mobile Safari/537.36 (compatible; Googlebot/2.1; +http://www.google.com/bot.html)"
66.249.66.164 - - [14/Feb/2025:15:46:41 +0100] "GET /wp-content/plugins/insta-gallery/assets/magnific-popup/jquery.magnific-popup.min.js?ver=2.6.5 HTTP/1.1" 200 20219 "http://www.allure-spa.com/spa-de-jour/soins-du-visage/" "Mozilla/5.0 (Linux; Android 6.0.1; Nexus 5X Build/MMB29P) AppleWebKit/537.36 (KHTML, like Gecko) Chrome/133.0.6943.53 Mobile Safari/537.36 (compatible; Googlebot/2.1; +http://www.google.com/bot.html)"
66.249.66.164 - - [14/Feb/2025:15:46:41 +0100] "GET /wp-content/plugins/js_composer/assets/lib/vc_carousel/js/transition.min.js?ver=5.1.1 HTTP/1.1" 200 645 "http://www.allure-spa.com/spa-de-jour/soins-du-visage/" "Mozilla/5.0 AppleWebKit/537.36 (KHTML, like Gecko; compatible; Googlebot/2.1; +http://www.google.com/bot.html) Chrome/133.0.6943.53 Safari/537.36"
66.249.66.163 - - [14/Feb/2025:15:46:42 +0100] "POST /wp-admin/admin-ajax.php HTTP/1.1" 200 237 "http://www.allure-spa.com/spa-de-jour/soins-du-visage/" "Mozilla/5.0 AppleWebKit/537.36 (KHTML, like Gecko; compatible; Googlebot/2.1; +http://www.google.com/bot.html) Chrome/133.0.6943.53 Safari/537.36"
66.249.66.164 - - [14/Feb/2025:15:46:43 +0100] "POST /wp-admin/admin-ajax.php HTTP/1.1" 200 237 "http://www.allure-spa.com/spa-de-jour/soins-du-visage/" "Mozilla/5.0 (Linux; Android 6.0.1; Nexus 5X Build/MMB29P) AppleWebKit/537.36 (KHTML, like Gecko) Chrome/133.0.6943.53 Mobile Safari/537.36 (compatible; Googlebot/2.1; +http://www.google.com/bot.html)"
41.208.141.230 - - [14/Feb/2025:15:55:28 +0100] "GET / HTTP/1.1" 200 179600 "-" "Mozilla/5.0 (Macintosh; Intel Mac OS X 10_15_7) AppleWebKit/605.1.15 (KHTML, like Gecko)"
41.208.141.230 - - [14/Feb/2025:15:55:30 +0100] "GET /favicon.ico HTTP/1.1" 200 - "-" "com.apple.WebKit.Networking/20619.1.26.31.6 CFNetwork/1568.100.1 Darwin/24.0.0"
41.208.141.230 - - [14/Feb/2025:15:55:30 +0100] "GET /favicon.ico HTTP/1.1" 200 - "-" "com.apple.WebKit.Networking/20619.1.26.31.6 CFNetwork/1568.100.1 Darwin/24.0.0"
41.208.141.230 - - [14/Feb/2025:15:55:30 +0100] "GET /favicon.ico HTTP/1.1" 200 - "-" "com.apple.WebKit.Networking/20619.1.26.31.6 CFNetwork/1568.100.1 Darwin/24.0.0"
41.208.141.230 - - [14/Feb/2025:15:55:30 +0100] "GET /apple-touch-icon-precomposed.png HTTP/1.1" 404 60115 "-" "Safari/20619.1.26.31.6 CFNetwork/1568.100.1 Darwin/24.0.0"
41.208.141.230 - - [14/Feb/2025:15:55:30 +0100] "GET /spa-de-jour/soins-du-visage/ HTTP/1.1" 200 78825 "-" "Mozilla/5.0 (Macintosh; Intel Mac OS X 10_11_1) AppleWebKit/601.2.4 (KHTML, like Gecko) Version/9.0.1 Safari/601.2.4 facebookexternalhit/1.1 Facebot Twitterbot/1.0"
41.208.141.230 - - [14/Feb/2025:15:55:30 +0100] "GET /nos-services/ HTTP/1.1" 200 73561 "-" "Mozilla/5.0 (Macintosh; Intel Mac OS X 10_11_1) AppleWebKit/601.2.4 (KHTML, like Gecko) Version/9.0.1 Safari/601.2.4 facebookexternalhit/1.1 Facebot Twitterbot/1.0"
41.208.141.230 - - [14/Feb/2025:15:55:30 +0100] "GET /apple-touch-icon.png HTTP/1.1" 404 60115 "-" "com.apple.WebKit.Networking/20619.1.26.31.6 CFNetwork/1568.100.1 Darwin/24.0.0"
41.208.141.230 - - [14/Feb/2025:15:55:30 +0100] "GET /apple-touch-icon-precomposed.png HTTP/1.1" 404 60115 "-" "com.apple.WebKit.Networking/20619.1.26.31.6 CFNetwork/1568.100.1 Darwin/24.0.0"
41.208.141.230 - - [14/Feb/2025:15:55:30 +0100] "GET /apple-touch-icon-precomposed.png HTTP/1.1" 404 60115 "-" "com.apple.WebKit.Networking/20619.1.26.31.6 CFNetwork/1568.100.1 Darwin/24.0.0"
41.208.141.230 - - [14/Feb/2025:15:55:30 +0100] "GET /apple-touch-icon.png HTTP/1.1" 404 60115 "-" "com.apple.WebKit.Networking/20619.1.26.31.6 CFNetwork/1568.100.1 Darwin/24.0.0"
41.208.141.230 - - [14/Feb/2025:15:55:30 +0100] "GET /apple-touch-icon-precomposed.png HTTP/1.1" 404 60115 "-" "com.apple.WebKit.Networking/20619.1.26.31.6 CFNetwork/1568.100.1 Darwin/24.0.0"
41.208.141.230 - - [14/Feb/2025:15:55:30 +0100] "GET /apple-touch-icon.png HTTP/1.1" 404 60115 "-" "com.apple.WebKit.Networking/20619.1.26.31.6 CFNetwork/1568.100.1 Darwin/24.0.0"
41.208.141.230 - - [14/Feb/2025:15:55:30 +0100] "GET / HTTP/1.1" 200 179572 "-" "Mozilla/5.0 (Macintosh; Intel Mac OS X 10_11_1) AppleWebKit/601.2.4 (KHTML, like Gecko) Version/9.0.1 Safari/601.2.4 facebookexternalhit/1.1 Facebot Twitterbot/1.0"
41.208.141.230 - - [14/Feb/2025:15:55:31 +0100] "GET /apple-touch-icon.png HTTP/1.1" 404 60115 "-" "Safari/20619.1.26.31.6 CFNetwork/1568.100.1 Darwin/24.0.0"
41.208.141.230 - - [14/Feb/2025:15:55:32 +0100] "GET /favicon.ico HTTP/1.1" 200 - "-" "Safari/20619.1.26.31.6 CFNetwork/1568.100.1 Darwin/24.0.0"
41.208.141.230 - - [14/Feb/2025:15:55:32 +0100] "GET /apple-touch-icon-precomposed.png HTTP/1.1" 404 60115 "-" "Safari/20619.1.26.31.6 CFNetwork/1568.100.1 Darwin/24.0.0"
41.208.141.230 - - [14/Feb/2025:15:55:33 +0100] "GET /apple-touch-icon.png HTTP/1.1" 404 60115 "-" "Safari/20619.1.26.31.6 CFNetwork/1568.100.1 Darwin/24.0.0"
41.208.141.230 - - [14/Feb/2025:15:55:34 +0100] "GET /favicon.ico HTTP/1.1" 200 - "-" "Safari/20619.1.26.31.6 CFNetwork/1568.100.1 Darwin/24.0.0"
41.208.141.230 - - [14/Feb/2025:15:55:34 +0100] "GET /favicon.ico HTTP/1.1" 200 - "-" "com.apple.WebKit.Networking/20619.1.26.31.6 CFNetwork/1568.100.1 Darwin/24.0.0"
41.208.141.230 - - [14/Feb/2025:15:55:34 +0100] "GET /apple-touch-icon-precomposed.png HTTP/1.1" 404 60115 "-" "com.apple.WebKit.Networking/20619.1.26.31.6 CFNetwork/1568.100.1 Darwin/24.0.0"
41.208.141.230 - - [14/Feb/2025:15:55:34 +0100] "GET /apple-touch-icon.png HTTP/1.1" 404 60115 "-" "com.apple.WebKit.Networking/20619.1.26.31.6 CFNetwork/1568.100.1 Darwin/24.0.0"
41.208.141.230 - - [14/Feb/2025:15:55:35 +0100] "GET / HTTP/1.1" 200 179594 "-" "Mozilla/5.0 (Macintosh; Intel Mac OS X 10_15_7) AppleWebKit/605.1.15 (KHTML, like Gecko)"
41.208.141.230 - - [14/Feb/2025:15:55:35 +0100] "GET / HTTP/1.1" 200 179621 "-" "Mozilla/5.0 (iPhone; CPU iPhone OS 18_0 like Mac OS X) AppleWebKit/605.1.15 (KHTML, like Gecko) Version/18.0 Mobile/15E148 Safari/604.1"
41.208.141.230 - - [14/Feb/2025:15:55:36 +0100] "GET /apple-touch-icon-precomposed.png HTTP/1.1" 404 60115 "-" "Safari/20619.1.26.31.6 CFNetwork/1568.100.1 Darwin/24.0.0"
41.208.141.230 - - [14/Feb/2025:15:55:36 +0100] "GET /apple-touch-icon-precomposed.png HTTP/1.1" 404 60115 "-" "Safari/20619.1.26.31.6 CFNetwork/1568.100.1 Darwin/24.0.0"
41.208.141.230 - - [14/Feb/2025:15:55:38 +0100] "GET /apple-touch-icon.png HTTP/1.1" 404 60115 "-" "Safari/20619.1.26.31.6 CFNetwork/1568.100.1 Darwin/24.0.0"
41.208.141.230 - - [14/Feb/2025:15:55:38 +0100] "GET /apple-touch-icon.png HTTP/1.1" 404 60115 "-" "Safari/20619.1.26.31.6 CFNetwork/1568.100.1 Darwin/24.0.0"
41.208.141.230 - - [14/Feb/2025:15:55:38 +0100] "GET /favicon.ico HTTP/1.1" 200 - "-" "Safari/20619.1.26.31.6 CFNetwork/1568.100.1 Darwin/24.0.0"
41.208.141.230 - - [14/Feb/2025:15:55:39 +0100] "GET /favicon.ico HTTP/1.1" 200 - "-" "Safari/20619.1.26.31.6 CFNetwork/1568.100.1 Darwin/24.0.0"
41.208.141.230 - - [14/Feb/2025:15:55:39 +0100] "GET /apple-touch-icon-precomposed.png HTTP/1.1" 404 60115 "-" "Safari/20619.1.26.31.6 CFNetwork/1568.100.1 Darwin/24.0.0"
41.208.141.230 - - [14/Feb/2025:15:55:39 +0100] "GET /apple-touch-icon-precomposed.png HTTP/1.1" 404 60115 "-" "Safari/20619.1.26.31.6 CFNetwork/1568.100.1 Darwin/24.0.0"
41.208.141.230 - - [14/Feb/2025:15:55:40 +0100] "GET /apple-touch-icon.png HTTP/1.1" 404 60115 "-" "Safari/20619.1.26.31.6 CFNetwork/1568.100.1 Darwin/24.0.0"
41.208.141.230 - - [14/Feb/2025:15:55:40 +0100] "GET /apple-touch-icon.png HTTP/1.1" 404 60115 "-" "Safari/20619.1.26.31.6 CFNetwork/1568.100.1 Darwin/24.0.0"
41.208.141.230 - - [14/Feb/2025:15:55:41 +0100] "GET /favicon.ico HTTP/1.1" 200 - "-" "Safari/20619.1.26.31.6 CFNetwork/1568.100.1 Darwin/24.0.0"
41.208.141.230 - - [14/Feb/2025:15:55:41 +0100] "GET /favicon.ico HTTP/1.1" 200 - "-" "Safari/20619.1.26.31.6 CFNetwork/1568.100.1 Darwin/24.0.0"
41.208.141.230 - - [14/Feb/2025:15:55:42 +0100] "GET / HTTP/1.1" 200 179593 "-" "Mozilla/5.0 (iPhone; CPU iPhone OS 18_0 like Mac OS X) AppleWebKit/605.1.15 (KHTML, like Gecko) Version/18.0 Mobile/15E148 Safari/604.1"
41.208.141.230 - - [14/Feb/2025:15:55:43 +0100] "GET /apple-touch-icon-precomposed.png HTTP/1.1" 404 60115 "-" "Safari/20619.1.26.31.6 CFNetwork/1568.100.1 Darwin/24.0.0"
41.208.141.230 - - [14/Feb/2025:15:55:44 +0100] "GET /apple-touch-icon.png HTTP/1.1" 404 60115 "-" "Safari/20619.1.26.31.6 CFNetwork/1568.100.1 Darwin/24.0.0"
41.208.141.230 - - [14/Feb/2025:15:55:45 +0100] "GET /favicon.ico HTTP/1.1" 200 - "-" "Safari/20619.1.26.31.6 CFNetwork/1568.100.1 Darwin/24.0.0"
41.208.141.230 - - [14/Feb/2025:15:55:45 +0100] "GET /apple-touch-icon-precomposed.png HTTP/1.1" 404 60115 "-" "Safari/20619.1.26.31.6 CFNetwork/1568.100.1 Darwin/24.0.0"
41.208.141.230 - - [14/Feb/2025:15:55:46 +0100] "GET /apple-touch-icon.png HTTP/1.1" 404 60115 "-" "Safari/20619.1.26.31.6 CFNetwork/1568.100.1 Darwin/24.0.0"
41.208.141.230 - - [14/Feb/2025:15:55:46 +0100] "GET /favicon.ico HTTP/1.1" 200 - "-" "Safari/20619.1.26.31.6 CFNetwork/1568.100.1 Darwin/24.0.0"
109.234.165.82 - - [14/Feb/2025:15:57:39 +0100] "POST /wp-cron.php?doing_wp_cron=1739545059.1563179492950439453125 HTTP/1.1" 200 - "https://www.allure-spa.com/wp-cron.php?doing_wp_cron=1739545059.1563179492950439453125" "WordPress/5.3.18; https://www.allure-spa.com"
66.249.66.163 - - [14/Feb/2025:15:57:38 +0100] "GET /spa-de-jour/soins-des-mains-et-pieds/ HTTP/1.1" 200 75849 "-" "Mozilla/5.0 (Linux; Android 6.0.1; Nexus 5X Build/MMB29P) AppleWebKit/537.36 (KHTML, like Gecko) Chrome/133.0.6943.53 Mobile Safari/537.36 (compatible; Googlebot/2.1; +http://www.google.com/bot.html)"
66.249.66.164 - - [14/Feb/2025:15:57:43 +0100] "GET /wp-content/plugins/mpc-massive/assets/js/mpc-scripts.min.js?ver=2.3.2 HTTP/1.1" 200 95710 "https://www.allure-spa.com/spa-de-jour/soins-des-mains-et-pieds/" "Mozilla/5.0 (Linux; Android 6.0.1; Nexus 5X Build/MMB29P) AppleWebKit/537.36 (KHTML, like Gecko) Chrome/133.0.6943.53 Mobile Safari/537.36 (compatible; Googlebot/2.1; +http://www.google.com/bot.html)"
66.249.66.163 - - [14/Feb/2025:15:57:44 +0100] "GET /wp-content/themes/werkstatt-child/style.css HTTP/1.1" 200 573 "https://www.allure-spa.com/spa-de-jour/soins-des-mains-et-pieds/" "Mozilla/5.0 (Linux; Android 6.0.1; Nexus 5X Build/MMB29P) AppleWebKit/537.36 (KHTML, like Gecko) Chrome/133.0.6943.53 Mobile Safari/537.36 (compatible; Googlebot/2.1; +http://www.google.com/bot.html)"
66.249.66.163 - - [14/Feb/2025:15:57:44 +0100] "GET /wp-content/plugins/insta-gallery/assets/magnific-popup/magnific-popup.min.css?ver=2.6.5 HTTP/1.1" 200 5259 "https://www.allure-spa.com/spa-de-jour/soins-des-mains-et-pieds/" "Mozilla/5.0 (Linux; Android 6.0.1; Nexus 5X Build/MMB29P) AppleWebKit/537.36 (KHTML, like Gecko) Chrome/133.0.6943.53 Mobile Safari/537.36 (compatible; Googlebot/2.1; +http://www.google.com/bot.html)"
66.249.66.163 - - [14/Feb/2025:15:57:45 +0100] "GET /wp-content/themes/werkstatt/assets/css/app.css?ver=2.3.4.1 HTTP/1.1" 200 326197 "https://www.allure-spa.com/spa-de-jour/soins-des-mains-et-pieds/" "Mozilla/5.0 (Linux; Android 6.0.1; Nexus 5X Build/MMB29P) AppleWebKit/537.36 (KHTML, like Gecko) Chrome/133.0.6943.53 Mobile Safari/537.36 (compatible; Googlebot/2.1; +http://www.google.com/bot.html)"
66.249.76.205 - - [14/Feb/2025:15:57:47 +0100] "POST /?wc-ajax=get_refreshed_fragments HTTP/1.1" 200 271 "https://www.allure-spa.com/spa-de-jour/soins-des-mains-et-pieds/" "Mozilla/5.0 (Linux; Android 6.0.1; Nexus 5X Build/MMB29P) AppleWebKit/537.36 (KHTML, like Gecko) Chrome/133.0.6943.53 Mobile Safari/537.36 (compatible; Googlebot/2.1; +http://www.google.com/bot.html)"
66.249.66.163 - - [14/Feb/2025:15:57:48 +0100] "POST /wp-admin/admin-ajax.php HTTP/1.1" 200 237 "https://www.allure-spa.com/spa-de-jour/soins-des-mains-et-pieds/" "Mozilla/5.0 (Linux; Android 6.0.1; Nexus 5X Build/MMB29P) AppleWebKit/537.36 (KHTML, like Gecko) Chrome/133.0.6943.53 Mobile Safari/537.36 (compatible; Googlebot/2.1; +http://www.google.com/bot.html)"
109.234.165.82 - - [14/Feb/2025:16:01:11 +0100] "POST /wp-cron.php?doing_wp_cron=1739545271.9165389537811279296875 HTTP/1.1" 200 - "https://www.allure-spa.com/wp-cron.php?doing_wp_cron=1739545271.9165389537811279296875" "WordPress/5.3.18; https://www.allure-spa.com"
52.167.144.158 - - [14/Feb/2025:16:01:11 +0100] "GET /spa-de-jour/soins-des-mains-et-pieds/ HTTP/1.1" 200 75848 "-" "Mozilla/5.0 AppleWebKit/537.36 (KHTML, like Gecko; compatible; bingbot/2.0; +http://www.bing.com/bingbot.htm) Chrome/116.0.1938.76 Safari/537.36"
159.223.190.103 - - [14/Feb/2025:16:18:57 +0100] "POST /wp-login.php HTTP/1.1" 302 - "-" "Mozilla/5.0 (Windows NT 10.0; Win64; x64; rv:43.0) Gecko/20100101 Firefox/43.0"
159.223.190.103 - - [14/Feb/2025:16:18:58 +0100] "GET /wp-login.php HTTP/1.1" 200 5724 "-" "Mozilla/5.0 (Windows NT 10.0; Win64; x64; rv:43.0) Gecko/20100101 Firefox/43.0"
109.234.165.82 - - [14/Feb/2025:16:20:39 +0100] "POST /wp-cron.php?doing_wp_cron=1739546439.9669320583343505859375 HTTP/1.1" 200 - "https://www.allure-spa.com/wp-cron.php?doing_wp_cron=1739546439.9669320583343505859375" "WordPress/5.3.18; https://www.allure-spa.com"
18.212.150.98 - - [14/Feb/2025:16:20:39 +0100] "GET /spa-de-jour/tatouage-piercing/ HTTP/1.1" 200 73269 "-" "Snap URL Preview Service; bot; snapchat; https://developers.snap.com/robots"
109.234.165.82 - - [14/Feb/2025:16:25:33 +0100] "POST /wp-cron.php?doing_wp_cron=1739546733.2627389430999755859375 HTTP/1.1" 200 - "https://www.allure-spa.com/wp-cron.php?doing_wp_cron=1739546733.2627389430999755859375" "WordPress/5.3.18; https://www.allure-spa.com"
5.45.109.159 - - [14/Feb/2025:16:25:32 +0100] "GET /produit/sun-ceutic-50/?add-to-cart=1530 HTTP/1.1" 200 81162 "-" "Mozilla/5.0 (Windows NT 10.0; Win64; x64) AppleWebKit/537.36 (KHTML, like Gecko) Chrome/100.0.6197.125 Safari/537.36"
109.234.165.82 - - [14/Feb/2025:16:32:01 +0100] "POST /wp-cron.php?doing_wp_cron=1739547121.5951468944549560546875 HTTP/1.1" 200 - "https://www.allure-spa.com/wp-cron.php?doing_wp_cron=1739547121.5951468944549560546875" "WordPress/5.3.18; https://www.allure-spa.com"
66.249.66.163 - - [14/Feb/2025:16:32:00 +0100] "GET /produit/mela-cream-pigmentation-cream/?add-to-cart=1542 HTTP/1.1" 200 81654 "-" "Mozilla/5.0 (Linux; Android 6.0.1; Nexus 5X Build/MMB29P) AppleWebKit/537.36 (KHTML, like Gecko) Chrome/133.0.6943.53 Mobile Safari/537.36 (compatible; Googlebot/2.1; +http://www.google.com/bot.html)"
66.249.66.164 - - [14/Feb/2025:16:32:07 +0100] "POST /?wc-ajax=get_refreshed_fragments HTTP/1.1" 200 2547 "https://www.allure-spa.com/produit/mela-cream-pigmentation-cream/?add-to-cart=1542" "Mozilla/5.0 (Linux; Android 6.0.1; Nexus 5X Build/MMB29P) AppleWebKit/537.36 (KHTML, like Gecko) Chrome/133.0.6943.53 Mobile Safari/537.36 (compatible; Googlebot/2.1; +http://www.google.com/bot.html)"
109.234.165.82 - - [14/Feb/2025:16:32:40 +0100] "POST /wp-cron.php?doing_wp_cron=1739547160.1031520366668701171875 HTTP/1.1" 200 - "https://www.allure-spa.com/wp-cron.php?doing_wp_cron=1739547160.1031520366668701171875" "WordPress/5.3.18; https://www.allure-spa.com"
52.167.144.22 - - [14/Feb/2025:16:32:39 +0100] "GET /nos-services/ HTTP/1.1" 200 73561 "-" "Mozilla/5.0 AppleWebKit/537.36 (KHTML, like Gecko; compatible; bingbot/2.0; +http://www.bing.com/bingbot.htm) Chrome/116.0.1938.76 Safari/537.36"
154.125.49.205 - - [14/Feb/2025:16:33:10 +0100] "GET / HTTP/1.1" 301 - "-" "Mozilla/5.0 (Macintosh; Intel Mac OS X 10_15_7) AppleWebKit/537.36 (KHTML, like Gecko) Chrome/133.0.0.0 Safari/537.36"
154.125.49.205 - - [14/Feb/2025:16:33:11 +0100] "GET /wp-content/plugins/revslider/public/assets/css/rs6.css?ver=6.1.2 HTTP/1.1" 200 56404 "https://www.allure-spa.com/" "Mozilla/5.0 (Macintosh; Intel Mac OS X 10_15_7) AppleWebKit/537.36 (KHTML, like Gecko) Chrome/133.0.0.0 Safari/537.36"
154.125.49.205 - - [14/Feb/2025:16:33:11 +0100] "GET /wp-content/themes/werkstatt/assets/css/font-awesome.min.css HTTP/1.1" 200 29063 "https://www.allure-spa.com/" "Mozilla/5.0 (Macintosh; Intel Mac OS X 10_15_7) AppleWebKit/537.36 (KHTML, like Gecko) Chrome/133.0.0.0 Safari/537.36"
154.125.49.205 - - [14/Feb/2025:16:33:11 +0100] "GET /wp-content/themes/werkstatt/assets/css/app.css?ver=2.3.4.1 HTTP/1.1" 200 326197 "https://www.allure-spa.com/" "Mozilla/5.0 (Macintosh; Intel Mac OS X 10_15_7) AppleWebKit/537.36 (KHTML, like Gecko) Chrome/133.0.0.0 Safari/537.36"
154.125.49.205 - - [14/Feb/2025:16:33:10 +0100] "GET / HTTP/1.1" 200 179614 "-" "Mozilla/5.0 (Macintosh; Intel Mac OS X 10_15_7) AppleWebKit/537.36 (KHTML, like Gecko) Chrome/133.0.0.0 Safari/537.36"
154.125.49.205 - - [14/Feb/2025:16:33:11 +0100] "GET /wp-content/themes/werkstatt-child/style.css HTTP/1.1" 200 573 "https://www.allure-spa.com/" "Mozilla/5.0 (Macintosh; Intel Mac OS X 10_15_7) AppleWebKit/537.36 (KHTML, like Gecko) Chrome/133.0.0.0 Safari/537.36"
154.125.49.205 - - [14/Feb/2025:16:33:11 +0100] "GET /wp-content/plugins/js_composer/assets/css/js_composer.min.css?ver=5.1.1 HTTP/1.1" 200 459328 "https://www.allure-spa.com/" "Mozilla/5.0 (Macintosh; Intel Mac OS X 10_15_7) AppleWebKit/537.36 (KHTML, like Gecko) Chrome/133.0.0.0 Safari/537.36"
154.125.49.205 - - [14/Feb/2025:16:33:11 +0100] "GET /wp-content/plugins/premmerce-woocommerce-brands/assets/frontend/css/premmerce-brands.css?ver=5.3.18 HTTP/1.1" 200 1534 "https://www.allure-spa.com/" "Mozilla/5.0 (Macintosh; Intel Mac OS X 10_15_7) AppleWebKit/537.36 (KHTML, like Gecko) Chrome/133.0.0.0 Safari/537.36"
154.125.49.205 - - [14/Feb/2025:16:33:11 +0100] "GET /wp-content/plugins/mpc-massive/assets/css/mpc-styles.css?ver=5.3.18 HTTP/1.1" 200 245189 "https://www.allure-spa.com/" "Mozilla/5.0 (Macintosh; Intel Mac OS X 10_15_7) AppleWebKit/537.36 (KHTML, like Gecko) Chrome/133.0.0.0 Safari/537.36"
154.125.49.205 - - [14/Feb/2025:16:33:11 +0100] "GET /wp-content/plugins/revslider/public/assets/js/revolution.tools.min.js?ver=6.0 HTTP/1.1" 200 150436 "https://www.allure-spa.com/" "Mozilla/5.0 (Macintosh; Intel Mac OS X 10_15_7) AppleWebKit/537.36 (KHTML, like Gecko) Chrome/133.0.0.0 Safari/537.36"
154.125.49.205 - - [14/Feb/2025:16:33:11 +0100] "GET /wp-content/plugins/revslider/public/assets/js/rs6.min.js?ver=6.1.2 HTTP/1.1" 200 269077 "https://www.allure-spa.com/" "Mozilla/5.0 (Macintosh; Intel Mac OS X 10_15_7) AppleWebKit/537.36 (KHTML, like Gecko) Chrome/133.0.0.0 Safari/537.36"
154.125.49.205 - - [14/Feb/2025:16:33:11 +0100] "GET /wp-content/plugins/js_composer/assets/js/vendors/woocommerce-add-to-cart.js?ver=5.1.1 HTTP/1.1" 200 895 "https://www.allure-spa.com/" "Mozilla/5.0 (Macintosh; Intel Mac OS X 10_15_7) AppleWebKit/537.36 (KHTML, like Gecko) Chrome/133.0.0.0 Safari/537.36"
154.125.49.205 - - [14/Feb/2025:16:33:11 +0100] "GET /wp-content/themes/werkstatt/style.css HTTP/1.1" 200 1423 "https://www.allure-spa.com/wp-content/themes/werkstatt-child/style.css" "Mozilla/5.0 (Macintosh; Intel Mac OS X 10_15_7) AppleWebKit/537.36 (KHTML, like Gecko) Chrome/133.0.0.0 Safari/537.36"
154.125.49.205 - - [14/Feb/2025:16:33:12 +0100] "GET /wp-content/uploads/2019/12/allure-logo-e1577020517255.jpeg HTTP/1.1" 200 21177 "https://www.allure-spa.com/" "Mozilla/5.0 (Macintosh; Intel Mac OS X 10_15_7) AppleWebKit/537.36 (KHTML, like Gecko) Chrome/133.0.0.0 Safari/537.36"
154.125.49.205 - - [14/Feb/2025:16:33:12 +0100] "GET /wp-content/uploads/2019/11/slider2_Plan-de-travail-1.jpg HTTP/1.1" 200 392099 "https://www.allure-spa.com/" "Mozilla/5.0 (Macintosh; Intel Mac OS X 10_15_7) AppleWebKit/537.36 (KHTML, like Gecko) Chrome/133.0.0.0 Safari/537.36"
154.125.49.205 - - [14/Feb/2025:16:33:12 +0100] "GET /wp-content/uploads/2019/11/in_construction_background_Plan-de-travail-1-1.jpg HTTP/1.1" 200 280994 "https://www.allure-spa.com/" "Mozilla/5.0 (Macintosh; Intel Mac OS X 10_15_7) AppleWebKit/537.36 (KHTML, like Gecko) Chrome/133.0.0.0 Safari/537.36"
154.125.49.205 - - [14/Feb/2025:16:33:12 +0100] "GET /wp-content/uploads/2019/11/AllureAccueil_Plan-de-travail-1.jpg HTTP/1.1" 200 237448 "https://www.allure-spa.com/" "Mozilla/5.0 (Macintosh; Intel Mac OS X 10_15_7) AppleWebKit/537.36 (KHTML, like Gecko) Chrome/133.0.0.0 Safari/537.36"
154.125.49.205 - - [14/Feb/2025:16:33:12 +0100] "GET /wp-content/plugins/mpc-massive/assets/css/libs/slick.min.css?ver=5.3.18 HTTP/1.1" 200 1276 "https://www.allure-spa.com/" "Mozilla/5.0 (Macintosh; Intel Mac OS X 10_15_7) AppleWebKit/537.36 (KHTML, like Gecko) Chrome/133.0.0.0 Safari/537.36"
154.125.49.205 - - [14/Feb/2025:16:33:12 +0100] "GET /wp-content/plugins/insta-gallery/assets/css/qligg.min.css?ver=2.6.5 HTTP/1.1" 200 59808 "https://www.allure-spa.com/" "Mozilla/5.0 (Macintosh; Intel Mac OS X 10_15_7) AppleWebKit/537.36 (KHTML, like Gecko) Chrome/133.0.0.0 Safari/537.36"
154.125.49.205 - - [14/Feb/2025:16:33:12 +0100] "GET /wp-content/plugins/insta-gallery/assets/magnific-popup/magnific-popup.min.css?ver=2.6.5 HTTP/1.1" 200 5259 "https://www.allure-spa.com/" "Mozilla/5.0 (Macintosh; Intel Mac OS X 10_15_7) AppleWebKit/537.36 (KHTML, like Gecko) Chrome/133.0.0.0 Safari/537.36"
154.125.49.205 - - [14/Feb/2025:16:33:12 +0100] "GET /wp-content/plugins/mpc-massive/assets/fonts/mi/mi.min.css?ver=2.3.2 HTTP/1.1" 200 35644 "https://www.allure-spa.com/" "Mozilla/5.0 (Macintosh; Intel Mac OS X 10_15_7) AppleWebKit/537.36 (KHTML, like Gecko) Chrome/133.0.0.0 Safari/537.36"
154.125.49.205 - - [14/Feb/2025:16:33:12 +0100] "GET /wp-content/themes/werkstatt/assets/fonts/fontawesome-webfont.woff2?v=4.6.3 HTTP/1.1" 200 71896 "https://www.allure-spa.com/wp-content/themes/werkstatt/assets/css/font-awesome.min.css" "Mozilla/5.0 (Macintosh; Intel Mac OS X 10_15_7) AppleWebKit/537.36 (KHTML, like Gecko) Chrome/133.0.0.0 Safari/537.36"
154.125.49.205 - - [14/Feb/2025:16:33:12 +0100] "GET /wp-content/plugins/mailchimp-for-woocommerce/public/js/mailchimp-woocommerce-public.min.js?ver=2.3 HTTP/1.1" 200 5930 "https://www.allure-spa.com/" "Mozilla/5.0 (Macintosh; Intel Mac OS X 10_15_7) AppleWebKit/537.36 (KHTML, like Gecko) Chrome/133.0.0.0 Safari/537.36"
