66.249.66.165 - - [14/Feb/2025:09:53:42 +0100] "GET /wp-content/uploads/2021/01/E%CC%81pilation-Professionnelle-02.jpg HTTP/1.1" 200 309919 "-" "Googlebot-Image/1.0"
109.234.165.82 - - [14/Feb/2025:10:04:05 +0100] "POST /wp-cron.php?doing_wp_cron=1739523845.5256800651550292968750 HTTP/1.1" 200 - "https://www.allure-spa.com/wp-cron.php?doing_wp_cron=1739523845.5256800651550292968750" "WordPress/5.3.18; https://www.allure-spa.com"
52.167.144.160 - - [14/Feb/2025:10:04:04 +0100] "GET /produit/mela-cream-pigmentation-cream/ HTTP/1.1" 200 80204 "-" "Mozilla/5.0 AppleWebKit/537.36 (KHTML, like Gecko; compatible; bingbot/2.0; +http://www.bing.com/bingbot.htm) Chrome/116.0.1938.76 Safari/537.36"
41.82.171.246 - - [14/Feb/2025:10:04:49 +0100] "GET /favicon.ico HTTP/1.1" 200 - "https://www.allure-spa.com/nos-services/" "Mozilla/5.0 (Linux; Android 10; K) AppleWebKit/537.36 (KHTML, like Gecko) Chrome/132.0.0.0 Mobile Safari/537.36"
41.82.171.246 - - [14/Feb/2025:10:04:49 +0100] "POST /?wc-ajax=get_refreshed_fragments HTTP/1.1" 200 271 "https://www.allure-spa.com/nos-services/" "Mozilla/5.0 (Linux; Android 10; K) AppleWebKit/537.36 (KHTML, like Gecko) Chrome/132.0.0.0 Mobile Safari/537.36"
41.82.171.246 - - [14/Feb/2025:10:04:49 +0100] "POST /wp-admin/admin-ajax.php HTTP/1.1" 200 237 "https://www.allure-spa.com/nos-services/" "Mozilla/5.0 (Linux; Android 10; K) AppleWebKit/537.36 (KHTML, like Gecko) Chrome/132.0.0.0 Mobile Safari/537.36"
104.28.42.15 - - [14/Feb/2025:10:11:29 +0100] "GET /favicon.ico HTTP/1.1" 200 - "-" "NetworkingExtension/8620.2.4.10.7 Network/4277.82.1 iOS/18.3"
104.28.42.15 - - [14/Feb/2025:10:11:29 +0100] "GET /apple-touch-icon-precomposed.png HTTP/1.1" 404 60115 "-" "NetworkingExtension/8620.2.4.10.7 Network/4277.82.1 iOS/18.3"
109.234.165.82 - - [14/Feb/2025:10:11:30 +0100] "POST /wp-cron.php?doing_wp_cron=1739524290.0276479721069335937500 HTTP/1.1" 200 - "https://www.allure-spa.com/wp-cron.php?doing_wp_cron=1739524290.0276479721069335937500" "WordPress/5.3.18; https://www.allure-spa.com"
104.28.42.15 - - [14/Feb/2025:10:11:29 +0100] "GET /apple-touch-icon.png HTTP/1.1" 404 60115 "-" "NetworkingExtension/8620.2.4.10.7 Network/4277.82.1 iOS/18.3"
109.234.165.82 - - [14/Feb/2025:10:11:30 +0100] "POST /wp-cron.php?doing_wp_cron=1739524290.0276520252227783203125 HTTP/1.1" 200 - "https://www.allure-spa.com/wp-cron.php?doing_wp_cron=1739524290.0276520252227783203125" "WordPress/5.3.18; https://www.allure-spa.com"
104.28.42.15 - - [14/Feb/2025:10:11:29 +0100] "GET /nos-services/ HTTP/1.1" 200 73561 "-" "Mozilla/5.0 (Macintosh; Intel Mac OS X 10_11_1) AppleWebKit/601.2.4 (KHTML, like Gecko) Version/9.0.1 Safari/601.2.4 facebookexternalhit/1.1 Facebot Twitterbot/1.0"
109.234.165.82 - - [14/Feb/2025:10:13:33 +0100] "POST /wp-cron.php?doing_wp_cron=1739524413.2175359725952148437500 HTTP/1.1" 200 - "https://www.allure-spa.com/wp-cron.php?doing_wp_cron=1739524413.2175359725952148437500" "WordPress/5.3.18; https://www.allure-spa.com"
154.124.136.109 - - [14/Feb/2025:10:13:32 +0100] "GET / HTTP/1.1" 200 179603 "-" "Mozilla/5.0 (iPhone; CPU iPhone OS 18_0_1 like Mac OS X) AppleWebKit/605.1.15 (KHTML, like Gecko) Version/18.0.1 Mobile/15E148 Safari/604.1"
154.124.136.109 - - [14/Feb/2025:10:13:36 +0100] "GET /apple-touch-icon-120x120-precomposed.png HTTP/1.1" 404 60115 "-" "MobileSafari/8619.1.26.30.7 CFNetwork/1568.100.1.2.1 Darwin/24.0.0"
154.124.136.109 - - [14/Feb/2025:10:13:37 +0100] "GET /apple-touch-icon-120x120.png HTTP/1.1" 404 60115 "-" "MobileSafari/8619.1.26.30.7 CFNetwork/1568.100.1.2.1 Darwin/24.0.0"
154.124.136.109 - - [14/Feb/2025:10:13:38 +0100] "GET /apple-touch-icon-precomposed.png HTTP/1.1" 404 60115 "-" "MobileSafari/8619.1.26.30.7 CFNetwork/1568.100.1.2.1 Darwin/24.0.0"
154.124.136.109 - - [14/Feb/2025:10:13:39 +0100] "GET /apple-touch-icon.png HTTP/1.1" 404 60115 "-" "MobileSafari/8619.1.26.30.7 CFNetwork/1568.100.1.2.1 Darwin/24.0.0"
154.124.136.109 - - [14/Feb/2025:10:13:40 +0100] "GET /favicon.ico HTTP/1.1" 200 - "-" "MobileSafari/8619.1.26.30.7 CFNetwork/1568.100.1.2.1 Darwin/24.0.0"
154.124.136.109 - - [14/Feb/2025:10:13:40 +0100] "GET /apple-touch-icon-120x120-precomposed.png HTTP/1.1" 404 60115 "-" "MobileSafari/8619.1.26.30.7 CFNetwork/1568.100.1.2.1 Darwin/24.0.0"
154.124.136.109 - - [14/Feb/2025:10:13:41 +0100] "GET /apple-touch-icon-120x120.png HTTP/1.1" 404 60115 "-" "MobileSafari/8619.1.26.30.7 CFNetwork/1568.100.1.2.1 Darwin/24.0.0"
154.124.136.109 - - [14/Feb/2025:10:13:42 +0100] "GET /apple-touch-icon-precomposed.png HTTP/1.1" 404 60115 "-" "MobileSafari/8619.1.26.30.7 CFNetwork/1568.100.1.2.1 Darwin/24.0.0"
154.124.136.109 - - [14/Feb/2025:10:13:43 +0100] "GET /apple-touch-icon.png HTTP/1.1" 404 60115 "-" "MobileSafari/8619.1.26.30.7 CFNetwork/1568.100.1.2.1 Darwin/24.0.0"
154.124.136.109 - - [14/Feb/2025:10:13:44 +0100] "GET /favicon.ico HTTP/1.1" 200 - "-" "MobileSafari/8619.1.26.30.7 CFNetwork/1568.100.1.2.1 Darwin/24.0.0"
109.123.237.225 - - [14/Feb/2025:10:14:10 +0100] "GET /wp-login.php HTTP/1.1" 200 11963 "-" "Mozilla/5.0 (Windows NT 10.0; Win64; x64) AppleWebKit/537.36 (KHTML, like Gecko) Chrome/130.0.0.0 Safari/537.36"
109.234.165.82 - - [14/Feb/2025:10:14:13 +0100] "POST /wp-cron.php?doing_wp_cron=1739524453.0469710826873779296875 HTTP/1.1" 200 - "https://www.allure-spa.com/wp-cron.php?doing_wp_cron=1739524453.0469710826873779296875" "WordPress/5.3.18; https://www.allure-spa.com"
109.123.237.225 - - [14/Feb/2025:10:14:12 +0100] "POST /wp-login.php HTTP/1.1" 301 - "https://allure-spa.com/wp-login.php" "Mozilla/5.0 (Windows NT 10.0; Win64; x64) AppleWebKit/537.36 (KHTML, like Gecko) Chrome/130.0.0.0 Safari/537.36"
109.123.237.225 - - [14/Feb/2025:10:14:19 +0100] "GET /wp-login.php HTTP/1.1" 200 11963 "https://allure-spa.com/wp-login.php" "Mozilla/5.0 (Windows NT 10.0; Win64; x64) AppleWebKit/537.36 (KHTML, like Gecko) Chrome/130.0.0.0 Safari/537.36"
185.25.117.115 - - [14/Feb/2025:10:14:23 +0100] "POST /wp-login.php HTTP/1.1" 301 - "https://allure-spa.com/wp-login.php" "Mozilla/5.0 (Windows NT 10.0; Win64; x64) AppleWebKit/537.36 (KHTML, like Gecko) Chrome/130.0.0.0 Safari/537.36"
154.0.170.193 - - [14/Feb/2025:10:14:33 +0100] "POST /wp-login.php HTTP/1.1" 301 - "https://allure-spa.com/wp-login.php" "Mozilla/5.0 (Windows NT 10.0; Win64; x64) AppleWebKit/537.36 (KHTML, like Gecko) Chrome/130.0.0.0 Safari/537.36"
103.159.51.135 - - [14/Feb/2025:10:15:01 +0100] "GET /wp-login.php HTTP/1.1" 200 11962 "-" "Mozilla/5.0 (Windows NT 10.0; Win64; x64) AppleWebKit/537.36 (KHTML, like Gecko) Chrome/130.0.0.0 Safari/537.36"
103.159.51.135 - - [14/Feb/2025:10:15:04 +0100] "POST /wp-login.php HTTP/1.1" 301 - "https://allure-spa.com/wp-login.php" "Mozilla/5.0 (Windows NT 10.0; Win64; x64) AppleWebKit/537.36 (KHTML, like Gecko) Chrome/130.0.0.0 Safari/537.36"
103.159.51.135 - - [14/Feb/2025:10:15:10 +0100] "GET /wp-login.php HTTP/1.1" 200 11962 "https://allure-spa.com/wp-login.php" "Mozilla/5.0 (Windows NT 10.0; Win64; x64) AppleWebKit/537.36 (KHTML, like Gecko) Chrome/130.0.0.0 Safari/537.36"
109.234.165.82 - - [14/Feb/2025:10:15:19 +0100] "POST /wp-cron.php?doing_wp_cron=1739524519.6516389846801757812500 HTTP/1.1" 200 - "https://www.allure-spa.com/wp-cron.php?doing_wp_cron=1739524519.6516389846801757812500" "WordPress/5.3.18; https://www.allure-spa.com"
173.236.161.88 - - [14/Feb/2025:10:15:19 +0100] "POST /wp-login.php HTTP/1.1" 301 - "https://allure-spa.com/wp-login.php" "Mozilla/5.0 (Windows NT 10.0; Win64; x64) AppleWebKit/537.36 (KHTML, like Gecko) Chrome/130.0.0.0 Safari/537.36"
156.38.250.133 - - [14/Feb/2025:10:15:31 +0100] "POST /wp-login.php HTTP/1.1" 301 - "https://allure-spa.com/wp-login.php" "Mozilla/5.0 (Windows NT 10.0; Win64; x64) AppleWebKit/537.36 (KHTML, like Gecko) Chrome/130.0.0.0 Safari/537.36"
156.38.250.133 - - [14/Feb/2025:10:15:41 +0100] "GET /wp-login.php HTTP/1.1" 200 5724 "https://allure-spa.com/wp-login.php" "Mozilla/5.0 (Windows NT 10.0; Win64; x64) AppleWebKit/537.36 (KHTML, like Gecko) Chrome/130.0.0.0 Safari/537.36"
51.79.177.70 - - [14/Feb/2025:10:16:05 +0100] "GET /wp-login.php HTTP/1.1" 200 11960 "-" "Mozilla/5.0 (Windows NT 10.0; Win64; x64) AppleWebKit/537.36 (KHTML, like Gecko) Chrome/130.0.0.0 Safari/537.36"
51.79.177.70 - - [14/Feb/2025:10:16:09 +0100] "POST /wp-login.php HTTP/1.1" 301 - "https://allure-spa.com/wp-login.php" "Mozilla/5.0 (Windows NT 10.0; Win64; x64) AppleWebKit/537.36 (KHTML, like Gecko) Chrome/130.0.0.0 Safari/537.36"
51.79.177.70 - - [14/Feb/2025:10:16:13 +0100] "GET /wp-login.php HTTP/1.1" 200 11960 "https://allure-spa.com/wp-login.php" "Mozilla/5.0 (Windows NT 10.0; Win64; x64) AppleWebKit/537.36 (KHTML, like Gecko) Chrome/130.0.0.0 Safari/537.36"
109.234.165.82 - - [14/Feb/2025:10:16:31 +0100] "POST /wp-cron.php?doing_wp_cron=1739524591.0653131008148193359375 HTTP/1.1" 200 - "https://www.allure-spa.com/wp-cron.php?doing_wp_cron=1739524591.0653131008148193359375" "WordPress/5.3.18; https://www.allure-spa.com"
104.37.84.114 - - [14/Feb/2025:10:16:30 +0100] "POST /wp-login.php HTTP/1.1" 301 - "https://allure-spa.com/wp-login.php" "Mozilla/5.0 (Windows NT 10.0; Win64; x64) AppleWebKit/537.36 (KHTML, like Gecko) Chrome/130.0.0.0 Safari/537.36"
109.234.165.82 - - [14/Feb/2025:10:17:06 +0100] "POST /wp-cron.php?doing_wp_cron=1739524626.0037820339202880859375 HTTP/1.1" 200 - "https://www.allure-spa.com/wp-cron.php?doing_wp_cron=1739524626.0037820339202880859375" "WordPress/5.3.18; https://www.allure-spa.com"
91.217.242.111 - - [14/Feb/2025:10:17:04 +0100] "GET /wp-login.php HTTP/1.1" 200 5725 "-" "Mozilla/5.0 (Windows NT 10.0; Win64; x64) AppleWebKit/537.36 (KHTML, like Gecko) Chrome/130.0.0.0 Safari/537.36"
91.217.242.111 - - [14/Feb/2025:10:17:11 +0100] "POST /wp-login.php HTTP/1.1" 301 - "https://allure-spa.com/wp-login.php" "Mozilla/5.0 (Windows NT 10.0; Win64; x64) AppleWebKit/537.36 (KHTML, like Gecko) Chrome/130.0.0.0 Safari/537.36"
109.234.165.82 - - [14/Feb/2025:10:17:26 +0100] "POST /wp-cron.php?doing_wp_cron=1739524646.1053619384765625000000 HTTP/1.1" 200 - "https://www.allure-spa.com/wp-cron.php?doing_wp_cron=1739524646.1053619384765625000000" "WordPress/5.3.18; https://www.allure-spa.com"
91.217.242.111 - - [14/Feb/2025:10:17:25 +0100] "GET /wp-login.php HTTP/1.1" 200 5725 "https://allure-spa.com/wp-login.php" "Mozilla/5.0 (Windows NT 10.0; Win64; x64) AppleWebKit/537.36 (KHTML, like Gecko) Chrome/130.0.0.0 Safari/537.36"
51.210.75.243 - - [14/Feb/2025:10:17:39 +0100] "GET /wp-login.php HTTP/1.1" 200 5724 "-" "Mozilla/5.0 (Windows NT 10.0; Win64; x64) AppleWebKit/537.36 (KHTML, like Gecko) Chrome/130.0.0.0 Safari/537.36"
51.210.75.243 - - [14/Feb/2025:10:17:41 +0100] "POST /wp-login.php HTTP/1.1" 301 - "https://allure-spa.com/wp-login.php" "Mozilla/5.0 (Windows NT 10.0; Win64; x64) AppleWebKit/537.36 (KHTML, like Gecko) Chrome/130.0.0.0 Safari/537.36"
51.210.75.243 - - [14/Feb/2025:10:17:44 +0100] "GET /wp-login.php HTTP/1.1" 200 5724 "https://allure-spa.com/wp-login.php" "Mozilla/5.0 (Windows NT 10.0; Win64; x64) AppleWebKit/537.36 (KHTML, like Gecko) Chrome/130.0.0.0 Safari/537.36"
104.248.231.55 - - [14/Feb/2025:10:17:51 +0100] "GET /wp-login.php HTTP/1.1" 200 5724 "-" "Mozilla/5.0 (Windows NT 10.0; Win64; x64) AppleWebKit/537.36 (KHTML, like Gecko) Chrome/130.0.0.0 Safari/537.36"
104.248.231.55 - - [14/Feb/2025:10:17:55 +0100] "POST /wp-login.php HTTP/1.1" 301 - "https://allure-spa.com/wp-login.php" "Mozilla/5.0 (Windows NT 10.0; Win64; x64) AppleWebKit/537.36 (KHTML, like Gecko) Chrome/130.0.0.0 Safari/537.36"
104.248.231.55 - - [14/Feb/2025:10:18:00 +0100] "GET /wp-login.php HTTP/1.1" 200 5724 "https://allure-spa.com/wp-login.php" "Mozilla/5.0 (Windows NT 10.0; Win64; x64) AppleWebKit/537.36 (KHTML, like Gecko) Chrome/130.0.0.0 Safari/537.36"
202.184.91.223 - - [14/Feb/2025:10:18:10 +0100] "GET /wp-login.php HTTP/1.1" 200 11962 "-" "Mozilla/5.0 (Windows NT 10.0; Win64; x64) AppleWebKit/537.36 (KHTML, like Gecko) Chrome/130.0.0.0 Safari/537.36"
202.184.91.223 - - [14/Feb/2025:10:18:13 +0100] "POST /wp-login.php HTTP/1.1" 301 - "https://allure-spa.com/wp-login.php" "Mozilla/5.0 (Windows NT 10.0; Win64; x64) AppleWebKit/537.36 (KHTML, like Gecko) Chrome/130.0.0.0 Safari/537.36"
109.234.165.82 - - [14/Feb/2025:10:18:14 +0100] "POST /wp-cron.php?doing_wp_cron=1739524694.2890379428863525390625 HTTP/1.1" 200 - "https://www.allure-spa.com/wp-cron.php?doing_wp_cron=1739524694.2890379428863525390625" "WordPress/5.3.18; https://www.allure-spa.com"
202.184.91.223 - - [14/Feb/2025:10:18:20 +0100] "GET /wp-login.php HTTP/1.1" 200 11962 "https://allure-spa.com/wp-login.php" "Mozilla/5.0 (Windows NT 10.0; Win64; x64) AppleWebKit/537.36 (KHTML, like Gecko) Chrome/130.0.0.0 Safari/537.36"
104.155.97.44 - - [14/Feb/2025:10:18:59 +0100] "GET /wp-login.php HTTP/1.1" 200 11961 "-" "Mozilla/5.0 (Windows NT 10.0; Win64; x64) AppleWebKit/537.36 (KHTML, like Gecko) Chrome/130.0.0.0 Safari/537.36"
104.155.97.44 - - [14/Feb/2025:10:19:01 +0100] "POST /wp-login.php HTTP/1.1" 301 - "https://allure-spa.com/wp-login.php" "Mozilla/5.0 (Windows NT 10.0; Win64; x64) AppleWebKit/537.36 (KHTML, like Gecko) Chrome/130.0.0.0 Safari/537.36"
104.155.97.44 - - [14/Feb/2025:10:19:02 +0100] "GET /wp-login.php HTTP/1.1" 200 11961 "https://allure-spa.com/wp-login.php" "Mozilla/5.0 (Windows NT 10.0; Win64; x64) AppleWebKit/537.36 (KHTML, like Gecko) Chrome/130.0.0.0 Safari/537.36"
108.128.131.98 - - [14/Feb/2025:10:19:05 +0100] "POST /wp-login.php HTTP/1.1" 301 - "https://allure-spa.com/wp-login.php" "Mozilla/5.0 (Windows NT 10.0; Win64; x64) AppleWebKit/537.36 (KHTML, like Gecko) Chrome/130.0.0.0 Safari/537.36"
109.234.165.82 - - [14/Feb/2025:10:19:16 +0100] "POST /wp-cron.php?doing_wp_cron=1739524756.0443339347839355468750 HTTP/1.1" 200 - "https://www.allure-spa.com/wp-cron.php?doing_wp_cron=1739524756.0443339347839355468750" "WordPress/5.3.18; https://www.allure-spa.com"
194.233.79.90 - - [14/Feb/2025:10:19:15 +0100] "POST /wp-login.php HTTP/1.1" 301 - "https://allure-spa.com/wp-login.php" "Mozilla/5.0 (Windows NT 10.0; Win64; x64) AppleWebKit/537.36 (KHTML, like Gecko) Chrome/130.0.0.0 Safari/537.36"
103.124.92.138 - - [14/Feb/2025:10:19:29 +0100] "POST /wp-login.php HTTP/1.1" 301 - "https://allure-spa.com/wp-login.php" "Mozilla/5.0 (Windows NT 10.0; Win64; x64) AppleWebKit/537.36 (KHTML, like Gecko) Chrome/130.0.0.0 Safari/537.36"
103.124.92.138 - - [14/Feb/2025:10:19:35 +0100] "GET /wp-login.php HTTP/1.1" 200 11962 "https://allure-spa.com/wp-login.php" "Mozilla/5.0 (Windows NT 10.0; Win64; x64) AppleWebKit/537.36 (KHTML, like Gecko) Chrome/130.0.0.0 Safari/537.36"
103.90.232.90 - - [14/Feb/2025:10:19:43 +0100] "GET /wp-login.php HTTP/1.1" 200 11961 "-" "Mozilla/5.0 (Windows NT 10.0; Win64; x64) AppleWebKit/537.36 (KHTML, like Gecko) Chrome/130.0.0.0 Safari/537.36"
103.90.232.90 - - [14/Feb/2025:10:19:45 +0100] "POST /wp-login.php HTTP/1.1" 301 - "https://allure-spa.com/wp-login.php" "Mozilla/5.0 (Windows NT 10.0; Win64; x64) AppleWebKit/537.36 (KHTML, like Gecko) Chrome/130.0.0.0 Safari/537.36"
109.123.237.225 - - [14/Feb/2025:10:20:27 +0100] "GET /wp-login.php HTTP/1.1" 200 11963 "-" "Mozilla/5.0 (Windows NT 10.0; Win64; x64) AppleWebKit/537.36 (KHTML, like Gecko) Chrome/130.0.0.0 Safari/537.36"
109.234.165.82 - - [14/Feb/2025:10:20:32 +0100] "POST /wp-cron.php?doing_wp_cron=1739524832.6780939102172851562500 HTTP/1.1" 200 - "https://www.allure-spa.com/wp-cron.php?doing_wp_cron=1739524832.6780939102172851562500" "WordPress/5.3.18; https://www.allure-spa.com"
109.123.237.225 - - [14/Feb/2025:10:20:32 +0100] "POST /wp-login.php HTTP/1.1" 301 - "https://allure-spa.com/wp-login.php" "Mozilla/5.0 (Windows NT 10.0; Win64; x64) AppleWebKit/537.36 (KHTML, like Gecko) Chrome/130.0.0.0 Safari/537.36"
109.123.237.225 - - [14/Feb/2025:10:20:54 +0100] "GET /wp-login.php HTTP/1.1" 200 11963 "https://allure-spa.com/wp-login.php" "Mozilla/5.0 (Windows NT 10.0; Win64; x64) AppleWebKit/537.36 (KHTML, like Gecko) Chrome/130.0.0.0 Safari/537.36"
103.11.100.16 - - [14/Feb/2025:10:21:08 +0100] "GET /wp-login.php HTTP/1.1" 200 11961 "-" "Mozilla/5.0 (Windows NT 10.0; Win64; x64) AppleWebKit/537.36 (KHTML, like Gecko) Chrome/130.0.0.0 Safari/537.36"
109.234.165.82 - - [14/Feb/2025:10:21:13 +0100] "POST /wp-cron.php?doing_wp_cron=1739524873.5925459861755371093750 HTTP/1.1" 200 - "https://www.allure-spa.com/wp-cron.php?doing_wp_cron=1739524873.5925459861755371093750" "WordPress/5.3.18; https://www.allure-spa.com"
103.11.100.16 - - [14/Feb/2025:10:21:13 +0100] "POST /wp-login.php HTTP/1.1" 301 - "https://allure-spa.com/wp-login.php" "Mozilla/5.0 (Windows NT 10.0; Win64; x64) AppleWebKit/537.36 (KHTML, like Gecko) Chrome/130.0.0.0 Safari/537.36"
103.11.100.16 - - [14/Feb/2025:10:21:28 +0100] "GET /wp-login.php HTTP/1.1" 200 11961 "https://allure-spa.com/wp-login.php" "Mozilla/5.0 (Windows NT 10.0; Win64; x64) AppleWebKit/537.36 (KHTML, like Gecko) Chrome/130.0.0.0 Safari/537.36"
140.227.151.218 - - [14/Feb/2025:10:22:00 +0100] "GET /wp-login.php HTTP/1.1" 200 11963 "-" "Mozilla/5.0 (Windows NT 10.0; Win64; x64) AppleWebKit/537.36 (KHTML, like Gecko) Chrome/130.0.0.0 Safari/537.36"
109.234.165.82 - - [14/Feb/2025:10:22:04 +0100] "POST /wp-cron.php?doing_wp_cron=1739524924.2049338817596435546875 HTTP/1.1" 200 - "https://www.allure-spa.com/wp-cron.php?doing_wp_cron=1739524924.2049338817596435546875" "WordPress/5.3.18; https://www.allure-spa.com"
140.227.151.218 - - [14/Feb/2025:10:22:03 +0100] "POST /wp-login.php HTTP/1.1" 301 - "https://allure-spa.com/wp-login.php" "Mozilla/5.0 (Windows NT 10.0; Win64; x64) AppleWebKit/537.36 (KHTML, like Gecko) Chrome/130.0.0.0 Safari/537.36"
140.227.151.218 - - [14/Feb/2025:10:22:10 +0100] "GET /wp-login.php HTTP/1.1" 200 11963 "https://allure-spa.com/wp-login.php" "Mozilla/5.0 (Windows NT 10.0; Win64; x64) AppleWebKit/537.36 (KHTML, like Gecko) Chrome/130.0.0.0 Safari/537.36"
109.234.165.82 - - [14/Feb/2025:10:22:30 +0100] "POST /wp-cron.php?doing_wp_cron=1739524950.3741700649261474609375 HTTP/1.1" 200 - "https://www.allure-spa.com/wp-cron.php?doing_wp_cron=1739524950.3741700649261474609375" "WordPress/5.3.18; https://www.allure-spa.com"
201.148.107.79 - - [14/Feb/2025:10:22:29 +0100] "POST /wp-login.php HTTP/1.1" 301 - "https://allure-spa.com/wp-login.php" "Mozilla/5.0 (Windows NT 10.0; Win64; x64) AppleWebKit/537.36 (KHTML, like Gecko) Chrome/130.0.0.0 Safari/537.36"
139.59.168.227 - - [14/Feb/2025:10:22:36 +0100] "GET /wp-login.php HTTP/1.1" 200 11962 "-" "Mozilla/5.0 (Windows NT 10.0; Win64; x64) AppleWebKit/537.36 (KHTML, like Gecko) Chrome/130.0.0.0 Safari/537.36"
139.59.168.227 - - [14/Feb/2025:10:22:37 +0100] "POST /wp-login.php HTTP/1.1" 301 - "https://allure-spa.com/wp-login.php" "Mozilla/5.0 (Windows NT 10.0; Win64; x64) AppleWebKit/537.36 (KHTML, like Gecko) Chrome/130.0.0.0 Safari/537.36"
142.93.177.236 - - [14/Feb/2025:10:22:41 +0100] "POST /wp-login.php HTTP/1.1" 301 - "https://allure-spa.com/wp-login.php" "Mozilla/5.0 (Windows NT 10.0; Win64; x64) AppleWebKit/537.36 (KHTML, like Gecko) Chrome/130.0.0.0 Safari/537.36"
142.93.177.236 - - [14/Feb/2025:10:22:43 +0100] "GET /wp-login.php HTTP/1.1" 200 5724 "https://allure-spa.com/wp-login.php" "Mozilla/5.0 (Windows NT 10.0; Win64; x64) AppleWebKit/537.36 (KHTML, like Gecko) Chrome/130.0.0.0 Safari/537.36"
89.110.92.181 - - [14/Feb/2025:10:22:46 +0100] "POST /wp-login.php HTTP/1.1" 301 - "https://allure-spa.com/wp-login.php" "Mozilla/5.0 (Windows NT 10.0; Win64; x64) AppleWebKit/537.36 (KHTML, like Gecko) Chrome/130.0.0.0 Safari/537.36"
89.110.92.181 - - [14/Feb/2025:10:22:48 +0100] "GET /wp-login.php HTTP/1.1" 200 5724 "https://allure-spa.com/wp-login.php" "Mozilla/5.0 (Windows NT 10.0; Win64; x64) AppleWebKit/537.36 (KHTML, like Gecko) Chrome/130.0.0.0 Safari/537.36"
210.79.190.252 - - [14/Feb/2025:10:23:07 +0100] "POST /wp-login.php HTTP/1.1" 301 - "https://allure-spa.com/wp-login.php" "Mozilla/5.0 (Windows NT 10.0; Win64; x64) AppleWebKit/537.36 (KHTML, like Gecko) Chrome/130.0.0.0 Safari/537.36"
210.79.190.252 - - [14/Feb/2025:10:23:18 +0100] "GET /wp-login.php HTTP/1.1" 200 11962 "https://allure-spa.com/wp-login.php" "Mozilla/5.0 (Windows NT 10.0; Win64; x64) AppleWebKit/537.36 (KHTML, like Gecko) Chrome/130.0.0.0 Safari/537.36"
5.189.169.121 - - [14/Feb/2025:10:23:30 +0100] "GET /wp-login.php HTTP/1.1" 200 11961 "-" "Mozilla/5.0 (Windows NT 10.0; Win64; x64) AppleWebKit/537.36 (KHTML, like Gecko) Chrome/130.0.0.0 Safari/537.36"
109.234.165.82 - - [14/Feb/2025:10:23:33 +0100] "POST /wp-cron.php?doing_wp_cron=1739525013.8931210041046142578125 HTTP/1.1" 200 - "https://www.allure-spa.com/wp-cron.php?doing_wp_cron=1739525013.8931210041046142578125" "WordPress/5.3.18; https://www.allure-spa.com"
5.189.169.121 - - [14/Feb/2025:10:23:33 +0100] "POST /wp-login.php HTTP/1.1" 301 - "https://allure-spa.com/wp-login.php" "Mozilla/5.0 (Windows NT 10.0; Win64; x64) AppleWebKit/537.36 (KHTML, like Gecko) Chrome/130.0.0.0 Safari/537.36"
54.36.174.111 - - [14/Feb/2025:10:23:53 +0100] "POST /wp-login.php HTTP/1.1" 301 - "https://allure-spa.com/wp-login.php" "Mozilla/5.0 (Windows NT 10.0; Win64; x64) AppleWebKit/537.36 (KHTML, like Gecko) Chrome/130.0.0.0 Safari/537.36"
54.36.174.111 - - [14/Feb/2025:10:23:54 +0100] "GET /wp-login.php HTTP/1.1" 200 11961 "https://allure-spa.com/wp-login.php" "Mozilla/5.0 (Windows NT 10.0; Win64; x64) AppleWebKit/537.36 (KHTML, like Gecko) Chrome/130.0.0.0 Safari/537.36"
92.204.55.74 - - [14/Feb/2025:10:23:57 +0100] "POST /wp-login.php HTTP/1.1" 301 - "https://allure-spa.com/wp-login.php" "Mozilla/5.0 (Windows NT 10.0; Win64; x64) AppleWebKit/537.36 (KHTML, like Gecko) Chrome/130.0.0.0 Safari/537.36"
199.188.201.154 - - [14/Feb/2025:10:24:03 +0100] "GET /wp-login.php HTTP/1.1" 200 5724 "-" "Mozilla/5.0 (Windows NT 10.0; Win64; x64) AppleWebKit/537.36 (KHTML, like Gecko) Chrome/130.0.0.0 Safari/537.36"
199.188.201.154 - - [14/Feb/2025:10:24:05 +0100] "POST /wp-login.php HTTP/1.1" 301 - "https://allure-spa.com/wp-login.php" "Mozilla/5.0 (Windows NT 10.0; Win64; x64) AppleWebKit/537.36 (KHTML, like Gecko) Chrome/130.0.0.0 Safari/537.36"
101.0.107.74 - - [14/Feb/2025:10:24:27 +0100] "GET /wp-login.php HTTP/1.1" 200 11960 "-" "Mozilla/5.0 (Windows NT 10.0; Win64; x64) AppleWebKit/537.36 (KHTML, like Gecko) Chrome/130.0.0.0 Safari/537.36"
101.0.107.74 - - [14/Feb/2025:10:24:29 +0100] "POST /wp-login.php HTTP/1.1" 301 - "https://allure-spa.com/wp-login.php" "Mozilla/5.0 (Windows NT 10.0; Win64; x64) AppleWebKit/537.36 (KHTML, like Gecko) Chrome/130.0.0.0 Safari/537.36"
109.234.165.82 - - [14/Feb/2025:10:24:30 +0100] "POST /wp-cron.php?doing_wp_cron=1739525070.4651949405670166015625 HTTP/1.1" 200 - "https://www.allure-spa.com/wp-cron.php?doing_wp_cron=1739525070.4651949405670166015625" "WordPress/5.3.18; https://www.allure-spa.com"
101.0.107.74 - - [14/Feb/2025:10:24:35 +0100] "GET /wp-login.php HTTP/1.1" 200 11960 "https://allure-spa.com/wp-login.php" "Mozilla/5.0 (Windows NT 10.0; Win64; x64) AppleWebKit/537.36 (KHTML, like Gecko) Chrome/130.0.0.0 Safari/537.36"
176.31.252.48 - - [14/Feb/2025:10:24:37 +0100] "GET /wp-login.php HTTP/1.1" 200 5724 "-" "Mozilla/5.0 (Windows NT 10.0; Win64; x64) AppleWebKit/537.36 (KHTML, like Gecko) Chrome/130.0.0.0 Safari/537.36"
176.31.252.48 - - [14/Feb/2025:10:24:39 +0100] "POST /wp-login.php HTTP/1.1" 301 - "https://allure-spa.com/wp-login.php" "Mozilla/5.0 (Windows NT 10.0; Win64; x64) AppleWebKit/537.36 (KHTML, like Gecko) Chrome/130.0.0.0 Safari/537.36"
89.110.92.181 - - [14/Feb/2025:10:24:44 +0100] "GET /wp-login.php HTTP/1.1" 200 5724 "-" "Mozilla/5.0 (Windows NT 10.0; Win64; x64) AppleWebKit/537.36 (KHTML, like Gecko) Chrome/130.0.0.0 Safari/537.36"
89.110.92.181 - - [14/Feb/2025:10:24:46 +0100] "POST /wp-login.php HTTP/1.1" 301 - "https://allure-spa.com/wp-login.php" "Mozilla/5.0 (Windows NT 10.0; Win64; x64) AppleWebKit/537.36 (KHTML, like Gecko) Chrome/130.0.0.0 Safari/537.36"
194.163.151.88 - - [14/Feb/2025:10:24:52 +0100] "GET /wp-login.php HTTP/1.1" 200 11962 "-" "Mozilla/5.0 (Windows NT 10.0; Win64; x64) AppleWebKit/537.36 (KHTML, like Gecko) Chrome/130.0.0.0 Safari/537.36"
194.163.151.88 - - [14/Feb/2025:10:24:54 +0100] "POST /wp-login.php HTTP/1.1" 301 - "https://allure-spa.com/wp-login.php" "Mozilla/5.0 (Windows NT 10.0; Win64; x64) AppleWebKit/537.36 (KHTML, like Gecko) Chrome/130.0.0.0 Safari/537.36"
65.109.91.113 - - [14/Feb/2025:10:25:08 +0100] "POST /wp-login.php HTTP/1.1" 301 - "https://allure-spa.com/wp-login.php" "Mozilla/5.0 (Windows NT 10.0; Win64; x64) AppleWebKit/537.36 (KHTML, like Gecko) Chrome/130.0.0.0 Safari/537.36"
109.234.165.82 - - [14/Feb/2025:10:25:21 +0100] "POST /wp-cron.php?doing_wp_cron=1739525121.9219410419464111328125 HTTP/1.1" 200 - "https://www.allure-spa.com/wp-cron.php?doing_wp_cron=1739525121.9219410419464111328125" "WordPress/5.3.18; https://www.allure-spa.com"
65.109.91.113 - - [14/Feb/2025:10:25:20 +0100] "GET /wp-login.php HTTP/1.1" 200 5724 "https://allure-spa.com/wp-login.php" "Mozilla/5.0 (Windows NT 10.0; Win64; x64) AppleWebKit/537.36 (KHTML, like Gecko) Chrome/130.0.0.0 Safari/537.36"
46.249.36.126 - - [14/Feb/2025:10:25:37 +0100] "GET /wp-login.php HTTP/1.1" 200 5725 "-" "Mozilla/5.0 (Windows NT 10.0; Win64; x64) AppleWebKit/537.36 (KHTML, like Gecko) Chrome/130.0.0.0 Safari/537.36"
46.249.36.126 - - [14/Feb/2025:10:25:46 +0100] "POST /wp-login.php HTTP/1.1" 301 - "https://allure-spa.com/wp-login.php" "Mozilla/5.0 (Windows NT 10.0; Win64; x64) AppleWebKit/537.36 (KHTML, like Gecko) Chrome/130.0.0.0 Safari/537.36"
46.249.36.126 - - [14/Feb/2025:10:26:02 +0100] "GET /wp-login.php HTTP/1.1" 200 5724 "https://allure-spa.com/wp-login.php" "Mozilla/5.0 (Windows NT 10.0; Win64; x64) AppleWebKit/537.36 (KHTML, like Gecko) Chrome/130.0.0.0 Safari/537.36"
133.18.14.144 - - [14/Feb/2025:10:26:15 +0100] "GET /wp-login.php HTTP/1.1" 200 11961 "-" "Mozilla/5.0 (Windows NT 10.0; Win64; x64) AppleWebKit/537.36 (KHTML, like Gecko) Chrome/130.0.0.0 Safari/537.36"
133.18.14.144 - - [14/Feb/2025:10:26:50 +0100] "GET /wp-login.php HTTP/1.1" 200 11961 "-" "Mozilla/5.0 (Windows NT 10.0; Win64; x64) AppleWebKit/537.36 (KHTML, like Gecko) Chrome/130.0.0.0 Safari/537.36"
125.212.243.142 - - [14/Feb/2025:10:27:17 +0100] "POST /wp-login.php HTTP/1.1" 301 - "https://allure-spa.com/wp-login.php" "Mozilla/5.0 (Windows NT 10.0; Win64; x64) AppleWebKit/537.36 (KHTML, like Gecko) Chrome/130.0.0.0 Safari/537.36"
109.234.165.82 - - [14/Feb/2025:10:27:18 +0100] "POST /wp-cron.php?doing_wp_cron=1739525238.2492969036102294921875 HTTP/1.1" 200 - "https://www.allure-spa.com/wp-cron.php?doing_wp_cron=1739525238.2492969036102294921875" "WordPress/5.3.18; https://www.allure-spa.com"
125.212.243.142 - - [14/Feb/2025:10:27:29 +0100] "GET /wp-login.php HTTP/1.1" 200 5725 "https://allure-spa.com/wp-login.php" "Mozilla/5.0 (Windows NT 10.0; Win64; x64) AppleWebKit/537.36 (KHTML, like Gecko) Chrome/130.0.0.0 Safari/537.36"
139.59.68.90 - - [14/Feb/2025:10:27:51 +0100] "GET /wp-login.php HTTP/1.1" 200 11960 "-" "Mozilla/5.0 (Windows NT 10.0; Win64; x64) AppleWebKit/537.36 (KHTML, like Gecko) Chrome/130.0.0.0 Safari/537.36"
139.59.68.90 - - [14/Feb/2025:10:27:55 +0100] "POST /wp-login.php HTTP/1.1" 301 - "https://allure-spa.com/wp-login.php" "Mozilla/5.0 (Windows NT 10.0; Win64; x64) AppleWebKit/537.36 (KHTML, like Gecko) Chrome/130.0.0.0 Safari/537.36"
139.59.68.90 - - [14/Feb/2025:10:28:11 +0100] "GET /wp-login.php HTTP/1.1" 200 11960 "https://allure-spa.com/wp-login.php" "Mozilla/5.0 (Windows NT 10.0; Win64; x64) AppleWebKit/537.36 (KHTML, like Gecko) Chrome/130.0.0.0 Safari/537.36"
109.234.165.82 - - [14/Feb/2025:10:28:29 +0100] "POST /wp-cron.php?doing_wp_cron=1739525309.0894029140472412109375 HTTP/1.1" 200 - "https://www.allure-spa.com/wp-cron.php?doing_wp_cron=1739525309.0894029140472412109375" "WordPress/5.3.18; https://www.allure-spa.com"
185.104.44.106 - - [14/Feb/2025:10:28:27 +0100] "GET /wp-login.php HTTP/1.1" 200 5725 "-" "Mozilla/5.0 (Windows NT 10.0; Win64; x64) AppleWebKit/537.36 (KHTML, like Gecko) Chrome/130.0.0.0 Safari/537.36"
185.104.44.106 - - [14/Feb/2025:10:28:34 +0100] "POST /wp-login.php HTTP/1.1" 301 - "https://allure-spa.com/wp-login.php" "Mozilla/5.0 (Windows NT 10.0; Win64; x64) AppleWebKit/537.36 (KHTML, like Gecko) Chrome/130.0.0.0 Safari/537.36"
185.104.44.106 - - [14/Feb/2025:10:28:45 +0100] "GET /wp-login.php HTTP/1.1" 200 5725 "https://allure-spa.com/wp-login.php" "Mozilla/5.0 (Windows NT 10.0; Win64; x64) AppleWebKit/537.36 (KHTML, like Gecko) Chrome/130.0.0.0 Safari/537.36"
52.183.100.42 - - [14/Feb/2025:10:29:13 +0100] "GET /wp-login.php HTTP/1.1" 200 11961 "-" "Mozilla/5.0 (Windows NT 10.0; Win64; x64) AppleWebKit/537.36 (KHTML, like Gecko) Chrome/130.0.0.0 Safari/537.36"
103.124.92.138 - - [14/Feb/2025:10:29:44 +0100] "GET /wp-login.php HTTP/1.1" 200 11962 "-" "Mozilla/5.0 (Windows NT 10.0; Win64; x64) AppleWebKit/537.36 (KHTML, like Gecko) Chrome/130.0.0.0 Safari/537.36"
109.234.165.82 - - [14/Feb/2025:10:29:50 +0100] "POST /wp-cron.php?doing_wp_cron=1739525390.6584959030151367187500 HTTP/1.1" 200 - "https://www.allure-spa.com/wp-cron.php?doing_wp_cron=1739525390.6584959030151367187500" "WordPress/5.3.18; https://www.allure-spa.com"
103.124.92.138 - - [14/Feb/2025:10:29:50 +0100] "POST /wp-login.php HTTP/1.1" 301 - "https://allure-spa.com/wp-login.php" "Mozilla/5.0 (Windows NT 10.0; Win64; x64) AppleWebKit/537.36 (KHTML, like Gecko) Chrome/130.0.0.0 Safari/537.36"
103.124.92.138 - - [14/Feb/2025:10:30:00 +0100] "GET /wp-login.php HTTP/1.1" 200 11962 "https://allure-spa.com/wp-login.php" "Mozilla/5.0 (Windows NT 10.0; Win64; x64) AppleWebKit/537.36 (KHTML, like Gecko) Chrome/130.0.0.0 Safari/537.36"
78.46.233.162 - - [14/Feb/2025:10:30:08 +0100] "POST /wp-login.php HTTP/1.1" 301 - "https://allure-spa.com/wp-login.php" "Mozilla/5.0 (Windows NT 10.0; Win64; x64) AppleWebKit/537.36 (KHTML, like Gecko) Chrome/130.0.0.0 Safari/537.36"
109.234.165.82 - - [14/Feb/2025:10:30:15 +0100] "POST /wp-cron.php?doing_wp_cron=1739525415.2453660964965820312500 HTTP/1.1" 200 - "https://www.allure-spa.com/wp-cron.php?doing_wp_cron=1739525415.2453660964965820312500" "WordPress/5.3.18; https://www.allure-spa.com"
64.225.64.65 - - [14/Feb/2025:10:30:14 +0100] "POST /wp-login.php HTTP/1.1" 301 - "https://allure-spa.com/wp-login.php" "Mozilla/5.0 (Windows NT 10.0; Win64; x64) AppleWebKit/537.36 (KHTML, like Gecko) Chrome/130.0.0.0 Safari/537.36"
51.210.75.243 - - [14/Feb/2025:10:30:18 +0100] "GET /wp-login.php HTTP/1.1" 200 5724 "-" "Mozilla/5.0 (Windows NT 10.0; Win64; x64) AppleWebKit/537.36 (KHTML, like Gecko) Chrome/130.0.0.0 Safari/537.36"
51.210.75.243 - - [14/Feb/2025:10:30:22 +0100] "POST /wp-login.php HTTP/1.1" 301 - "https://allure-spa.com/wp-login.php" "Mozilla/5.0 (Windows NT 10.0; Win64; x64) AppleWebKit/537.36 (KHTML, like Gecko) Chrome/130.0.0.0 Safari/537.36"
35.195.242.233 - - [14/Feb/2025:10:30:30 +0100] "GET /wp-login.php HTTP/1.1" 200 11962 "-" "Mozilla/5.0 (Windows NT 10.0; Win64; x64) AppleWebKit/537.36 (KHTML, like Gecko) Chrome/130.0.0.0 Safari/537.36"
35.195.242.233 - - [14/Feb/2025:10:30:31 +0100] "POST /wp-login.php HTTP/1.1" 301 - "https://allure-spa.com/wp-login.php" "Mozilla/5.0 (Windows NT 10.0; Win64; x64) AppleWebKit/537.36 (KHTML, like Gecko) Chrome/130.0.0.0 Safari/537.36"
35.195.242.233 - - [14/Feb/2025:10:30:32 +0100] "GET /wp-login.php HTTP/1.1" 200 11962 "https://allure-spa.com/wp-login.php" "Mozilla/5.0 (Windows NT 10.0; Win64; x64) AppleWebKit/537.36 (KHTML, like Gecko) Chrome/130.0.0.0 Safari/537.36"
172.206.199.140 - - [14/Feb/2025:10:30:43 +0100] "POST /wp-login.php HTTP/1.1" 301 - "https://allure-spa.com/wp-login.php" "Mozilla/5.0 (Windows NT 10.0; Win64; x64) AppleWebKit/537.36 (KHTML, like Gecko) Chrome/130.0.0.0 Safari/537.36"
92.205.51.88 - - [14/Feb/2025:10:30:49 +0100] "POST /wp-login.php HTTP/1.1" 301 - "https://allure-spa.com/wp-login.php" "Mozilla/5.0 (Windows NT 10.0; Win64; x64) AppleWebKit/537.36 (KHTML, like Gecko) Chrome/130.0.0.0 Safari/537.36"
185.225.33.2 - - [14/Feb/2025:10:30:55 +0100] "POST /wp-login.php HTTP/1.1" 301 - "https://allure-spa.com/wp-login.php" "Mozilla/5.0 (Windows NT 10.0; Win64; x64) AppleWebKit/537.36 (KHTML, like Gecko) Chrome/130.0.0.0 Safari/537.36"
116.203.72.246 - - [14/Feb/2025:10:31:02 +0100] "POST /wp-login.php HTTP/1.1" 301 - "https://allure-spa.com/wp-login.php" "Mozilla/5.0 (Windows NT 10.0; Win64; x64) AppleWebKit/537.36 (KHTML, like Gecko) Chrome/130.0.0.0 Safari/537.36"
116.203.72.246 - - [14/Feb/2025:10:31:04 +0100] "GET /wp-login.php HTTP/1.1" 200 11962 "https://allure-spa.com/wp-login.php" "Mozilla/5.0 (Windows NT 10.0; Win64; x64) AppleWebKit/537.36 (KHTML, like Gecko) Chrome/130.0.0.0 Safari/537.36"
89.219.32.147 - - [14/Feb/2025:10:31:26 +0100] "GET /wp-login.php HTTP/1.1" 200 5725 "-" "Mozilla/5.0 (Windows NT 10.0; Win64; x64) AppleWebKit/537.36 (KHTML, like Gecko) Chrome/130.0.0.0 Safari/537.36"
109.234.165.82 - - [14/Feb/2025:10:31:28 +0100] "POST /wp-cron.php?doing_wp_cron=1739525488.1402080059051513671875 HTTP/1.1" 200 - "https://www.allure-spa.com/wp-cron.php?doing_wp_cron=1739525488.1402080059051513671875" "WordPress/5.3.18; https://www.allure-spa.com"
89.219.32.147 - - [14/Feb/2025:10:31:32 +0100] "POST /wp-login.php HTTP/1.1" 301 - "https://allure-spa.com/wp-login.php" "Mozilla/5.0 (Windows NT 10.0; Win64; x64) AppleWebKit/537.36 (KHTML, like Gecko) Chrome/130.0.0.0 Safari/537.36"
89.219.32.147 - - [14/Feb/2025:10:31:47 +0100] "GET /wp-login.php HTTP/1.1" 200 5725 "https://allure-spa.com/wp-login.php" "Mozilla/5.0 (Windows NT 10.0; Win64; x64) AppleWebKit/537.36 (KHTML, like Gecko) Chrome/130.0.0.0 Safari/537.36"
132.148.78.92 - - [14/Feb/2025:10:31:59 +0100] "GET /wp-login.php HTTP/1.1" 200 11961 "-" "Mozilla/5.0 (Windows NT 10.0; Win64; x64) AppleWebKit/537.36 (KHTML, like Gecko) Chrome/130.0.0.0 Safari/537.36"
109.234.165.82 - - [14/Feb/2025:10:32:01 +0100] "POST /wp-cron.php?doing_wp_cron=1739525521.8032040596008300781250 HTTP/1.1" 200 - "https://www.allure-spa.com/wp-cron.php?doing_wp_cron=1739525521.8032040596008300781250" "WordPress/5.3.18; https://www.allure-spa.com"
132.148.78.92 - - [14/Feb/2025:10:32:01 +0100] "POST /wp-login.php HTTP/1.1" 301 - "https://allure-spa.com/wp-login.php" "Mozilla/5.0 (Windows NT 10.0; Win64; x64) AppleWebKit/537.36 (KHTML, like Gecko) Chrome/130.0.0.0 Safari/537.36"
132.148.78.92 - - [14/Feb/2025:10:32:06 +0100] "GET /wp-login.php HTTP/1.1" 200 11961 "https://allure-spa.com/wp-login.php" "Mozilla/5.0 (Windows NT 10.0; Win64; x64) AppleWebKit/537.36 (KHTML, like Gecko) Chrome/130.0.0.0 Safari/537.36"
109.234.165.82 - - [14/Feb/2025:10:32:14 +0100] "POST /wp-cron.php?doing_wp_cron=1739525534.4331200122833251953125 HTTP/1.1" 200 - "https://www.allure-spa.com/wp-cron.php?doing_wp_cron=1739525534.4331200122833251953125" "WordPress/5.3.18; https://www.allure-spa.com"
103.174.115.46 - - [14/Feb/2025:10:32:12 +0100] "POST /wp-login.php HTTP/1.1" 301 - "https://allure-spa.com/wp-login.php" "Mozilla/5.0 (Windows NT 10.0; Win64; x64) AppleWebKit/537.36 (KHTML, like Gecko) Chrome/130.0.0.0 Safari/537.36"
165.227.172.117 - - [14/Feb/2025:10:32:16 +0100] "POST /wp-login.php HTTP/1.1" 301 - "https://allure-spa.com/wp-login.php" "Mozilla/5.0 (Windows NT 10.0; Win64; x64) AppleWebKit/537.36 (KHTML, like Gecko) Chrome/130.0.0.0 Safari/537.36"
137.184.206.114 - - [14/Feb/2025:10:32:19 +0100] "POST /wp-login.php HTTP/1.1" 301 - "https://allure-spa.com/wp-login.php" "Mozilla/5.0 (Windows NT 10.0; Win64; x64) AppleWebKit/537.36 (KHTML, like Gecko) Chrome/130.0.0.0 Safari/537.36"
45.124.84.92 - - [14/Feb/2025:10:32:34 +0100] "GET /wp-login.php HTTP/1.1" 200 11960 "-" "Mozilla/5.0 (Windows NT 10.0; Win64; x64) AppleWebKit/537.36 (KHTML, like Gecko) Chrome/130.0.0.0 Safari/537.36"
45.124.84.92 - - [14/Feb/2025:10:32:39 +0100] "POST /wp-login.php HTTP/1.1" 301 - "https://allure-spa.com/wp-login.php" "Mozilla/5.0 (Windows NT 10.0; Win64; x64) AppleWebKit/537.36 (KHTML, like Gecko) Chrome/130.0.0.0 Safari/537.36"
45.124.84.92 - - [14/Feb/2025:10:32:49 +0100] "GET /wp-login.php HTTP/1.1" 200 11960 "https://allure-spa.com/wp-login.php" "Mozilla/5.0 (Windows NT 10.0; Win64; x64) AppleWebKit/537.36 (KHTML, like Gecko) Chrome/130.0.0.0 Safari/537.36"
103.124.92.138 - - [14/Feb/2025:10:32:59 +0100] "POST /wp-login.php HTTP/1.1" 301 - "https://allure-spa.com/wp-login.php" "Mozilla/5.0 (Windows NT 10.0; Win64; x64) AppleWebKit/537.36 (KHTML, like Gecko) Chrome/130.0.0.0 Safari/537.36"
154.0.170.193 - - [14/Feb/2025:10:33:15 +0100] "GET /wp-login.php HTTP/1.1" 200 11961 "-" "Mozilla/5.0 (Windows NT 10.0; Win64; x64) AppleWebKit/537.36 (KHTML, like Gecko) Chrome/130.0.0.0 Safari/537.36"
109.234.165.82 - - [14/Feb/2025:10:33:18 +0100] "POST /wp-cron.php?doing_wp_cron=1739525598.7290370464324951171875 HTTP/1.1" 200 - "https://www.allure-spa.com/wp-cron.php?doing_wp_cron=1739525598.7290370464324951171875" "WordPress/5.3.18; https://www.allure-spa.com"
154.0.170.193 - - [14/Feb/2025:10:33:18 +0100] "POST /wp-login.php HTTP/1.1" 301 - "https://allure-spa.com/wp-login.php" "Mozilla/5.0 (Windows NT 10.0; Win64; x64) AppleWebKit/537.36 (KHTML, like Gecko) Chrome/130.0.0.0 Safari/537.36"
154.0.170.193 - - [14/Feb/2025:10:33:26 +0100] "GET /wp-login.php HTTP/1.1" 200 11961 "https://allure-spa.com/wp-login.php" "Mozilla/5.0 (Windows NT 10.0; Win64; x64) AppleWebKit/537.36 (KHTML, like Gecko) Chrome/130.0.0.0 Safari/537.36"
185.104.44.106 - - [14/Feb/2025:10:33:40 +0100] "POST /wp-login.php HTTP/1.1" 301 - "https://allure-spa.com/wp-login.php" "Mozilla/5.0 (Windows NT 10.0; Win64; x64) AppleWebKit/537.36 (KHTML, like Gecko) Chrome/130.0.0.0 Safari/537.36"
142.93.177.236 - - [14/Feb/2025:10:33:57 +0100] "GET /wp-login.php HTTP/1.1" 200 5724 "-" "Mozilla/5.0 (Windows NT 10.0; Win64; x64) AppleWebKit/537.36 (KHTML, like Gecko) Chrome/130.0.0.0 Safari/537.36"
142.93.177.236 - - [14/Feb/2025:10:33:58 +0100] "POST /wp-login.php HTTP/1.1" 301 - "https://allure-spa.com/wp-login.php" "Mozilla/5.0 (Windows NT 10.0; Win64; x64) AppleWebKit/537.36 (KHTML, like Gecko) Chrome/130.0.0.0 Safari/537.36"
142.93.177.236 - - [14/Feb/2025:10:33:59 +0100] "GET /wp-login.php HTTP/1.1" 200 5724 "https://allure-spa.com/wp-login.php" "Mozilla/5.0 (Windows NT 10.0; Win64; x64) AppleWebKit/537.36 (KHTML, like Gecko) Chrome/130.0.0.0 Safari/537.36"
109.234.165.82 - - [14/Feb/2025:10:34:21 +0100] "POST /wp-cron.php?doing_wp_cron=1739525661.9128088951110839843750 HTTP/1.1" 200 - "https://www.allure-spa.com/wp-cron.php?doing_wp_cron=1739525661.9128088951110839843750" "WordPress/5.3.18; https://www.allure-spa.com"
54.176.164.216 - - [14/Feb/2025:10:34:20 +0100] "GET /wp-login.php HTTP/1.1" 200 5724 "-" "Mozilla/5.0 (Windows NT 10.0; Win64; x64) AppleWebKit/537.36 (KHTML, like Gecko) Chrome/130.0.0.0 Safari/537.36"
54.176.164.216 - - [14/Feb/2025:10:34:23 +0100] "POST /wp-login.php HTTP/1.1" 401 3657 "https://allure-spa.com/wp-login.php" "Mozilla/5.0 (Windows NT 10.0; Win64; x64) AppleWebKit/537.36 (KHTML, like Gecko) Chrome/130.0.0.0 Safari/537.36"
103.42.206.187 - - [14/Feb/2025:10:34:28 +0100] "GET /wp-login.php HTTP/1.1" 200 5724 "-" "Mozilla/5.0 (Windows NT 10.0; Win64; x64) AppleWebKit/537.36 (KHTML, like Gecko) Chrome/130.0.0.0 Safari/537.36"
103.42.206.187 - - [14/Feb/2025:10:34:32 +0100] "POST /wp-login.php HTTP/1.1" 301 - "https://allure-spa.com/wp-login.php" "Mozilla/5.0 (Windows NT 10.0; Win64; x64) AppleWebKit/537.36 (KHTML, like Gecko) Chrome/130.0.0.0 Safari/537.36"
103.42.206.187 - - [14/Feb/2025:10:34:38 +0100] "GET /wp-login.php HTTP/1.1" 200 5725 "https://allure-spa.com/wp-login.php" "Mozilla/5.0 (Windows NT 10.0; Win64; x64) AppleWebKit/537.36 (KHTML, like Gecko) Chrome/130.0.0.0 Safari/537.36"
173.236.161.88 - - [14/Feb/2025:10:34:42 +0100] "GET /wp-login.php HTTP/1.1" 200 11962 "-" "Mozilla/5.0 (Windows NT 10.0; Win64; x64) AppleWebKit/537.36 (KHTML, like Gecko) Chrome/130.0.0.0 Safari/537.36"
173.236.161.88 - - [14/Feb/2025:10:34:43 +0100] "POST /wp-login.php HTTP/1.1" 301 - "https://allure-spa.com/wp-login.php" "Mozilla/5.0 (Windows NT 10.0; Win64; x64) AppleWebKit/537.36 (KHTML, like Gecko) Chrome/130.0.0.0 Safari/537.36"
173.236.161.88 - - [14/Feb/2025:10:34:45 +0100] "GET /wp-login.php HTTP/1.1" 200 11962 "https://allure-spa.com/wp-login.php" "Mozilla/5.0 (Windows NT 10.0; Win64; x64) AppleWebKit/537.36 (KHTML, like Gecko) Chrome/130.0.0.0 Safari/537.36"
66.179.211.181 - - [14/Feb/2025:10:34:53 +0100] "POST /wp-login.php HTTP/1.1" 301 - "https://allure-spa.com/wp-login.php" "Mozilla/5.0 (Windows NT 10.0; Win64; x64) AppleWebKit/537.36 (KHTML, like Gecko) Chrome/130.0.0.0 Safari/537.36"
109.234.165.82 - - [14/Feb/2025:10:35:16 +0100] "POST /wp-cron.php?doing_wp_cron=1739525716.3218519687652587890625 HTTP/1.1" 200 - "https://www.allure-spa.com/wp-cron.php?doing_wp_cron=1739525716.3218519687652587890625" "WordPress/5.3.18; https://www.allure-spa.com"
79.139.61.86 - - [14/Feb/2025:10:35:14 +0100] "POST /wp-login.php HTTP/1.1" 301 - "https://allure-spa.com/wp-login.php" "Mozilla/5.0 (Windows NT 10.0; Win64; x64) AppleWebKit/537.36 (KHTML, like Gecko) Chrome/130.0.0.0 Safari/537.36"
79.139.61.86 - - [14/Feb/2025:10:35:22 +0100] "GET /wp-login.php HTTP/1.1" 200 5724 "https://allure-spa.com/wp-login.php" "Mozilla/5.0 (Windows NT 10.0; Win64; x64) AppleWebKit/537.36 (KHTML, like Gecko) Chrome/130.0.0.0 Safari/537.36"
125.212.243.142 - - [14/Feb/2025:10:35:31 +0100] "GET /wp-login.php HTTP/1.1" 200 5725 "-" "Mozilla/5.0 (Windows NT 10.0; Win64; x64) AppleWebKit/537.36 (KHTML, like Gecko) Chrome/130.0.0.0 Safari/537.36"
125.212.243.142 - - [14/Feb/2025:10:35:37 +0100] "POST /wp-login.php HTTP/1.1" 301 - "https://allure-spa.com/wp-login.php" "Mozilla/5.0 (Windows NT 10.0; Win64; x64) AppleWebKit/537.36 (KHTML, like Gecko) Chrome/130.0.0.0 Safari/537.36"
125.212.243.142 - - [14/Feb/2025:10:35:51 +0100] "GET /wp-login.php HTTP/1.1" 200 5724 "https://allure-spa.com/wp-login.php" "Mozilla/5.0 (Windows NT 10.0; Win64; x64) AppleWebKit/537.36 (KHTML, like Gecko) Chrome/130.0.0.0 Safari/537.36"
109.234.165.82 - - [14/Feb/2025:10:36:14 +0100] "POST /wp-cron.php?doing_wp_cron=1739525774.1134719848632812500000 HTTP/1.1" 200 - "https://www.allure-spa.com/wp-cron.php?doing_wp_cron=1739525774.1134719848632812500000" "WordPress/5.3.18; https://www.allure-spa.com"
14.232.152.198 - - [14/Feb/2025:10:36:12 +0100] "GET /wp-login.php HTTP/1.1" 200 5724 "-" "Mozilla/5.0 (Windows NT 10.0; Win64; x64) AppleWebKit/537.36 (KHTML, like Gecko) Chrome/130.0.0.0 Safari/537.36"
14.232.152.198 - - [14/Feb/2025:10:36:22 +0100] "POST /wp-login.php HTTP/1.1" 301 - "https://allure-spa.com/wp-login.php" "Mozilla/5.0 (Windows NT 10.0; Win64; x64) AppleWebKit/537.36 (KHTML, like Gecko) Chrome/130.0.0.0 Safari/537.36"
14.232.152.198 - - [14/Feb/2025:10:36:38 +0100] "GET /wp-login.php HTTP/1.1" 200 5724 "https://allure-spa.com/wp-login.php" "Mozilla/5.0 (Windows NT 10.0; Win64; x64) AppleWebKit/537.36 (KHTML, like Gecko) Chrome/130.0.0.0 Safari/537.36"
103.11.100.16 - - [14/Feb/2025:10:36:47 +0100] "GET /wp-login.php HTTP/1.1" 200 11961 "-" "Mozilla/5.0 (Windows NT 10.0; Win64; x64) AppleWebKit/537.36 (KHTML, like Gecko) Chrome/130.0.0.0 Safari/537.36"
103.11.100.16 - - [14/Feb/2025:10:36:53 +0100] "POST /wp-login.php HTTP/1.1" 301 - "https://allure-spa.com/wp-login.php" "Mozilla/5.0 (Windows NT 10.0; Win64; x64) AppleWebKit/537.36 (KHTML, like Gecko) Chrome/130.0.0.0 Safari/537.36"
103.11.100.16 - - [14/Feb/2025:10:37:06 +0100] "GET /wp-login.php HTTP/1.1" 200 11961 "https://allure-spa.com/wp-login.php" "Mozilla/5.0 (Windows NT 10.0; Win64; x64) AppleWebKit/537.36 (KHTML, like Gecko) Chrome/130.0.0.0 Safari/537.36"
213.176.28.132 - - [14/Feb/2025:10:37:52 +0100] "GET /wp-login.php HTTP/1.1" 200 11962 "-" "Mozilla/5.0 (Windows NT 10.0; Win64; x64) AppleWebKit/537.36 (KHTML, like Gecko) Chrome/130.0.0.0 Safari/537.36"
109.234.165.82 - - [14/Feb/2025:10:38:06 +0100] "POST /wp-cron.php?doing_wp_cron=1739525886.3418219089508056640625 HTTP/1.1" 200 - "https://www.allure-spa.com/wp-cron.php?doing_wp_cron=1739525886.3418219089508056640625" "WordPress/5.3.18; https://www.allure-spa.com"
45.8.157.30 - - [14/Feb/2025:10:38:05 +0100] "POST /wp-login.php HTTP/1.1" 302 - "-" "Mozilla/5.0 (Windows NT 10.0; Win64; x64; rv:91.0) Gecko/20100101 Firefox/91.0"
45.8.157.30 - - [14/Feb/2025:10:38:07 +0100] "GET /wp-login.php HTTP/1.1" 200 5724 "-" "Mozilla/5.0 (Windows NT 10.0; Win64; x64; rv:91.0) Gecko/20100101 Firefox/91.0"
104.37.84.114 - - [14/Feb/2025:10:38:25 +0100] "GET /wp-login.php HTTP/1.1" 200 11961 "-" "Mozilla/5.0 (Windows NT 10.0; Win64; x64) AppleWebKit/537.36 (KHTML, like Gecko) Chrome/130.0.0.0 Safari/537.36"
109.234.165.82 - - [14/Feb/2025:10:38:31 +0100] "POST /wp-cron.php?doing_wp_cron=1739525911.5801169872283935546875 HTTP/1.1" 200 - "https://www.allure-spa.com/wp-cron.php?doing_wp_cron=1739525911.5801169872283935546875" "WordPress/5.3.18; https://www.allure-spa.com"
104.37.84.114 - - [14/Feb/2025:10:38:30 +0100] "POST /wp-login.php HTTP/1.1" 301 - "https://allure-spa.com/wp-login.php" "Mozilla/5.0 (Windows NT 10.0; Win64; x64) AppleWebKit/537.36 (KHTML, like Gecko) Chrome/130.0.0.0 Safari/537.36"
216.55.146.47 - - [14/Feb/2025:10:39:36 +0100] "GET /wp-login.php HTTP/1.1" 200 11961 "-" "Mozilla/5.0 (Windows NT 10.0; Win64; x64) AppleWebKit/537.36 (KHTML, like Gecko) Chrome/130.0.0.0 Safari/537.36"
109.234.165.82 - - [14/Feb/2025:10:39:39 +0100] "POST /wp-cron.php?doing_wp_cron=1739525979.9773728847503662109375 HTTP/1.1" 200 - "https://www.allure-spa.com/wp-cron.php?doing_wp_cron=1739525979.9773728847503662109375" "WordPress/5.3.18; https://www.allure-spa.com"
216.55.146.47 - - [14/Feb/2025:10:39:39 +0100] "POST /wp-login.php HTTP/1.1" 301 - "https://allure-spa.com/wp-login.php" "Mozilla/5.0 (Windows NT 10.0; Win64; x64) AppleWebKit/537.36 (KHTML, like Gecko) Chrome/130.0.0.0 Safari/537.36"
216.55.146.47 - - [14/Feb/2025:10:39:44 +0100] "GET /wp-login.php HTTP/1.1" 200 11961 "https://allure-spa.com/wp-login.php" "Mozilla/5.0 (Windows NT 10.0; Win64; x64) AppleWebKit/537.36 (KHTML, like Gecko) Chrome/130.0.0.0 Safari/537.36"
64.225.64.65 - - [14/Feb/2025:10:39:51 +0100] "POST /wp-login.php HTTP/1.1" 301 - "https://allure-spa.com/wp-login.php" "Mozilla/5.0 (Windows NT 10.0; Win64; x64) AppleWebKit/537.36 (KHTML, like Gecko) Chrome/130.0.0.0 Safari/537.36"
54.36.174.111 - - [14/Feb/2025:10:39:55 +0100] "POST /wp-login.php HTTP/1.1" 301 - "https://allure-spa.com/wp-login.php" "Mozilla/5.0 (Windows NT 10.0; Win64; x64) AppleWebKit/537.36 (KHTML, like Gecko) Chrome/130.0.0.0 Safari/537.36"
146.59.233.61 - - [14/Feb/2025:10:40:05 +0100] "POST /wp-login.php HTTP/1.1" 301 - "https://allure-spa.com/wp-login.php" "Mozilla/5.0 (Windows NT 10.0; Win64; x64) AppleWebKit/537.36 (KHTML, like Gecko) Chrome/130.0.0.0 Safari/537.36"
109.234.165.82 - - [14/Feb/2025:10:40:29 +0100] "POST /wp-cron.php?doing_wp_cron=1739526029.0514318943023681640625 HTTP/1.1" 200 - "https://www.allure-spa.com/wp-cron.php?doing_wp_cron=1739526029.0514318943023681640625" "WordPress/5.3.18; https://www.allure-spa.com"
202.131.96.220 - - [14/Feb/2025:10:40:27 +0100] "GET /wp-login.php HTTP/1.1" 200 5724 "-" "Mozilla/5.0 (Windows NT 10.0; Win64; x64) AppleWebKit/537.36 (KHTML, like Gecko) Chrome/130.0.0.0 Safari/537.36"
202.131.96.220 - - [14/Feb/2025:10:40:32 +0100] "POST /wp-login.php HTTP/1.1" 301 - "https://allure-spa.com/wp-login.php" "Mozilla/5.0 (Windows NT 10.0; Win64; x64) AppleWebKit/537.36 (KHTML, like Gecko) Chrome/130.0.0.0 Safari/537.36"
202.131.96.220 - - [14/Feb/2025:10:40:45 +0100] "GET /wp-login.php HTTP/1.1" 200 5725 "https://allure-spa.com/wp-login.php" "Mozilla/5.0 (Windows NT 10.0; Win64; x64) AppleWebKit/537.36 (KHTML, like Gecko) Chrome/130.0.0.0 Safari/537.36"
109.234.165.82 - - [14/Feb/2025:10:41:01 +0100] "POST /wp-cron.php?doing_wp_cron=1739526061.9809479713439941406250 HTTP/1.1" 200 - "https://www.allure-spa.com/wp-cron.php?doing_wp_cron=1739526061.9809479713439941406250" "WordPress/5.3.18; https://www.allure-spa.com"
107.170.224.186 - - [14/Feb/2025:10:41:00 +0100] "GET /wp-login.php HTTP/1.1" 200 5724 "-" "Mozilla/5.0 (Windows NT 10.0; Win64; x64) AppleWebKit/537.36 (KHTML, like Gecko) Chrome/130.0.0.0 Safari/537.36"
107.170.224.186 - - [14/Feb/2025:10:41:03 +0100] "POST /wp-login.php HTTP/1.1" 301 - "https://allure-spa.com/wp-login.php" "Mozilla/5.0 (Windows NT 10.0; Win64; x64) AppleWebKit/537.36 (KHTML, like Gecko) Chrome/130.0.0.0 Safari/537.36"
107.170.224.186 - - [14/Feb/2025:10:41:06 +0100] "GET /wp-login.php HTTP/1.1" 200 5724 "https://allure-spa.com/wp-login.php" "Mozilla/5.0 (Windows NT 10.0; Win64; x64) AppleWebKit/537.36 (KHTML, like Gecko) Chrome/130.0.0.0 Safari/537.36"
217.160.250.243 - - [14/Feb/2025:10:41:08 +0100] "GET /wp-login.php HTTP/1.1" 200 11963 "-" "Mozilla/5.0 (Windows NT 10.0; Win64; x64) AppleWebKit/537.36 (KHTML, like Gecko) Chrome/130.0.0.0 Safari/537.36"
217.160.250.243 - - [14/Feb/2025:10:41:10 +0100] "POST /wp-login.php HTTP/1.1" 301 - "https://allure-spa.com/wp-login.php" "Mozilla/5.0 (Windows NT 10.0; Win64; x64) AppleWebKit/537.36 (KHTML, like Gecko) Chrome/130.0.0.0 Safari/537.36"
217.160.250.243 - - [14/Feb/2025:10:41:11 +0100] "GET /wp-login.php HTTP/1.1" 200 11963 "https://allure-spa.com/wp-login.php" "Mozilla/5.0 (Windows NT 10.0; Win64; x64) AppleWebKit/537.36 (KHTML, like Gecko) Chrome/130.0.0.0 Safari/537.36"
109.234.165.82 - - [14/Feb/2025:10:41:24 +0100] "POST /wp-cron.php?doing_wp_cron=1739526084.1598010063171386718750 HTTP/1.1" 200 - "https://www.allure-spa.com/wp-cron.php?doing_wp_cron=1739526084.1598010063171386718750" "WordPress/5.3.18; https://www.allure-spa.com"
41.82.229.139 - - [14/Feb/2025:10:41:23 +0100] "GET /nos-services/lpg-cellu-m6/ HTTP/1.1" 200 75926 "https://www.google.com/" "Mozilla/5.0 (iPhone; CPU iPhone OS 18_1_1 like Mac OS X) AppleWebKit/605.1.15 (KHTML, like Gecko) Version/18.1.1 Mobile/15E148 Safari/604.1"
