41.82.168.74 - - [14/Feb/2025:12:55:58 +0100] "GET /wp-content/themes/werkstatt/assets/fonts/fontawesome-webfont.woff2?v=4.6.3 HTTP/1.1" 200 71896 "https://www.allure-spa.com/wp-content/themes/werkstatt/assets/css/font-awesome.min.css" "Mozilla/5.0 (Linux; Android 10; K) AppleWebKit/537.36 (KHTML, like Gecko) Chrome/133.0.0.0 Mobile Safari/537.36"
41.82.168.74 - - [14/Feb/2025:12:55:59 +0100] "GET /favicon.ico HTTP/1.1" 200 - "https://www.allure-spa.com/nos-services/coiffure/" "Mozilla/5.0 (Linux; Android 10; K) AppleWebKit/537.36 (KHTML, like Gecko) Chrome/133.0.0.0 Mobile Safari/537.36"
41.82.168.74 - - [14/Feb/2025:12:55:59 +0100] "POST /wp-admin/admin-ajax.php HTTP/1.1" 200 237 "https://www.allure-spa.com/nos-services/coiffure/" "Mozilla/5.0 (Linux; Android 10; K) AppleWebKit/537.36 (KHTML, like Gecko) Chrome/133.0.0.0 Mobile Safari/537.36"
41.82.168.74 - - [14/Feb/2025:12:55:59 +0100] "POST /?wc-ajax=get_refreshed_fragments HTTP/1.1" 200 271 "https://www.allure-spa.com/nos-services/coiffure/" "Mozilla/5.0 (Linux; Android 10; K) AppleWebKit/537.36 (KHTML, like Gecko) Chrome/133.0.0.0 Mobile Safari/537.36"
165.227.172.117 - - [14/Feb/2025:12:55:59 +0100] "POST /wp-login.php HTTP/1.1" 301 - "https://allure-spa.com/wp-login.php" "Mozilla/5.0 (Windows NT 10.0; Win64; x64) AppleWebKit/537.36 (KHTML, like Gecko) Chrome/130.0.0.0 Safari/537.36"
165.227.172.117 - - [14/Feb/2025:12:56:01 +0100] "GET /wp-login.php HTTP/1.1" 200 5724 "https://allure-spa.com/wp-login.php" "Mozilla/5.0 (Windows NT 10.0; Win64; x64) AppleWebKit/537.36 (KHTML, like Gecko) Chrome/130.0.0.0 Safari/537.36"
103.72.97.144 - - [14/Feb/2025:12:56:11 +0100] "POST /wp-login.php HTTP/1.1" 301 - "https://allure-spa.com/wp-login.php" "Mozilla/5.0 (Windows NT 10.0; Win64; x64) AppleWebKit/537.36 (KHTML, like Gecko) Chrome/130.0.0.0 Safari/537.36"
103.72.97.144 - - [14/Feb/2025:12:56:21 +0100] "GET /wp-login.php HTTP/1.1" 200 11961 "https://allure-spa.com/wp-login.php" "Mozilla/5.0 (Windows NT 10.0; Win64; x64) AppleWebKit/537.36 (KHTML, like Gecko) Chrome/130.0.0.0 Safari/537.36"
116.202.98.178 - - [14/Feb/2025:12:56:26 +0100] "GET /wp-login.php HTTP/1.1" 200 11962 "-" "Mozilla/5.0 (Windows NT 10.0; Win64; x64) AppleWebKit/537.36 (KHTML, like Gecko) Chrome/130.0.0.0 Safari/537.36"
109.234.165.82 - - [14/Feb/2025:12:56:28 +0100] "POST /wp-cron.php?doing_wp_cron=1739534188.7925701141357421875000 HTTP/1.1" 200 - "https://www.allure-spa.com/wp-cron.php?doing_wp_cron=1739534188.7925701141357421875000" "WordPress/5.3.18; https://www.allure-spa.com"
116.202.98.178 - - [14/Feb/2025:12:56:28 +0100] "POST /wp-login.php HTTP/1.1" 301 - "https://allure-spa.com/wp-login.php" "Mozilla/5.0 (Windows NT 10.0; Win64; x64) AppleWebKit/537.36 (KHTML, like Gecko) Chrome/130.0.0.0 Safari/537.36"
198.54.114.120 - - [14/Feb/2025:12:56:41 +0100] "POST /wp-login.php HTTP/1.1" 301 - "https://allure-spa.com/wp-login.php" "Mozilla/5.0 (Windows NT 10.0; Win64; x64) AppleWebKit/537.36 (KHTML, like Gecko) Chrome/130.0.0.0 Safari/537.36"
213.168.248.159 - - [14/Feb/2025:12:56:46 +0100] "POST /wp-login.php HTTP/1.1" 302 - "-" "Mozilla/5.0 (Windows NT 10.0; Win64; x64; rv:61.0) Gecko/20100101 Firefox/61.0"
109.234.165.82 - - [14/Feb/2025:12:57:00 +0100] "POST /wp-cron.php?doing_wp_cron=1739534220.6533749103546142578125 HTTP/1.1" 200 - "https://www.allure-spa.com/wp-cron.php?doing_wp_cron=1739534220.6533749103546142578125" "WordPress/5.3.18; https://www.allure-spa.com"
216.55.146.74 - - [14/Feb/2025:12:56:59 +0100] "GET /wp-login.php HTTP/1.1" 200 5724 "-" "Mozilla/5.0 (Windows NT 10.0; Win64; x64) AppleWebKit/537.36 (KHTML, like Gecko) Chrome/130.0.0.0 Safari/537.36"
85.208.96.201 - - [14/Feb/2025:12:57:02 +0100] "GET /robots.txt HTTP/1.1" 200 67 "-" "Mozilla/5.0 (compatible; SemrushBot/7~bl; +http://www.semrush.com/bot.html)"
216.55.146.74 - - [14/Feb/2025:12:57:02 +0100] "POST /wp-login.php HTTP/1.1" 301 - "https://allure-spa.com/wp-login.php" "Mozilla/5.0 (Windows NT 10.0; Win64; x64) AppleWebKit/537.36 (KHTML, like Gecko) Chrome/130.0.0.0 Safari/537.36"
185.191.171.10 - - [14/Feb/2025:12:57:03 +0100] "GET /product_brand/misencil/ HTTP/1.1" 200 75805 "-" "Mozilla/5.0 (compatible; SemrushBot/7~bl; +http://www.semrush.com/bot.html)"
85.208.96.210 - - [14/Feb/2025:12:57:05 +0100] "GET /sitemap.xml HTTP/1.1" 404 60115 "-" "Mozilla/5.0 (compatible; SemrushBot/7~bl; +http://www.semrush.com/bot.html)"
216.55.146.74 - - [14/Feb/2025:12:57:08 +0100] "GET /wp-login.php HTTP/1.1" 200 5724 "https://allure-spa.com/wp-login.php" "Mozilla/5.0 (Windows NT 10.0; Win64; x64) AppleWebKit/537.36 (KHTML, like Gecko) Chrome/130.0.0.0 Safari/537.36"
54.94.210.155 - - [14/Feb/2025:12:57:15 +0100] "GET /wp-login.php HTTP/1.1" 200 11961 "-" "Mozilla/5.0 (Windows NT 10.0; Win64; x64) AppleWebKit/537.36 (KHTML, like Gecko) Chrome/130.0.0.0 Safari/537.36"
54.94.210.155 - - [14/Feb/2025:12:57:16 +0100] "POST /wp-login.php HTTP/1.1" 200 11961 "https://allure-spa.com/wp-login.php" "Mozilla/5.0 (Windows NT 10.0; Win64; x64) AppleWebKit/537.36 (KHTML, like Gecko) Chrome/130.0.0.0 Safari/537.36"
109.234.165.82 - - [14/Feb/2025:12:57:22 +0100] "POST /wp-cron.php?doing_wp_cron=1739534242.4048280715942382812500 HTTP/1.1" 200 - "https://www.allure-spa.com/wp-cron.php?doing_wp_cron=1739534242.4048280715942382812500" "WordPress/5.3.18; https://www.allure-spa.com"
79.139.61.86 - - [14/Feb/2025:12:57:21 +0100] "POST /wp-login.php HTTP/1.1" 301 - "https://allure-spa.com/wp-login.php" "Mozilla/5.0 (Windows NT 10.0; Win64; x64) AppleWebKit/537.36 (KHTML, like Gecko) Chrome/130.0.0.0 Safari/537.36"
79.139.61.86 - - [14/Feb/2025:12:57:28 +0100] "GET /wp-login.php HTTP/1.1" 200 5724 "https://allure-spa.com/wp-login.php" "Mozilla/5.0 (Windows NT 10.0; Win64; x64) AppleWebKit/537.36 (KHTML, like Gecko) Chrome/130.0.0.0 Safari/537.36"
60.199.208.223 - - [14/Feb/2025:12:57:49 +0100] "GET /wp-login.php HTTP/1.1" 200 11962 "-" "Mozilla/5.0 (Windows NT 10.0; Win64; x64) AppleWebKit/537.36 (KHTML, like Gecko) Chrome/130.0.0.0 Safari/537.36"
60.199.208.223 - - [14/Feb/2025:12:57:51 +0100] "POST /wp-login.php HTTP/1.1" 301 - "https://allure-spa.com/wp-login.php" "Mozilla/5.0 (Windows NT 10.0; Win64; x64) AppleWebKit/537.36 (KHTML, like Gecko) Chrome/130.0.0.0 Safari/537.36"
60.199.208.223 - - [14/Feb/2025:12:57:57 +0100] "GET /wp-login.php HTTP/1.1" 200 11962 "https://allure-spa.com/wp-login.php" "Mozilla/5.0 (Windows NT 10.0; Win64; x64) AppleWebKit/537.36 (KHTML, like Gecko) Chrome/130.0.0.0 Safari/537.36"
60.43.234.31 - - [14/Feb/2025:12:58:08 +0100] "POST /wp-login.php HTTP/1.1" 301 - "https://allure-spa.com/wp-login.php" "Mozilla/5.0 (Windows NT 10.0; Win64; x64) AppleWebKit/537.36 (KHTML, like Gecko) Chrome/130.0.0.0 Safari/537.36"
201.148.107.79 - - [14/Feb/2025:12:58:21 +0100] "GET /wp-login.php HTTP/1.1" 200 11962 "-" "Mozilla/5.0 (Windows NT 10.0; Win64; x64) AppleWebKit/537.36 (KHTML, like Gecko) Chrome/130.0.0.0 Safari/537.36"
109.234.165.82 - - [14/Feb/2025:12:58:26 +0100] "POST /wp-cron.php?doing_wp_cron=1739534306.7957570552825927734375 HTTP/1.1" 200 - "https://www.allure-spa.com/wp-cron.php?doing_wp_cron=1739534306.7957570552825927734375" "WordPress/5.3.18; https://www.allure-spa.com"
201.148.107.79 - - [14/Feb/2025:12:58:26 +0100] "POST /wp-login.php HTTP/1.1" 301 - "https://allure-spa.com/wp-login.php" "Mozilla/5.0 (Windows NT 10.0; Win64; x64) AppleWebKit/537.36 (KHTML, like Gecko) Chrome/130.0.0.0 Safari/537.36"
201.148.107.79 - - [14/Feb/2025:12:58:38 +0100] "GET /wp-login.php HTTP/1.1" 200 11962 "https://allure-spa.com/wp-login.php" "Mozilla/5.0 (Windows NT 10.0; Win64; x64) AppleWebKit/537.36 (KHTML, like Gecko) Chrome/130.0.0.0 Safari/537.36"
78.46.233.162 - - [14/Feb/2025:12:58:49 +0100] "POST /wp-login.php HTTP/1.1" 301 - "https://allure-spa.com/wp-login.php" "Mozilla/5.0 (Windows NT 10.0; Win64; x64) AppleWebKit/537.36 (KHTML, like Gecko) Chrome/130.0.0.0 Safari/537.36"
178.128.83.108 - - [14/Feb/2025:12:58:57 +0100] "GET /wp-login.php HTTP/1.1" 200 11962 "-" "Mozilla/5.0 (Windows NT 10.0; Win64; x64) AppleWebKit/537.36 (KHTML, like Gecko) Chrome/130.0.0.0 Safari/537.36"
178.128.83.108 - - [14/Feb/2025:12:58:59 +0100] "POST /wp-login.php HTTP/1.1" 301 - "https://allure-spa.com/wp-login.php" "Mozilla/5.0 (Windows NT 10.0; Win64; x64) AppleWebKit/537.36 (KHTML, like Gecko) Chrome/130.0.0.0 Safari/537.36"
147.182.247.48 - - [14/Feb/2025:12:59:04 +0100] "POST /wp-login.php HTTP/1.1" 301 - "https://allure-spa.com/wp-login.php" "Mozilla/5.0 (Windows NT 10.0; Win64; x64) AppleWebKit/537.36 (KHTML, like Gecko) Chrome/130.0.0.0 Safari/537.36"
137.184.206.114 - - [14/Feb/2025:12:59:15 +0100] "POST /wp-login.php HTTP/1.1" 301 - "https://allure-spa.com/wp-login.php" "Mozilla/5.0 (Windows NT 10.0; Win64; x64) AppleWebKit/537.36 (KHTML, like Gecko) Chrome/130.0.0.0 Safari/537.36"
137.184.206.114 - - [14/Feb/2025:12:59:18 +0100] "GET /wp-login.php HTTP/1.1" 200 5725 "https://allure-spa.com/wp-login.php" "Mozilla/5.0 (Windows NT 10.0; Win64; x64) AppleWebKit/537.36 (KHTML, like Gecko) Chrome/130.0.0.0 Safari/537.36"
109.234.165.82 - - [14/Feb/2025:12:59:16 +0100] "POST /wp-cron.php?doing_wp_cron=1739534356.3097410202026367187500 HTTP/1.1" 200 - "https://www.allure-spa.com/wp-cron.php?doing_wp_cron=1739534356.3097410202026367187500" "WordPress/5.3.18; https://www.allure-spa.com"
104.43.115.159 - - [14/Feb/2025:12:59:34 +0100] "GET /wp-login.php HTTP/1.1" 200 11962 "-" "Mozilla/5.0 (Windows NT 10.0; Win64; x64) AppleWebKit/537.36 (KHTML, like Gecko) Chrome/130.0.0.0 Safari/537.36"
104.43.115.159 - - [14/Feb/2025:12:59:36 +0100] "POST /wp-login.php HTTP/1.1" 301 - "https://allure-spa.com/wp-login.php" "Mozilla/5.0 (Windows NT 10.0; Win64; x64) AppleWebKit/537.36 (KHTML, like Gecko) Chrome/130.0.0.0 Safari/537.36"
104.43.115.159 - - [14/Feb/2025:12:59:44 +0100] "GET /wp-login.php HTTP/1.1" 200 11962 "https://allure-spa.com/wp-login.php" "Mozilla/5.0 (Windows NT 10.0; Win64; x64) AppleWebKit/537.36 (KHTML, like Gecko) Chrome/130.0.0.0 Safari/537.36"
194.163.151.88 - - [14/Feb/2025:13:00:02 +0100] "GET /wp-login.php HTTP/1.1" 200 5724 "-" "Mozilla/5.0 (Windows NT 10.0; Win64; x64) AppleWebKit/537.36 (KHTML, like Gecko) Chrome/130.0.0.0 Safari/537.36"
194.163.151.88 - - [14/Feb/2025:13:00:02 +0100] "POST /wp-login.php HTTP/1.1" 301 - "https://allure-spa.com/wp-login.php" "Mozilla/5.0 (Windows NT 10.0; Win64; x64) AppleWebKit/537.36 (KHTML, like Gecko) Chrome/130.0.0.0 Safari/537.36"
194.163.151.88 - - [14/Feb/2025:13:00:05 +0100] "GET /wp-login.php HTTP/1.1" 200 5726 "https://allure-spa.com/wp-login.php" "Mozilla/5.0 (Windows NT 10.0; Win64; x64) AppleWebKit/537.36 (KHTML, like Gecko) Chrome/130.0.0.0 Safari/537.36"
74.208.90.100 - - [14/Feb/2025:13:00:14 +0100] "GET /wp-login.php HTTP/1.1" 200 11961 "-" "Mozilla/5.0 (Windows NT 10.0; Win64; x64) AppleWebKit/537.36 (KHTML, like Gecko) Chrome/130.0.0.0 Safari/537.36"
109.234.165.82 - - [14/Feb/2025:13:00:16 +0100] "POST /wp-cron.php?doing_wp_cron=1739534416.3507010936737060546875 HTTP/1.1" 200 - "https://www.allure-spa.com/wp-cron.php?doing_wp_cron=1739534416.3507010936737060546875" "WordPress/5.3.18; https://www.allure-spa.com"
74.208.90.100 - - [14/Feb/2025:13:00:15 +0100] "POST /wp-login.php HTTP/1.1" 301 - "https://allure-spa.com/wp-login.php" "Mozilla/5.0 (Windows NT 10.0; Win64; x64) AppleWebKit/537.36 (KHTML, like Gecko) Chrome/130.0.0.0 Safari/537.36"
74.208.90.100 - - [14/Feb/2025:13:00:19 +0100] "GET /wp-login.php HTTP/1.1" 200 11961 "https://allure-spa.com/wp-login.php" "Mozilla/5.0 (Windows NT 10.0; Win64; x64) AppleWebKit/537.36 (KHTML, like Gecko) Chrome/130.0.0.0 Safari/537.36"
38.242.139.29 - - [14/Feb/2025:13:00:46 +0100] "GET /wp-login.php HTTP/1.1" 200 11961 "-" "Mozilla/5.0 (Windows NT 10.0; Win64; x64) AppleWebKit/537.36 (KHTML, like Gecko) Chrome/130.0.0.0 Safari/537.36"
38.242.139.29 - - [14/Feb/2025:13:00:47 +0100] "POST /wp-login.php HTTP/1.1" 301 - "https://allure-spa.com/wp-login.php" "Mozilla/5.0 (Windows NT 10.0; Win64; x64) AppleWebKit/537.36 (KHTML, like Gecko) Chrome/130.0.0.0 Safari/537.36"
38.242.139.29 - - [14/Feb/2025:13:00:48 +0100] "GET /wp-login.php HTTP/1.1" 200 11961 "https://allure-spa.com/wp-login.php" "Mozilla/5.0 (Windows NT 10.0; Win64; x64) AppleWebKit/537.36 (KHTML, like Gecko) Chrome/130.0.0.0 Safari/537.36"
144.91.103.14 - - [14/Feb/2025:13:01:06 +0100] "POST /wp-login.php HTTP/1.1" 301 - "https://allure-spa.com/wp-login.php" "Mozilla/5.0 (Windows NT 10.0; Win64; x64) AppleWebKit/537.36 (KHTML, like Gecko) Chrome/130.0.0.0 Safari/537.36"
109.234.165.82 - - [14/Feb/2025:13:01:15 +0100] "POST /wp-cron.php?doing_wp_cron=1739534475.9528799057006835937500 HTTP/1.1" 200 - "https://www.allure-spa.com/wp-cron.php?doing_wp_cron=1739534475.9528799057006835937500" "WordPress/5.3.18; https://www.allure-spa.com"
74.208.90.100 - - [14/Feb/2025:13:01:15 +0100] "POST /wp-login.php HTTP/1.1" 301 - "https://allure-spa.com/wp-login.php" "Mozilla/5.0 (Windows NT 10.0; Win64; x64) AppleWebKit/537.36 (KHTML, like Gecko) Chrome/130.0.0.0 Safari/537.36"
74.208.90.100 - - [14/Feb/2025:13:01:19 +0100] "GET /wp-login.php HTTP/1.1" 200 11961 "https://allure-spa.com/wp-login.php" "Mozilla/5.0 (Windows NT 10.0; Win64; x64) AppleWebKit/537.36 (KHTML, like Gecko) Chrome/130.0.0.0 Safari/537.36"
51.210.9.241 - - [14/Feb/2025:13:01:23 +0100] "GET /wp-login.php HTTP/1.1" 200 11960 "-" "Mozilla/5.0 (Windows NT 10.0; Win64; x64) AppleWebKit/537.36 (KHTML, like Gecko) Chrome/130.0.0.0 Safari/537.36"
51.210.9.241 - - [14/Feb/2025:13:01:24 +0100] "POST /wp-login.php HTTP/1.1" 301 - "https://allure-spa.com/wp-login.php" "Mozilla/5.0 (Windows NT 10.0; Win64; x64) AppleWebKit/537.36 (KHTML, like Gecko) Chrome/130.0.0.0 Safari/537.36"
109.234.165.82 - - [14/Feb/2025:13:02:10 +0100] "POST /wp-cron.php?doing_wp_cron=1739534530.4152801036834716796875 HTTP/1.1" 200 - "https://www.allure-spa.com/wp-cron.php?doing_wp_cron=1739534530.4152801036834716796875" "WordPress/5.3.18; https://www.allure-spa.com"
41.208.191.190 - - [14/Feb/2025:13:02:09 +0100] "GET /spa-medical/rajeunissement-de-la-peau-au-laser/ HTTP/1.1" 200 73761 "https://www.google.com/" "Mozilla/5.0 (iPhone; CPU iPhone OS 16_2 like Mac OS X) AppleWebKit/605.1.15 (KHTML, like Gecko) Version/16.2 Mobile/15E148 Safari/604.1"
41.208.191.190 - - [14/Feb/2025:13:02:11 +0100] "GET /wp-includes/js/wp-emoji-release.min.js?ver=5.3.18 HTTP/1.1" 200 13849 "https://www.allure-spa.com/spa-medical/rajeunissement-de-la-peau-au-laser/" "Mozilla/5.0 (iPhone; CPU iPhone OS 16_2 like Mac OS X) AppleWebKit/605.1.15 (KHTML, like Gecko) Version/16.2 Mobile/15E148 Safari/604.1"
41.208.191.190 - - [14/Feb/2025:13:02:11 +0100] "GET /wp-content/plugins/revslider/public/assets/css/rs6.css?ver=6.1.2 HTTP/1.1" 200 56404 "https://www.allure-spa.com/spa-medical/rajeunissement-de-la-peau-au-laser/" "Mozilla/5.0 (iPhone; CPU iPhone OS 16_2 like Mac OS X) AppleWebKit/605.1.15 (KHTML, like Gecko) Version/16.2 Mobile/15E148 Safari/604.1"
41.208.191.190 - - [14/Feb/2025:13:02:11 +0100] "GET /wp-content/themes/werkstatt/assets/css/font-awesome.min.css HTTP/1.1" 200 29063 "https://www.allure-spa.com/spa-medical/rajeunissement-de-la-peau-au-laser/" "Mozilla/5.0 (iPhone; CPU iPhone OS 16_2 like Mac OS X) AppleWebKit/605.1.15 (KHTML, like Gecko) Version/16.2 Mobile/15E148 Safari/604.1"
41.208.191.190 - - [14/Feb/2025:13:02:11 +0100] "GET /wp-content/themes/werkstatt/assets/css/app.css?ver=2.3.4.1 HTTP/1.1" 200 326197 "https://www.allure-spa.com/spa-medical/rajeunissement-de-la-peau-au-laser/" "Mozilla/5.0 (iPhone; CPU iPhone OS 16_2 like Mac OS X) AppleWebKit/605.1.15 (KHTML, like Gecko) Version/16.2 Mobile/15E148 Safari/604.1"
41.208.191.190 - - [14/Feb/2025:13:02:11 +0100] "GET /wp-content/themes/werkstatt-child/style.css HTTP/1.1" 200 573 "https://www.allure-spa.com/spa-medical/rajeunissement-de-la-peau-au-laser/" "Mozilla/5.0 (iPhone; CPU iPhone OS 16_2 like Mac OS X) AppleWebKit/605.1.15 (KHTML, like Gecko) Version/16.2 Mobile/15E148 Safari/604.1"
41.208.191.190 - - [14/Feb/2025:13:02:11 +0100] "GET /wp-content/plugins/js_composer/assets/css/js_composer.min.css?ver=5.1.1 HTTP/1.1" 200 459328 "https://www.allure-spa.com/spa-medical/rajeunissement-de-la-peau-au-laser/" "Mozilla/5.0 (iPhone; CPU iPhone OS 16_2 like Mac OS X) AppleWebKit/605.1.15 (KHTML, like Gecko) Version/16.2 Mobile/15E148 Safari/604.1"
41.208.191.190 - - [14/Feb/2025:13:02:11 +0100] "GET /wp-content/plugins/premmerce-woocommerce-brands/assets/frontend/css/premmerce-brands.css?ver=5.3.18 HTTP/1.1" 200 1534 "https://www.allure-spa.com/spa-medical/rajeunissement-de-la-peau-au-laser/" "Mozilla/5.0 (iPhone; CPU iPhone OS 16_2 like Mac OS X) AppleWebKit/605.1.15 (KHTML, like Gecko) Version/16.2 Mobile/15E148 Safari/604.1"
41.208.191.190 - - [14/Feb/2025:13:02:11 +0100] "GET /wp-content/plugins/mpc-massive/assets/css/mpc-styles.css?ver=5.3.18 HTTP/1.1" 200 245189 "https://www.allure-spa.com/spa-medical/rajeunissement-de-la-peau-au-laser/" "Mozilla/5.0 (iPhone; CPU iPhone OS 16_2 like Mac OS X) AppleWebKit/605.1.15 (KHTML, like Gecko) Version/16.2 Mobile/15E148 Safari/604.1"
41.208.191.190 - - [14/Feb/2025:13:02:11 +0100] "GET /wp-content/plugins/revslider/public/assets/js/revolution.tools.min.js?ver=6.0 HTTP/1.1" 200 150436 "https://www.allure-spa.com/spa-medical/rajeunissement-de-la-peau-au-laser/" "Mozilla/5.0 (iPhone; CPU iPhone OS 16_2 like Mac OS X) AppleWebKit/605.1.15 (KHTML, like Gecko) Version/16.2 Mobile/15E148 Safari/604.1"
41.208.191.190 - - [14/Feb/2025:13:02:11 +0100] "GET /wp-content/plugins/revslider/public/assets/js/rs6.min.js?ver=6.1.2 HTTP/1.1" 200 269077 "https://www.allure-spa.com/spa-medical/rajeunissement-de-la-peau-au-laser/" "Mozilla/5.0 (iPhone; CPU iPhone OS 16_2 like Mac OS X) AppleWebKit/605.1.15 (KHTML, like Gecko) Version/16.2 Mobile/15E148 Safari/604.1"
41.208.191.190 - - [14/Feb/2025:13:02:11 +0100] "GET /wp-content/plugins/js_composer/assets/js/vendors/woocommerce-add-to-cart.js?ver=5.1.1 HTTP/1.1" 200 895 "https://www.allure-spa.com/spa-medical/rajeunissement-de-la-peau-au-laser/" "Mozilla/5.0 (iPhone; CPU iPhone OS 16_2 like Mac OS X) AppleWebKit/605.1.15 (KHTML, like Gecko) Version/16.2 Mobile/15E148 Safari/604.1"
41.208.191.190 - - [14/Feb/2025:13:02:11 +0100] "GET /wp-content/plugins/js_composer/assets/lib/vc_carousel/css/vc_carousel.min.css?ver=5.1.1 HTTP/1.1" 200 10490 "https://www.allure-spa.com/spa-medical/rajeunissement-de-la-peau-au-laser/" "Mozilla/5.0 (iPhone; CPU iPhone OS 16_2 like Mac OS X) AppleWebKit/605.1.15 (KHTML, like Gecko) Version/16.2 Mobile/15E148 Safari/604.1"
41.208.191.190 - - [14/Feb/2025:13:02:11 +0100] "GET /wp-content/plugins/insta-gallery/assets/css/qligg.min.css?ver=2.6.5 HTTP/1.1" 200 59808 "https://www.allure-spa.com/spa-medical/rajeunissement-de-la-peau-au-laser/" "Mozilla/5.0 (iPhone; CPU iPhone OS 16_2 like Mac OS X) AppleWebKit/605.1.15 (KHTML, like Gecko) Version/16.2 Mobile/15E148 Safari/604.1"
41.208.191.190 - - [14/Feb/2025:13:02:11 +0100] "GET /wp-content/plugins/insta-gallery/assets/magnific-popup/magnific-popup.min.css?ver=2.6.5 HTTP/1.1" 200 5259 "https://www.allure-spa.com/spa-medical/rajeunissement-de-la-peau-au-laser/" "Mozilla/5.0 (iPhone; CPU iPhone OS 16_2 like Mac OS X) AppleWebKit/605.1.15 (KHTML, like Gecko) Version/16.2 Mobile/15E148 Safari/604.1"
41.208.191.190 - - [14/Feb/2025:13:02:11 +0100] "GET /wp-content/plugins/mailchimp-for-woocommerce/public/js/mailchimp-woocommerce-public.min.js?ver=2.3 HTTP/1.1" 200 5930 "https://www.allure-spa.com/spa-medical/rajeunissement-de-la-peau-au-laser/" "Mozilla/5.0 (iPhone; CPU iPhone OS 16_2 like Mac OS X) AppleWebKit/605.1.15 (KHTML, like Gecko) Version/16.2 Mobile/15E148 Safari/604.1"
41.208.191.190 - - [14/Feb/2025:13:02:11 +0100] "GET /wp-content/themes/werkstatt/assets/js/vendor.min.js?ver=2.3.4.1 HTTP/1.1" 200 602339 "https://www.allure-spa.com/spa-medical/rajeunissement-de-la-peau-au-laser/" "Mozilla/5.0 (iPhone; CPU iPhone OS 16_2 like Mac OS X) AppleWebKit/605.1.15 (KHTML, like Gecko) Version/16.2 Mobile/15E148 Safari/604.1"
41.208.191.190 - - [14/Feb/2025:13:02:11 +0100] "GET /wp-content/themes/werkstatt/assets/js/app.min.js?ver=2.3.4.1 HTTP/1.1" 200 53865 "https://www.allure-spa.com/spa-medical/rajeunissement-de-la-peau-au-laser/" "Mozilla/5.0 (iPhone; CPU iPhone OS 16_2 like Mac OS X) AppleWebKit/605.1.15 (KHTML, like Gecko) Version/16.2 Mobile/15E148 Safari/604.1"
41.208.191.190 - - [14/Feb/2025:13:02:11 +0100] "GET /wp-content/plugins/mpc-massive/assets/js/mpc-vendor.min.js?ver=2.3.2 HTTP/1.1" 200 81856 "https://www.allure-spa.com/spa-medical/rajeunissement-de-la-peau-au-laser/" "Mozilla/5.0 (iPhone; CPU iPhone OS 16_2 like Mac OS X) AppleWebKit/605.1.15 (KHTML, like Gecko) Version/16.2 Mobile/15E148 Safari/604.1"
41.208.191.190 - - [14/Feb/2025:13:02:11 +0100] "GET /wp-content/plugins/mpc-massive/assets/js/mpc-scripts.min.js?ver=2.3.2 HTTP/1.1" 200 95710 "https://www.allure-spa.com/spa-medical/rajeunissement-de-la-peau-au-laser/" "Mozilla/5.0 (iPhone; CPU iPhone OS 16_2 like Mac OS X) AppleWebKit/605.1.15 (KHTML, like Gecko) Version/16.2 Mobile/15E148 Safari/604.1"
41.208.191.190 - - [14/Feb/2025:13:02:11 +0100] "GET /wp-content/plugins/js_composer/assets/js/dist/js_composer_front.min.js?ver=5.1.1 HTTP/1.1" 200 18908 "https://www.allure-spa.com/spa-medical/rajeunissement-de-la-peau-au-laser/" "Mozilla/5.0 (iPhone; CPU iPhone OS 16_2 like Mac OS X) AppleWebKit/605.1.15 (KHTML, like Gecko) Version/16.2 Mobile/15E148 Safari/604.1"
41.208.191.190 - - [14/Feb/2025:13:02:11 +0100] "GET /wp-content/plugins/js_composer/assets/lib/vc_carousel/js/transition.min.js?ver=5.1.1 HTTP/1.1" 200 645 "https://www.allure-spa.com/spa-medical/rajeunissement-de-la-peau-au-laser/" "Mozilla/5.0 (iPhone; CPU iPhone OS 16_2 like Mac OS X) AppleWebKit/605.1.15 (KHTML, like Gecko) Version/16.2 Mobile/15E148 Safari/604.1"
41.208.191.190 - - [14/Feb/2025:13:02:11 +0100] "GET /wp-content/plugins/js_composer/assets/lib/vc_carousel/js/vc_carousel.min.js?ver=5.1.1 HTTP/1.1" 200 9707 "https://www.allure-spa.com/spa-medical/rajeunissement-de-la-peau-au-laser/" "Mozilla/5.0 (iPhone; CPU iPhone OS 16_2 like Mac OS X) AppleWebKit/605.1.15 (KHTML, like Gecko) Version/16.2 Mobile/15E148 Safari/604.1"
41.208.191.190 - - [14/Feb/2025:13:02:11 +0100] "GET /wp-content/plugins/insta-gallery/assets/js/qligg.min.js?ver=2.6.5 HTTP/1.1" 200 4819 "https://www.allure-spa.com/spa-medical/rajeunissement-de-la-peau-au-laser/" "Mozilla/5.0 (iPhone; CPU iPhone OS 16_2 like Mac OS X) AppleWebKit/605.1.15 (KHTML, like Gecko) Version/16.2 Mobile/15E148 Safari/604.1"
41.208.191.190 - - [14/Feb/2025:13:02:11 +0100] "GET /wp-content/plugins/insta-gallery/assets/magnific-popup/jquery.magnific-popup.min.js?ver=2.6.5 HTTP/1.1" 200 20219 "https://www.allure-spa.com/spa-medical/rajeunissement-de-la-peau-au-laser/" "Mozilla/5.0 (iPhone; CPU iPhone OS 16_2 like Mac OS X) AppleWebKit/605.1.15 (KHTML, like Gecko) Version/16.2 Mobile/15E148 Safari/604.1"
41.208.191.190 - - [14/Feb/2025:13:02:12 +0100] "GET /wp-content/themes/werkstatt/style.css HTTP/1.1" 200 1423 "https://www.allure-spa.com/spa-medical/rajeunissement-de-la-peau-au-laser/" "Mozilla/5.0 (iPhone; CPU iPhone OS 16_2 like Mac OS X) AppleWebKit/605.1.15 (KHTML, like Gecko) Version/16.2 Mobile/15E148 Safari/604.1"
40.118.225.132 - - [14/Feb/2025:13:02:11 +0100] "GET /wp-login.php HTTP/1.1" 200 11962 "-" "Mozilla/5.0 (Windows NT 10.0; Win64; x64) AppleWebKit/537.36 (KHTML, like Gecko) Chrome/130.0.0.0 Safari/537.36"
41.208.191.190 - - [14/Feb/2025:13:02:14 +0100] "GET /wp-content/uploads/2019/12/allure-logo-e1577020517255.jpeg HTTP/1.1" 200 21177 "https://www.allure-spa.com/spa-medical/rajeunissement-de-la-peau-au-laser/" "Mozilla/5.0 (iPhone; CPU iPhone OS 16_2 like Mac OS X) AppleWebKit/605.1.15 (KHTML, like Gecko) Version/16.2 Mobile/15E148 Safari/604.1"
41.208.191.190 - - [14/Feb/2025:13:02:14 +0100] "GET /wp-content/uploads/2021/01/Rajeunissement-de-la-peau-au-laser_Plan-de-travail-1.jpg HTTP/1.1" 200 245957 "https://www.allure-spa.com/spa-medical/rajeunissement-de-la-peau-au-laser/" "Mozilla/5.0 (iPhone; CPU iPhone OS 16_2 like Mac OS X) AppleWebKit/605.1.15 (KHTML, like Gecko) Version/16.2 Mobile/15E148 Safari/604.1"
41.208.191.190 - - [14/Feb/2025:13:02:14 +0100] "GET /wp-content/uploads/2021/01/Rajeunissement-de-la-peau-au-laser-02.jpg HTTP/1.1" 200 191073 "https://www.allure-spa.com/spa-medical/rajeunissement-de-la-peau-au-laser/" "Mozilla/5.0 (iPhone; CPU iPhone OS 16_2 like Mac OS X) AppleWebKit/605.1.15 (KHTML, like Gecko) Version/16.2 Mobile/15E148 Safari/604.1"
41.208.191.190 - - [14/Feb/2025:13:02:14 +0100] "GET /wp-content/themes/werkstatt/assets/fonts/fontawesome-webfont.woff2?v=4.6.3 HTTP/1.1" 200 71896 "https://www.allure-spa.com/spa-medical/rajeunissement-de-la-peau-au-laser/" "Mozilla/5.0 (iPhone; CPU iPhone OS 16_2 like Mac OS X) AppleWebKit/605.1.15 (KHTML, like Gecko) Version/16.2 Mobile/15E148 Safari/604.1"
109.234.165.82 - - [14/Feb/2025:13:02:13 +0100] "POST /wp-cron.php?doing_wp_cron=1739534533.8908948898315429687500 HTTP/1.1" 200 - "https://www.allure-spa.com/wp-cron.php?doing_wp_cron=1739534533.8908948898315429687500" "WordPress/5.3.18; https://www.allure-spa.com"
40.118.225.132 - - [14/Feb/2025:13:02:13 +0100] "POST /wp-login.php HTTP/1.1" 301 - "https://allure-spa.com/wp-login.php" "Mozilla/5.0 (Windows NT 10.0; Win64; x64) AppleWebKit/537.36 (KHTML, like Gecko) Chrome/130.0.0.0 Safari/537.36"
41.208.191.190 - - [14/Feb/2025:13:02:15 +0100] "GET /wp-content/uploads/2021/01/Rajeunissement-de-la-peau-au-laser-03.jpg HTTP/1.1" 200 241257 "https://www.allure-spa.com/spa-medical/rajeunissement-de-la-peau-au-laser/" "Mozilla/5.0 (iPhone; CPU iPhone OS 16_2 like Mac OS X) AppleWebKit/605.1.15 (KHTML, like Gecko) Version/16.2 Mobile/15E148 Safari/604.1"
41.208.191.190 - - [14/Feb/2025:13:02:14 +0100] "POST /?wc-ajax=get_refreshed_fragments HTTP/1.1" 200 271 "https://www.allure-spa.com/spa-medical/rajeunissement-de-la-peau-au-laser/" "Mozilla/5.0 (iPhone; CPU iPhone OS 16_2 like Mac OS X) AppleWebKit/605.1.15 (KHTML, like Gecko) Version/16.2 Mobile/15E148 Safari/604.1"
41.208.191.190 - - [14/Feb/2025:13:02:14 +0100] "POST /wp-admin/admin-ajax.php HTTP/1.1" 200 237 "https://www.allure-spa.com/spa-medical/rajeunissement-de-la-peau-au-laser/" "Mozilla/5.0 (iPhone; CPU iPhone OS 16_2 like Mac OS X) AppleWebKit/605.1.15 (KHTML, like Gecko) Version/16.2 Mobile/15E148 Safari/604.1"
41.208.191.190 - - [14/Feb/2025:13:02:16 +0100] "GET /favicon.ico HTTP/1.1" 200 - "https://www.allure-spa.com/spa-medical/rajeunissement-de-la-peau-au-laser/" "Mozilla/5.0 (iPhone; CPU iPhone OS 16_2 like Mac OS X) AppleWebKit/605.1.15 (KHTML, like Gecko) Version/16.2 Mobile/15E148 Safari/604.1"
40.118.225.132 - - [14/Feb/2025:13:02:17 +0100] "GET /wp-login.php HTTP/1.1" 200 11962 "https://allure-spa.com/wp-login.php" "Mozilla/5.0 (Windows NT 10.0; Win64; x64) AppleWebKit/537.36 (KHTML, like Gecko) Chrome/130.0.0.0 Safari/537.36"
5.188.118.241 - - [14/Feb/2025:13:02:32 +0100] "GET /wp-login.php HTTP/1.1" 200 11961 "-" "Mozilla/5.0 (Windows NT 10.0; Win64; x64) AppleWebKit/537.36 (KHTML, like Gecko) Chrome/130.0.0.0 Safari/537.36"
5.188.118.241 - - [14/Feb/2025:13:02:34 +0100] "POST /wp-login.php HTTP/1.1" 301 - "https://allure-spa.com/wp-login.php" "Mozilla/5.0 (Windows NT 10.0; Win64; x64) AppleWebKit/537.36 (KHTML, like Gecko) Chrome/130.0.0.0 Safari/537.36"
103.149.165.22 - - [14/Feb/2025:13:02:45 +0100] "POST /wp-login.php HTTP/1.1" 301 - "https://allure-spa.com/wp-login.php" "Mozilla/5.0 (Windows NT 10.0; Win64; x64) AppleWebKit/537.36 (KHTML, like Gecko) Chrome/130.0.0.0 Safari/537.36"
103.149.165.22 - - [14/Feb/2025:13:02:55 +0100] "GET /wp-login.php HTTP/1.1" 200 11962 "https://allure-spa.com/wp-login.php" "Mozilla/5.0 (Windows NT 10.0; Win64; x64) AppleWebKit/537.36 (KHTML, like Gecko) Chrome/130.0.0.0 Safari/537.36"
103.124.92.138 - - [14/Feb/2025:13:03:07 +0100] "GET /wp-login.php HTTP/1.1" 200 11962 "-" "Mozilla/5.0 (Windows NT 10.0; Win64; x64) AppleWebKit/537.36 (KHTML, like Gecko) Chrome/130.0.0.0 Safari/537.36"
103.124.92.138 - - [14/Feb/2025:13:03:11 +0100] "POST /wp-login.php HTTP/1.1" 301 - "https://allure-spa.com/wp-login.php" "Mozilla/5.0 (Windows NT 10.0; Win64; x64) AppleWebKit/537.36 (KHTML, like Gecko) Chrome/130.0.0.0 Safari/537.36"
188.40.28.140 - - [14/Feb/2025:13:03:31 +0100] "POST /wp-login.php HTTP/1.1" 200 11961 "https://allure-spa.com/wp-login.php" "Mozilla/5.0 (Windows NT 10.0; Win64; x64) AppleWebKit/537.36 (KHTML, like Gecko) Chrome/130.0.0.0 Safari/537.36"
51.210.9.241 - - [14/Feb/2025:13:03:47 +0100] "GET /wp-login.php HTTP/1.1" 200 11960 "-" "Mozilla/5.0 (Windows NT 10.0; Win64; x64) AppleWebKit/537.36 (KHTML, like Gecko) Chrome/130.0.0.0 Safari/537.36"
109.234.165.82 - - [14/Feb/2025:13:03:48 +0100] "POST /wp-cron.php?doing_wp_cron=1739534628.6173040866851806640625 HTTP/1.1" 200 - "https://www.allure-spa.com/wp-cron.php?doing_wp_cron=1739534628.6173040866851806640625" "WordPress/5.3.18; https://www.allure-spa.com"
51.210.9.241 - - [14/Feb/2025:13:03:48 +0100] "POST /wp-login.php HTTP/1.1" 301 - "https://allure-spa.com/wp-login.php" "Mozilla/5.0 (Windows NT 10.0; Win64; x64) AppleWebKit/537.36 (KHTML, like Gecko) Chrome/130.0.0.0 Safari/537.36"
51.210.9.241 - - [14/Feb/2025:13:03:50 +0100] "GET /wp-login.php HTTP/1.1" 200 11960 "https://allure-spa.com/wp-login.php" "Mozilla/5.0 (Windows NT 10.0; Win64; x64) AppleWebKit/537.36 (KHTML, like Gecko) Chrome/130.0.0.0 Safari/537.36"
184.168.121.8 - - [14/Feb/2025:13:04:11 +0100] "POST /wp-login.php HTTP/1.1" 301 - "https://allure-spa.com/wp-login.php" "Mozilla/5.0 (Windows NT 10.0; Win64; x64) AppleWebKit/537.36 (KHTML, like Gecko) Chrome/130.0.0.0 Safari/537.36"
38.242.139.29 - - [14/Feb/2025:13:04:23 +0100] "GET /wp-login.php HTTP/1.1" 200 11961 "-" "Mozilla/5.0 (Windows NT 10.0; Win64; x64) AppleWebKit/537.36 (KHTML, like Gecko) Chrome/130.0.0.0 Safari/537.36"
109.234.165.82 - - [14/Feb/2025:13:04:24 +0100] "POST /wp-cron.php?doing_wp_cron=1739534664.8837630748748779296875 HTTP/1.1" 200 - "https://www.allure-spa.com/wp-cron.php?doing_wp_cron=1739534664.8837630748748779296875" "WordPress/5.3.18; https://www.allure-spa.com"
38.242.139.29 - - [14/Feb/2025:13:04:24 +0100] "POST /wp-login.php HTTP/1.1" 301 - "https://allure-spa.com/wp-login.php" "Mozilla/5.0 (Windows NT 10.0; Win64; x64) AppleWebKit/537.36 (KHTML, like Gecko) Chrome/130.0.0.0 Safari/537.36"
38.242.139.29 - - [14/Feb/2025:13:04:25 +0100] "GET /wp-login.php HTTP/1.1" 200 11961 "https://allure-spa.com/wp-login.php" "Mozilla/5.0 (Windows NT 10.0; Win64; x64) AppleWebKit/537.36 (KHTML, like Gecko) Chrome/130.0.0.0 Safari/537.36"
147.182.247.48 - - [14/Feb/2025:13:04:30 +0100] "POST /wp-login.php HTTP/1.1" 301 - "https://allure-spa.com/wp-login.php" "Mozilla/5.0 (Windows NT 10.0; Win64; x64) AppleWebKit/537.36 (KHTML, like Gecko) Chrome/130.0.0.0 Safari/537.36"
210.79.190.252 - - [14/Feb/2025:13:04:42 +0100] "GET /wp-login.php HTTP/1.1" 200 11962 "-" "Mozilla/5.0 (Windows NT 10.0; Win64; x64) AppleWebKit/537.36 (KHTML, like Gecko) Chrome/130.0.0.0 Safari/537.36"
210.79.190.252 - - [14/Feb/2025:13:04:47 +0100] "POST /wp-login.php HTTP/1.1" 301 - "https://allure-spa.com/wp-login.php" "Mozilla/5.0 (Windows NT 10.0; Win64; x64) AppleWebKit/537.36 (KHTML, like Gecko) Chrome/130.0.0.0 Safari/537.36"
188.37.92.161 - - [14/Feb/2025:13:04:56 +0100] "POST /wp-login.php HTTP/1.1" 301 - "https://allure-spa.com/wp-login.php" "Mozilla/5.0 (Windows NT 10.0; Win64; x64) AppleWebKit/537.36 (KHTML, like Gecko) Chrome/130.0.0.0 Safari/537.36"
188.37.92.161 - - [14/Feb/2025:13:04:57 +0100] "GET /wp-login.php HTTP/1.1" 200 11961 "https://allure-spa.com/wp-login.php" "Mozilla/5.0 (Windows NT 10.0; Win64; x64) AppleWebKit/537.36 (KHTML, like Gecko) Chrome/130.0.0.0 Safari/537.36"
41.203.18.6 - - [14/Feb/2025:13:05:11 +0100] "POST /wp-login.php HTTP/1.1" 301 - "https://allure-spa.com/wp-login.php" "Mozilla/5.0 (Windows NT 10.0; Win64; x64) AppleWebKit/537.36 (KHTML, like Gecko) Chrome/130.0.0.0 Safari/537.36"
109.234.165.82 - - [14/Feb/2025:13:05:35 +0100] "POST /wp-cron.php?doing_wp_cron=1739534735.8150029182434082031250 HTTP/1.1" 200 - "https://www.allure-spa.com/wp-cron.php?doing_wp_cron=1739534735.8150029182434082031250" "WordPress/5.3.18; https://www.allure-spa.com"
91.136.11.81 - - [14/Feb/2025:13:05:34 +0100] "GET /wp-login.php HTTP/1.1" 200 5724 "-" "Mozilla/5.0 (Windows NT 10.0; Win64; x64) AppleWebKit/537.36 (KHTML, like Gecko) Chrome/130.0.0.0 Safari/537.36"
91.136.11.81 - - [14/Feb/2025:13:05:37 +0100] "POST /wp-login.php HTTP/1.1" 301 - "https://allure-spa.com/wp-login.php" "Mozilla/5.0 (Windows NT 10.0; Win64; x64) AppleWebKit/537.36 (KHTML, like Gecko) Chrome/130.0.0.0 Safari/537.36"
91.136.11.81 - - [14/Feb/2025:13:05:38 +0100] "GET /wp-login.php HTTP/1.1" 200 5726 "https://allure-spa.com/wp-login.php" "Mozilla/5.0 (Windows NT 10.0; Win64; x64) AppleWebKit/537.36 (KHTML, like Gecko) Chrome/130.0.0.0 Safari/537.36"
82.165.84.84 - - [14/Feb/2025:13:05:44 +0100] "GET /wp-login.php HTTP/1.1" 200 5724 "-" "Mozilla/5.0 (Windows NT 10.0; Win64; x64) AppleWebKit/537.36 (KHTML, like Gecko) Chrome/130.0.0.0 Safari/537.36"
82.165.84.84 - - [14/Feb/2025:13:05:46 +0100] "POST /wp-login.php HTTP/1.1" 301 - "https://allure-spa.com/wp-login.php" "Mozilla/5.0 (Windows NT 10.0; Win64; x64) AppleWebKit/537.36 (KHTML, like Gecko) Chrome/130.0.0.0 Safari/537.36"
82.165.84.84 - - [14/Feb/2025:13:05:51 +0100] "GET /wp-login.php HTTP/1.1" 200 5724 "https://allure-spa.com/wp-login.php" "Mozilla/5.0 (Windows NT 10.0; Win64; x64) AppleWebKit/537.36 (KHTML, like Gecko) Chrome/130.0.0.0 Safari/537.36"
64.225.64.65 - - [14/Feb/2025:13:05:52 +0100] "GET /wp-login.php HTTP/1.1" 200 11960 "-" "Mozilla/5.0 (Windows NT 10.0; Win64; x64) AppleWebKit/537.36 (KHTML, like Gecko) Chrome/130.0.0.0 Safari/537.36"
64.225.64.65 - - [14/Feb/2025:13:05:53 +0100] "POST /wp-login.php HTTP/1.1" 301 - "https://allure-spa.com/wp-login.php" "Mozilla/5.0 (Windows NT 10.0; Win64; x64) AppleWebKit/537.36 (KHTML, like Gecko) Chrome/130.0.0.0 Safari/537.36"
64.225.64.65 - - [14/Feb/2025:13:05:54 +0100] "GET /wp-login.php HTTP/1.1" 200 11960 "https://allure-spa.com/wp-login.php" "Mozilla/5.0 (Windows NT 10.0; Win64; x64) AppleWebKit/537.36 (KHTML, like Gecko) Chrome/130.0.0.0 Safari/537.36"
78.46.233.162 - - [14/Feb/2025:13:06:08 +0100] "POST /wp-login.php HTTP/1.1" 301 - "https://allure-spa.com/wp-login.php" "Mozilla/5.0 (Windows NT 10.0; Win64; x64) AppleWebKit/537.36 (KHTML, like Gecko) Chrome/130.0.0.0 Safari/537.36"
109.234.165.82 - - [14/Feb/2025:13:06:14 +0100] "POST /wp-cron.php?doing_wp_cron=1739534774.4198300838470458984375 HTTP/1.1" 200 - "https://www.allure-spa.com/wp-cron.php?doing_wp_cron=1739534774.4198300838470458984375" "WordPress/5.3.18; https://www.allure-spa.com"
185.66.69.19 - - [14/Feb/2025:13:06:13 +0100] "POST /wp-login.php HTTP/1.1" 301 - "https://allure-spa.com/wp-login.php" "Mozilla/5.0 (Windows NT 10.0; Win64; x64) AppleWebKit/537.36 (KHTML, like Gecko) Chrome/130.0.0.0 Safari/537.36"
210.79.190.252 - - [14/Feb/2025:13:06:29 +0100] "GET /wp-login.php HTTP/1.1" 200 11962 "-" "Mozilla/5.0 (Windows NT 10.0; Win64; x64) AppleWebKit/537.36 (KHTML, like Gecko) Chrome/130.0.0.0 Safari/537.36"
210.79.190.252 - - [14/Feb/2025:13:06:31 +0100] "POST /wp-login.php HTTP/1.1" 301 - "https://allure-spa.com/wp-login.php" "Mozilla/5.0 (Windows NT 10.0; Win64; x64) AppleWebKit/537.36 (KHTML, like Gecko) Chrome/130.0.0.0 Safari/537.36"
210.79.190.252 - - [14/Feb/2025:13:06:36 +0100] "GET /wp-login.php HTTP/1.1" 200 11962 "https://allure-spa.com/wp-login.php" "Mozilla/5.0 (Windows NT 10.0; Win64; x64) AppleWebKit/537.36 (KHTML, like Gecko) Chrome/130.0.0.0 Safari/537.36"
3.109.7.131 - - [14/Feb/2025:13:06:40 +0100] "POST /wp-login.php HTTP/1.1" 301 - "https://allure-spa.com/wp-login.php" "Mozilla/5.0 (Windows NT 10.0; Win64; x64) AppleWebKit/537.36 (KHTML, like Gecko) Chrome/130.0.0.0 Safari/537.36"
150.162.233.150 - - [14/Feb/2025:13:07:03 +0100] "GET /wp-login.php HTTP/1.1" 200 11963 "-" "Mozilla/5.0 (Windows NT 10.0; Win64; x64) AppleWebKit/537.36 (KHTML, like Gecko) Chrome/130.0.0.0 Safari/537.36"
109.234.165.82 - - [14/Feb/2025:13:07:10 +0100] "POST /wp-cron.php?doing_wp_cron=1739534830.3629341125488281250000 HTTP/1.1" 200 - "https://www.allure-spa.com/wp-cron.php?doing_wp_cron=1739534830.3629341125488281250000" "WordPress/5.3.18; https://www.allure-spa.com"
150.162.233.150 - - [14/Feb/2025:13:07:09 +0100] "POST /wp-login.php HTTP/1.1" 301 - "https://allure-spa.com/wp-login.php" "Mozilla/5.0 (Windows NT 10.0; Win64; x64) AppleWebKit/537.36 (KHTML, like Gecko) Chrome/130.0.0.0 Safari/537.36"
44.222.230.236 - - [14/Feb/2025:13:07:15 +0100] "GET / HTTP/1.1" 200 179613 "http://www.allure-spa.com/" "Mozilla/5.0 (Windows NT 10.0; Win64; x64) AppleWebKit/537.36 (KHTML, like Gecko) Chrome/74.0.3729.169 Safari/537.36"
150.162.233.150 - - [14/Feb/2025:13:07:22 +0100] "GET /wp-login.php HTTP/1.1" 200 11963 "https://allure-spa.com/wp-login.php" "Mozilla/5.0 (Windows NT 10.0; Win64; x64) AppleWebKit/537.36 (KHTML, like Gecko) Chrome/130.0.0.0 Safari/537.36"
144.126.201.57 - - [14/Feb/2025:13:07:26 +0100] "GET /wp-login.php HTTP/1.1" 200 5724 "-" "Mozilla/5.0 (Windows NT 10.0; Win64; x64) AppleWebKit/537.36 (KHTML, like Gecko) Chrome/130.0.0.0 Safari/537.36"
144.126.201.57 - - [14/Feb/2025:13:07:27 +0100] "POST /wp-login.php HTTP/1.1" 301 - "https://allure-spa.com/wp-login.php" "Mozilla/5.0 (Windows NT 10.0; Win64; x64) AppleWebKit/537.36 (KHTML, like Gecko) Chrome/130.0.0.0 Safari/537.36"
132.148.78.92 - - [14/Feb/2025:13:07:31 +0100] "GET /wp-login.php HTTP/1.1" 200 11961 "-" "Mozilla/5.0 (Windows NT 10.0; Win64; x64) AppleWebKit/537.36 (KHTML, like Gecko) Chrome/130.0.0.0 Safari/537.36"
132.148.78.92 - - [14/Feb/2025:13:07:33 +0100] "POST /wp-login.php HTTP/1.1" 301 - "https://allure-spa.com/wp-login.php" "Mozilla/5.0 (Windows NT 10.0; Win64; x64) AppleWebKit/537.36 (KHTML, like Gecko) Chrome/130.0.0.0 Safari/537.36"
148.135.92.134 - - [14/Feb/2025:13:07:53 +0100] "POST /wp-login.php HTTP/1.1" 301 - "https://allure-spa.com/wp-login.php" "Mozilla/5.0 (Windows NT 10.0; Win64; x64) AppleWebKit/537.36 (KHTML, like Gecko) Chrome/130.0.0.0 Safari/537.36"
148.135.92.134 - - [14/Feb/2025:13:07:55 +0100] "GET /wp-login.php HTTP/1.1" 200 5725 "https://allure-spa.com/wp-login.php" "Mozilla/5.0 (Windows NT 10.0; Win64; x64) AppleWebKit/537.36 (KHTML, like Gecko) Chrome/130.0.0.0 Safari/537.36"
5.188.118.241 - - [14/Feb/2025:13:08:01 +0100] "POST /wp-login.php HTTP/1.1" 301 - "https://allure-spa.com/wp-login.php" "Mozilla/5.0 (Windows NT 10.0; Win64; x64) AppleWebKit/537.36 (KHTML, like Gecko) Chrome/130.0.0.0 Safari/537.36"
5.188.118.241 - - [14/Feb/2025:13:08:02 +0100] "GET /wp-login.php HTTP/1.1" 200 11961 "https://allure-spa.com/wp-login.php" "Mozilla/5.0 (Windows NT 10.0; Win64; x64) AppleWebKit/537.36 (KHTML, like Gecko) Chrome/130.0.0.0 Safari/537.36"
109.234.165.82 - - [14/Feb/2025:13:08:16 +0100] "POST /wp-cron.php?doing_wp_cron=1739534896.3367938995361328125000 HTTP/1.1" 200 - "https://www.allure-spa.com/wp-cron.php?doing_wp_cron=1739534896.3367938995361328125000" "WordPress/5.3.18; https://www.allure-spa.com"
51.79.177.70 - - [14/Feb/2025:13:08:15 +0100] "GET /wp-login.php HTTP/1.1" 200 5724 "-" "Mozilla/5.0 (Windows NT 10.0; Win64; x64) AppleWebKit/537.36 (KHTML, like Gecko) Chrome/130.0.0.0 Safari/537.36"
51.79.177.70 - - [14/Feb/2025:13:08:18 +0100] "POST /wp-login.php HTTP/1.1" 301 - "https://allure-spa.com/wp-login.php" "Mozilla/5.0 (Windows NT 10.0; Win64; x64) AppleWebKit/537.36 (KHTML, like Gecko) Chrome/130.0.0.0 Safari/537.36"
51.79.177.70 - - [14/Feb/2025:13:08:26 +0100] "GET /wp-login.php HTTP/1.1" 200 5725 "https://allure-spa.com/wp-login.php" "Mozilla/5.0 (Windows NT 10.0; Win64; x64) AppleWebKit/537.36 (KHTML, like Gecko) Chrome/130.0.0.0 Safari/537.36"
200.55.198.234 - - [14/Feb/2025:13:08:38 +0100] "GET /wp-login.php HTTP/1.1" 200 5725 "-" "Mozilla/5.0 (Windows NT 10.0; Win64; x64) AppleWebKit/537.36 (KHTML, like Gecko) Chrome/130.0.0.0 Safari/537.36"
200.55.198.234 - - [14/Feb/2025:13:08:41 +0100] "POST /wp-login.php HTTP/1.1" 301 - "https://allure-spa.com/wp-login.php" "Mozilla/5.0 (Windows NT 10.0; Win64; x64) AppleWebKit/537.36 (KHTML, like Gecko) Chrome/130.0.0.0 Safari/537.36"
200.55.198.234 - - [14/Feb/2025:13:08:46 +0100] "GET /wp-login.php HTTP/1.1" 200 5724 "https://allure-spa.com/wp-login.php" "Mozilla/5.0 (Windows NT 10.0; Win64; x64) AppleWebKit/537.36 (KHTML, like Gecko) Chrome/130.0.0.0 Safari/537.36"
165.227.172.117 - - [14/Feb/2025:13:08:51 +0100] "GET /wp-login.php HTTP/1.1" 200 5726 "-" "Mozilla/5.0 (Windows NT 10.0; Win64; x64) AppleWebKit/537.36 (KHTML, like Gecko) Chrome/130.0.0.0 Safari/537.36"
165.227.172.117 - - [14/Feb/2025:13:08:52 +0100] "POST /wp-login.php HTTP/1.1" 301 - "https://allure-spa.com/wp-login.php" "Mozilla/5.0 (Windows NT 10.0; Win64; x64) AppleWebKit/537.36 (KHTML, like Gecko) Chrome/130.0.0.0 Safari/537.36"
165.227.172.117 - - [14/Feb/2025:13:08:54 +0100] "GET /wp-login.php HTTP/1.1" 200 5724 "https://allure-spa.com/wp-login.php" "Mozilla/5.0 (Windows NT 10.0; Win64; x64) AppleWebKit/537.36 (KHTML, like Gecko) Chrome/130.0.0.0 Safari/537.36"
45.124.84.92 - - [14/Feb/2025:13:08:57 +0100] "GET /wp-login.php HTTP/1.1" 200 11960 "-" "Mozilla/5.0 (Windows NT 10.0; Win64; x64) AppleWebKit/537.36 (KHTML, like Gecko) Chrome/130.0.0.0 Safari/537.36"
45.124.84.92 - - [14/Feb/2025:13:08:59 +0100] "POST /wp-login.php HTTP/1.1" 301 - "https://allure-spa.com/wp-login.php" "Mozilla/5.0 (Windows NT 10.0; Win64; x64) AppleWebKit/537.36 (KHTML, like Gecko) Chrome/130.0.0.0 Safari/537.36"
45.124.84.92 - - [14/Feb/2025:13:09:11 +0100] "GET /wp-login.php HTTP/1.1" 200 11960 "https://allure-spa.com/wp-login.php" "Mozilla/5.0 (Windows NT 10.0; Win64; x64) AppleWebKit/537.36 (KHTML, like Gecko) Chrome/130.0.0.0 Safari/537.36"
109.234.165.82 - - [14/Feb/2025:13:09:28 +0100] "POST /wp-cron.php?doing_wp_cron=1739534968.0542230606079101562500 HTTP/1.1" 200 - "https://www.allure-spa.com/wp-cron.php?doing_wp_cron=1739534968.0542230606079101562500" "WordPress/5.3.18; https://www.allure-spa.com"
103.90.232.90 - - [14/Feb/2025:13:09:27 +0100] "POST /wp-login.php HTTP/1.1" 301 - "https://allure-spa.com/wp-login.php" "Mozilla/5.0 (Windows NT 10.0; Win64; x64) AppleWebKit/537.36 (KHTML, like Gecko) Chrome/130.0.0.0 Safari/537.36"
162.43.117.159 - - [14/Feb/2025:13:09:48 +0100] "GET /wp-login.php HTTP/1.1" 200 5724 "-" "Mozilla/5.0 (Windows NT 10.0; Win64; x64) AppleWebKit/537.36 (KHTML, like Gecko) Chrome/130.0.0.0 Safari/537.36"
162.43.117.159 - - [14/Feb/2025:13:09:51 +0100] "POST /wp-login.php HTTP/1.1" 301 - "https://allure-spa.com/wp-login.php" "Mozilla/5.0 (Windows NT 10.0; Win64; x64) AppleWebKit/537.36 (KHTML, like Gecko) Chrome/130.0.0.0 Safari/537.36"
162.43.117.159 - - [14/Feb/2025:13:09:55 +0100] "GET /wp-login.php HTTP/1.1" 200 5724 "https://allure-spa.com/wp-login.php" "Mozilla/5.0 (Windows NT 10.0; Win64; x64) AppleWebKit/537.36 (KHTML, like Gecko) Chrome/130.0.0.0 Safari/537.36"
89.219.32.147 - - [14/Feb/2025:13:10:09 +0100] "GET /wp-login.php HTTP/1.1" 200 5724 "-" "Mozilla/5.0 (Windows NT 10.0; Win64; x64) AppleWebKit/537.36 (KHTML, like Gecko) Chrome/130.0.0.0 Safari/537.36"
109.234.165.82 - - [14/Feb/2025:13:10:15 +0100] "POST /wp-cron.php?doing_wp_cron=1739535015.7656419277191162109375 HTTP/1.1" 200 - "https://www.allure-spa.com/wp-cron.php?doing_wp_cron=1739535015.7656419277191162109375" "WordPress/5.3.18; https://www.allure-spa.com"
89.219.32.147 - - [14/Feb/2025:13:10:15 +0100] "POST /wp-login.php HTTP/1.1" 301 - "https://allure-spa.com/wp-login.php" "Mozilla/5.0 (Windows NT 10.0; Win64; x64) AppleWebKit/537.36 (KHTML, like Gecko) Chrome/130.0.0.0 Safari/537.36"
89.219.32.147 - - [14/Feb/2025:13:10:29 +0100] "GET /wp-login.php HTTP/1.1" 200 5725 "https://allure-spa.com/wp-login.php" "Mozilla/5.0 (Windows NT 10.0; Win64; x64) AppleWebKit/537.36 (KHTML, like Gecko) Chrome/130.0.0.0 Safari/537.36"
103.186.65.131 - - [14/Feb/2025:13:10:41 +0100] "GET /wp-login.php HTTP/1.1" 200 11962 "-" "Mozilla/5.0 (Windows NT 10.0; Win64; x64) AppleWebKit/537.36 (KHTML, like Gecko) Chrome/130.0.0.0 Safari/537.36"
103.186.65.131 - - [14/Feb/2025:13:10:45 +0100] "POST /wp-login.php HTTP/1.1" 301 - "https://allure-spa.com/wp-login.php" "Mozilla/5.0 (Windows NT 10.0; Win64; x64) AppleWebKit/537.36 (KHTML, like Gecko) Chrome/130.0.0.0 Safari/537.36"
103.186.65.131 - - [14/Feb/2025:13:10:54 +0100] "GET /wp-login.php HTTP/1.1" 200 11962 "https://allure-spa.com/wp-login.php" "Mozilla/5.0 (Windows NT 10.0; Win64; x64) AppleWebKit/537.36 (KHTML, like Gecko) Chrome/130.0.0.0 Safari/537.36"
77.94.143.249 - - [14/Feb/2025:13:11:06 +0100] "POST /wp-login.php HTTP/1.1" 301 - "https://allure-spa.com/wp-login.php" "Mozilla/5.0 (Windows NT 10.0; Win64; x64) AppleWebKit/537.36 (KHTML, like Gecko) Chrome/130.0.0.0 Safari/537.36"
92.53.96.142 - - [14/Feb/2025:13:11:21 +0100] "GET /wp-login.php HTTP/1.1" 200 11960 "-" "Mozilla/5.0 (Windows NT 10.0; Win64; x64) AppleWebKit/537.36 (KHTML, like Gecko) Chrome/130.0.0.0 Safari/537.36"
109.234.165.82 - - [14/Feb/2025:13:11:23 +0100] "POST /wp-cron.php?doing_wp_cron=1739535082.9880199432373046875000 HTTP/1.1" 200 - "https://www.allure-spa.com/wp-cron.php?doing_wp_cron=1739535082.9880199432373046875000" "WordPress/5.3.18; https://www.allure-spa.com"
92.53.96.142 - - [14/Feb/2025:13:11:22 +0100] "POST /wp-login.php HTTP/1.1" 301 - "https://allure-spa.com/wp-login.php" "Mozilla/5.0 (Windows NT 10.0; Win64; x64) AppleWebKit/537.36 (KHTML, like Gecko) Chrome/130.0.0.0 Safari/537.36"
92.53.96.142 - - [14/Feb/2025:13:11:25 +0100] "GET /wp-login.php HTTP/1.1" 200 11960 "https://allure-spa.com/wp-login.php" "Mozilla/5.0 (Windows NT 10.0; Win64; x64) AppleWebKit/537.36 (KHTML, like Gecko) Chrome/130.0.0.0 Safari/537.36"
147.182.247.48 - - [14/Feb/2025:13:11:29 +0100] "GET /wp-login.php HTTP/1.1" 200 11962 "-" "Mozilla/5.0 (Windows NT 10.0; Win64; x64) AppleWebKit/537.36 (KHTML, like Gecko) Chrome/130.0.0.0 Safari/537.36"
147.182.247.48 - - [14/Feb/2025:13:11:31 +0100] "POST /wp-login.php HTTP/1.1" 301 - "https://allure-spa.com/wp-login.php" "Mozilla/5.0 (Windows NT 10.0; Win64; x64) AppleWebKit/537.36 (KHTML, like Gecko) Chrome/130.0.0.0 Safari/537.36"
188.165.236.42 - - [14/Feb/2025:13:11:52 +0100] "POST /wp-login.php HTTP/1.1" 301 - "https://allure-spa.com/wp-login.php" "Mozilla/5.0 (Windows NT 10.0; Win64; x64) AppleWebKit/537.36 (KHTML, like Gecko) Chrome/130.0.0.0 Safari/537.36"
188.165.236.42 - - [14/Feb/2025:13:11:58 +0100] "GET /wp-login.php HTTP/1.1" 200 11962 "https://allure-spa.com/wp-login.php" "Mozilla/5.0 (Windows NT 10.0; Win64; x64) AppleWebKit/537.36 (KHTML, like Gecko) Chrome/130.0.0.0 Safari/537.36"
103.120.242.158 - - [14/Feb/2025:13:12:23 +0100] "GET /wp-login.php HTTP/1.1" 200 5724 "-" "Mozilla/5.0 (Windows NT 10.0; Win64; x64) AppleWebKit/537.36 (KHTML, like Gecko) Chrome/130.0.0.0 Safari/537.36"
109.234.165.82 - - [14/Feb/2025:13:12:24 +0100] "POST /wp-cron.php?doing_wp_cron=1739535144.2804388999938964843750 HTTP/1.1" 200 - "https://www.allure-spa.com/wp-cron.php?doing_wp_cron=1739535144.2804388999938964843750" "WordPress/5.3.18; https://www.allure-spa.com"
103.120.242.158 - - [14/Feb/2025:13:12:29 +0100] "POST /wp-login.php HTTP/1.1" 301 - "https://allure-spa.com/wp-login.php" "Mozilla/5.0 (Windows NT 10.0; Win64; x64) AppleWebKit/537.36 (KHTML, like Gecko) Chrome/130.0.0.0 Safari/537.36"
103.120.242.158 - - [14/Feb/2025:13:12:43 +0100] "GET /wp-login.php HTTP/1.1" 200 5724 "https://allure-spa.com/wp-login.php" "Mozilla/5.0 (Windows NT 10.0; Win64; x64) AppleWebKit/537.36 (KHTML, like Gecko) Chrome/130.0.0.0 Safari/537.36"
155.133.142.67 - - [14/Feb/2025:13:12:54 +0100] "GET /wp-login.php HTTP/1.1" 200 11962 "-" "Mozilla/5.0 (Windows NT 10.0; Win64; x64) AppleWebKit/537.36 (KHTML, like Gecko) Chrome/130.0.0.0 Safari/537.36"
155.133.142.67 - - [14/Feb/2025:13:12:55 +0100] "POST /wp-login.php HTTP/1.1" 301 - "https://allure-spa.com/wp-login.php" "Mozilla/5.0 (Windows NT 10.0; Win64; x64) AppleWebKit/537.36 (KHTML, like Gecko) Chrome/130.0.0.0 Safari/537.36"
155.133.142.67 - - [14/Feb/2025:13:12:56 +0100] "GET /wp-login.php HTTP/1.1" 200 11962 "https://allure-spa.com/wp-login.php" "Mozilla/5.0 (Windows NT 10.0; Win64; x64) AppleWebKit/537.36 (KHTML, like Gecko) Chrome/130.0.0.0 Safari/537.36"
137.184.206.114 - - [14/Feb/2025:13:13:00 +0100] "GET /wp-login.php HTTP/1.1" 200 5724 "-" "Mozilla/5.0 (Windows NT 10.0; Win64; x64) AppleWebKit/537.36 (KHTML, like Gecko) Chrome/130.0.0.0 Safari/537.36"
137.184.206.114 - - [14/Feb/2025:13:13:01 +0100] "POST /wp-login.php HTTP/1.1" 301 - "https://allure-spa.com/wp-login.php" "Mozilla/5.0 (Windows NT 10.0; Win64; x64) AppleWebKit/537.36 (KHTML, like Gecko) Chrome/130.0.0.0 Safari/537.36"
89.46.108.242 - - [14/Feb/2025:13:13:04 +0100] "GET /wp-login.php HTTP/1.1" 200 5724 "-" "Mozilla/5.0 (Windows NT 10.0; Win64; x64) AppleWebKit/537.36 (KHTML, like Gecko) Chrome/130.0.0.0 Safari/537.36"
89.46.108.242 - - [14/Feb/2025:13:13:05 +0100] "POST /wp-login.php HTTP/1.1" 301 - "https://allure-spa.com/wp-login.php" "Mozilla/5.0 (Windows NT 10.0; Win64; x64) AppleWebKit/537.36 (KHTML, like Gecko) Chrome/130.0.0.0 Safari/537.36"
91.136.11.81 - - [14/Feb/2025:13:13:10 +0100] "GET /wp-login.php HTTP/1.1" 200 5724 "-" "Mozilla/5.0 (Windows NT 10.0; Win64; x64) AppleWebKit/537.36 (KHTML, like Gecko) Chrome/130.0.0.0 Safari/537.36"
91.136.11.81 - - [14/Feb/2025:13:13:11 +0100] "POST /wp-login.php HTTP/1.1" 301 - "https://allure-spa.com/wp-login.php" "Mozilla/5.0 (Windows NT 10.0; Win64; x64) AppleWebKit/537.36 (KHTML, like Gecko) Chrome/130.0.0.0 Safari/537.36"
