141.94.71.118 - - [14/Feb/2025:13:13:15 +0100] "GET /wp-login.php HTTP/1.1" 200 11961 "-" "Mozilla/5.0 (Windows NT 10.0; Win64; x64) AppleWebKit/537.36 (KHTML, like Gecko) Chrome/130.0.0.0 Safari/537.36"
109.234.165.82 - - [14/Feb/2025:13:13:16 +0100] "POST /wp-cron.php?doing_wp_cron=1739535196.8913040161132812500000 HTTP/1.1" 200 - "https://www.allure-spa.com/wp-cron.php?doing_wp_cron=1739535196.8913040161132812500000" "WordPress/5.3.18; https://www.allure-spa.com"
141.94.71.118 - - [14/Feb/2025:13:13:16 +0100] "POST /wp-login.php HTTP/1.1" 301 - "https://allure-spa.com/wp-login.php" "Mozilla/5.0 (Windows NT 10.0; Win64; x64) AppleWebKit/537.36 (KHTML, like Gecko) Chrome/130.0.0.0 Safari/537.36"
78.46.233.162 - - [14/Feb/2025:13:13:19 +0100] "POST /wp-login.php HTTP/1.1" 301 - "https://allure-spa.com/wp-login.php" "Mozilla/5.0 (Windows NT 10.0; Win64; x64) AppleWebKit/537.36 (KHTML, like Gecko) Chrome/130.0.0.0 Safari/537.36"
185.243.11.87 - - [14/Feb/2025:13:13:30 +0100] "POST /wp-login.php HTTP/1.1" 301 - "https://allure-spa.com/wp-login.php" "Mozilla/5.0 (Windows NT 10.0; Win64; x64) AppleWebKit/537.36 (KHTML, like Gecko) Chrome/130.0.0.0 Safari/537.36"
185.243.11.87 - - [14/Feb/2025:13:13:32 +0100] "GET /wp-login.php HTTP/1.1" 200 11961 "https://allure-spa.com/wp-login.php" "Mozilla/5.0 (Windows NT 10.0; Win64; x64) AppleWebKit/537.36 (KHTML, like Gecko) Chrome/130.0.0.0 Safari/537.36"
139.59.168.227 - - [14/Feb/2025:13:13:40 +0100] "POST /wp-login.php HTTP/1.1" 301 - "https://allure-spa.com/wp-login.php" "Mozilla/5.0 (Windows NT 10.0; Win64; x64) AppleWebKit/537.36 (KHTML, like Gecko) Chrome/130.0.0.0 Safari/537.36"
216.55.146.47 - - [14/Feb/2025:13:13:43 +0100] "POST /wp-login.php HTTP/1.1" 301 - "https://allure-spa.com/wp-login.php" "Mozilla/5.0 (Windows NT 10.0; Win64; x64) AppleWebKit/537.36 (KHTML, like Gecko) Chrome/130.0.0.0 Safari/537.36"
194.67.67.172 - - [14/Feb/2025:13:13:50 +0100] "GET /wp-login.php HTTP/1.1" 200 11961 "-" "Mozilla/5.0 (Windows NT 10.0; Win64; x64) AppleWebKit/537.36 (KHTML, like Gecko) Chrome/130.0.0.0 Safari/537.36"
194.67.67.172 - - [14/Feb/2025:13:13:51 +0100] "POST /wp-login.php HTTP/1.1" 301 - "https://allure-spa.com/wp-login.php" "Mozilla/5.0 (Windows NT 10.0; Win64; x64) AppleWebKit/537.36 (KHTML, like Gecko) Chrome/130.0.0.0 Safari/537.36"
188.240.228.130 - - [14/Feb/2025:13:13:58 +0100] "POST /wp-login.php HTTP/1.1" 301 - "https://allure-spa.com/wp-login.php" "Mozilla/5.0 (Windows NT 10.0; Win64; x64) AppleWebKit/537.36 (KHTML, like Gecko) Chrome/130.0.0.0 Safari/537.36"
213.160.71.106 - - [14/Feb/2025:13:14:02 +0100] "POST /wp-login.php HTTP/1.1" 301 - "https://allure-spa.com/wp-login.php" "Mozilla/5.0 (Windows NT 10.0; Win64; x64) AppleWebKit/537.36 (KHTML, like Gecko) Chrome/130.0.0.0 Safari/537.36"
109.234.165.82 - - [14/Feb/2025:13:14:15 +0100] "POST /wp-cron.php?doing_wp_cron=1739535255.3968079090118408203125 HTTP/1.1" 200 - "https://www.allure-spa.com/wp-cron.php?doing_wp_cron=1739535255.3968079090118408203125" "WordPress/5.3.18; https://www.allure-spa.com"
217.160.250.243 - - [14/Feb/2025:13:14:14 +0100] "POST /wp-login.php HTTP/1.1" 301 - "https://allure-spa.com/wp-login.php" "Mozilla/5.0 (Windows NT 10.0; Win64; x64) AppleWebKit/537.36 (KHTML, like Gecko) Chrome/130.0.0.0 Safari/537.36"
217.160.250.243 - - [14/Feb/2025:13:14:17 +0100] "GET /wp-login.php HTTP/1.1" 200 11963 "https://allure-spa.com/wp-login.php" "Mozilla/5.0 (Windows NT 10.0; Win64; x64) AppleWebKit/537.36 (KHTML, like Gecko) Chrome/130.0.0.0 Safari/537.36"
54.94.210.155 - - [14/Feb/2025:13:14:25 +0100] "GET /wp-login.php HTTP/1.1" 200 11961 "-" "Mozilla/5.0 (Windows NT 10.0; Win64; x64) AppleWebKit/537.36 (KHTML, like Gecko) Chrome/130.0.0.0 Safari/537.36"
54.94.210.155 - - [14/Feb/2025:13:14:29 +0100] "POST /wp-login.php HTTP/1.1" 200 11961 "https://allure-spa.com/wp-login.php" "Mozilla/5.0 (Windows NT 10.0; Win64; x64) AppleWebKit/537.36 (KHTML, like Gecko) Chrome/130.0.0.0 Safari/537.36"
3.111.149.122 - - [14/Feb/2025:13:14:35 +0100] "POST /wp-login.php HTTP/1.1" 301 - "https://allure-spa.com/wp-login.php" "Mozilla/5.0 (Windows NT 10.0; Win64; x64) AppleWebKit/537.36 (KHTML, like Gecko) Chrome/130.0.0.0 Safari/537.36"
3.111.149.122 - - [14/Feb/2025:13:14:37 +0100] "GET /wp-login.php HTTP/1.1" 200 5724 "https://allure-spa.com/wp-login.php" "Mozilla/5.0 (Windows NT 10.0; Win64; x64) AppleWebKit/537.36 (KHTML, like Gecko) Chrome/130.0.0.0 Safari/537.36"
103.186.65.131 - - [14/Feb/2025:13:14:50 +0100] "POST /wp-login.php HTTP/1.1" 301 - "https://allure-spa.com/wp-login.php" "Mozilla/5.0 (Windows NT 10.0; Win64; x64) AppleWebKit/537.36 (KHTML, like Gecko) Chrome/130.0.0.0 Safari/537.36"
103.186.65.131 - - [14/Feb/2025:13:14:58 +0100] "GET /wp-login.php HTTP/1.1" 200 11962 "https://allure-spa.com/wp-login.php" "Mozilla/5.0 (Windows NT 10.0; Win64; x64) AppleWebKit/537.36 (KHTML, like Gecko) Chrome/130.0.0.0 Safari/537.36"
103.42.206.187 - - [14/Feb/2025:13:15:01 +0100] "GET /wp-login.php HTTP/1.1" 200 11962 "-" "Mozilla/5.0 (Windows NT 10.0; Win64; x64) AppleWebKit/537.36 (KHTML, like Gecko) Chrome/130.0.0.0 Safari/537.36"
103.42.206.187 - - [14/Feb/2025:13:15:04 +0100] "POST /wp-login.php HTTP/1.1" 301 - "https://allure-spa.com/wp-login.php" "Mozilla/5.0 (Windows NT 10.0; Win64; x64) AppleWebKit/537.36 (KHTML, like Gecko) Chrome/130.0.0.0 Safari/537.36"
109.234.165.82 - - [14/Feb/2025:13:15:27 +0100] "POST /wp-cron.php?doing_wp_cron=1739535327.1878559589385986328125 HTTP/1.1" 200 - "https://www.allure-spa.com/wp-cron.php?doing_wp_cron=1739535327.1878559589385986328125" "WordPress/5.3.18; https://www.allure-spa.com"
130.185.79.109 - - [14/Feb/2025:13:15:26 +0100] "GET /wp-login.php HTTP/1.1" 200 5724 "-" "Mozilla/5.0 (Windows NT 10.0; Win64; x64) AppleWebKit/537.36 (KHTML, like Gecko) Chrome/130.0.0.0 Safari/537.36"
130.185.79.109 - - [14/Feb/2025:13:15:28 +0100] "POST /wp-login.php HTTP/1.1" 301 - "https://allure-spa.com/wp-login.php" "Mozilla/5.0 (Windows NT 10.0; Win64; x64) AppleWebKit/537.36 (KHTML, like Gecko) Chrome/130.0.0.0 Safari/537.36"
130.185.79.109 - - [14/Feb/2025:13:15:30 +0100] "GET /wp-login.php HTTP/1.1" 200 5724 "https://allure-spa.com/wp-login.php" "Mozilla/5.0 (Windows NT 10.0; Win64; x64) AppleWebKit/537.36 (KHTML, like Gecko) Chrome/130.0.0.0 Safari/537.36"
107.170.224.186 - - [14/Feb/2025:13:15:42 +0100] "GET /wp-login.php HTTP/1.1" 200 11963 "-" "Mozilla/5.0 (Windows NT 10.0; Win64; x64) AppleWebKit/537.36 (KHTML, like Gecko) Chrome/130.0.0.0 Safari/537.36"
107.170.224.186 - - [14/Feb/2025:13:15:45 +0100] "POST /wp-login.php HTTP/1.1" 301 - "https://allure-spa.com/wp-login.php" "Mozilla/5.0 (Windows NT 10.0; Win64; x64) AppleWebKit/537.36 (KHTML, like Gecko) Chrome/130.0.0.0 Safari/537.36"
107.170.224.186 - - [14/Feb/2025:13:15:48 +0100] "GET /wp-login.php HTTP/1.1" 200 11963 "https://allure-spa.com/wp-login.php" "Mozilla/5.0 (Windows NT 10.0; Win64; x64) AppleWebKit/537.36 (KHTML, like Gecko) Chrome/130.0.0.0 Safari/537.36"
5.189.133.114 - - [14/Feb/2025:13:15:57 +0100] "POST /wp-login.php HTTP/1.1" 301 - "https://allure-spa.com/wp-login.php" "Mozilla/5.0 (Windows NT 10.0; Win64; x64) AppleWebKit/537.36 (KHTML, like Gecko) Chrome/130.0.0.0 Safari/537.36"
185.66.69.19 - - [14/Feb/2025:13:16:06 +0100] "POST /wp-login.php HTTP/1.1" 301 - "https://allure-spa.com/wp-login.php" "Mozilla/5.0 (Windows NT 10.0; Win64; x64) AppleWebKit/537.36 (KHTML, like Gecko) Chrome/130.0.0.0 Safari/537.36"
45.181.156.103 - - [14/Feb/2025:13:16:17 +0100] "GET /wp-login.php HTTP/1.1" 200 11962 "-" "Mozilla/5.0 (Windows NT 10.0; Win64; x64) AppleWebKit/537.36 (KHTML, like Gecko) Chrome/130.0.0.0 Safari/537.36"
109.234.165.82 - - [14/Feb/2025:13:16:20 +0100] "POST /wp-cron.php?doing_wp_cron=1739535380.3404879570007324218750 HTTP/1.1" 200 - "https://www.allure-spa.com/wp-cron.php?doing_wp_cron=1739535380.3404879570007324218750" "WordPress/5.3.18; https://www.allure-spa.com"
45.181.156.103 - - [14/Feb/2025:13:16:19 +0100] "POST /wp-login.php HTTP/1.1" 301 - "https://allure-spa.com/wp-login.php" "Mozilla/5.0 (Windows NT 10.0; Win64; x64) AppleWebKit/537.36 (KHTML, like Gecko) Chrome/130.0.0.0 Safari/537.36"
45.181.156.103 - - [14/Feb/2025:13:16:30 +0100] "GET /wp-login.php HTTP/1.1" 200 11962 "https://allure-spa.com/wp-login.php" "Mozilla/5.0 (Windows NT 10.0; Win64; x64) AppleWebKit/537.36 (KHTML, like Gecko) Chrome/130.0.0.0 Safari/537.36"
188.40.28.140 - - [14/Feb/2025:13:16:37 +0100] "GET /wp-login.php HTTP/1.1" 200 11961 "-" "Mozilla/5.0 (Windows NT 10.0; Win64; x64) AppleWebKit/537.36 (KHTML, like Gecko) Chrome/130.0.0.0 Safari/537.36"
188.40.28.140 - - [14/Feb/2025:13:16:38 +0100] "POST /wp-login.php HTTP/1.1" 200 11961 "https://allure-spa.com/wp-login.php" "Mozilla/5.0 (Windows NT 10.0; Win64; x64) AppleWebKit/537.36 (KHTML, like Gecko) Chrome/130.0.0.0 Safari/537.36"
103.28.36.224 - - [14/Feb/2025:13:16:47 +0100] "POST /wp-login.php HTTP/1.1" 301 - "https://allure-spa.com/wp-login.php" "Mozilla/5.0 (Windows NT 10.0; Win64; x64) AppleWebKit/537.36 (KHTML, like Gecko) Chrome/130.0.0.0 Safari/537.36"
141.94.71.118 - - [14/Feb/2025:13:16:54 +0100] "POST /wp-login.php HTTP/1.1" 301 - "https://allure-spa.com/wp-login.php" "Mozilla/5.0 (Windows NT 10.0; Win64; x64) AppleWebKit/537.36 (KHTML, like Gecko) Chrome/130.0.0.0 Safari/537.36"
109.234.165.82 - - [14/Feb/2025:13:17:05 +0100] "POST /wp-cron.php?doing_wp_cron=1739535425.6959280967712402343750 HTTP/1.1" 200 - "https://www.allure-spa.com/wp-cron.php?doing_wp_cron=1739535425.6959280967712402343750" "WordPress/5.3.18; https://www.allure-spa.com"
155.133.142.67 - - [14/Feb/2025:13:17:05 +0100] "POST /wp-login.php HTTP/1.1" 301 - "https://allure-spa.com/wp-login.php" "Mozilla/5.0 (Windows NT 10.0; Win64; x64) AppleWebKit/537.36 (KHTML, like Gecko) Chrome/130.0.0.0 Safari/537.36"
155.133.142.67 - - [14/Feb/2025:13:17:08 +0100] "GET /wp-login.php HTTP/1.1" 200 11962 "https://allure-spa.com/wp-login.php" "Mozilla/5.0 (Windows NT 10.0; Win64; x64) AppleWebKit/537.36 (KHTML, like Gecko) Chrome/130.0.0.0 Safari/537.36"
52.32.82.97 - - [14/Feb/2025:13:17:12 +0100] "GET /wp-login.php HTTP/1.1" 200 11959 "-" "Mozilla/5.0 (Windows NT 10.0; Win64; x64) AppleWebKit/537.36 (KHTML, like Gecko) Chrome/130.0.0.0 Safari/537.36"
52.32.82.97 - - [14/Feb/2025:13:17:15 +0100] "POST /wp-login.php HTTP/1.1" 200 11959 "https://allure-spa.com/wp-login.php" "Mozilla/5.0 (Windows NT 10.0; Win64; x64) AppleWebKit/537.36 (KHTML, like Gecko) Chrome/130.0.0.0 Safari/537.36"
109.234.165.82 - - [14/Feb/2025:13:17:19 +0100] "POST /wp-cron.php?doing_wp_cron=1739535439.4679329395294189453125 HTTP/1.1" 200 - "https://www.allure-spa.com/wp-cron.php?doing_wp_cron=1739535439.4679329395294189453125" "WordPress/5.3.18; https://www.allure-spa.com"
147.182.247.48 - - [14/Feb/2025:13:17:18 +0100] "POST /wp-login.php HTTP/1.1" 301 - "https://allure-spa.com/wp-login.php" "Mozilla/5.0 (Windows NT 10.0; Win64; x64) AppleWebKit/537.36 (KHTML, like Gecko) Chrome/130.0.0.0 Safari/537.36"
210.79.190.252 - - [14/Feb/2025:13:17:32 +0100] "POST /wp-login.php HTTP/1.1" 301 - "https://allure-spa.com/wp-login.php" "Mozilla/5.0 (Windows NT 10.0; Win64; x64) AppleWebKit/537.36 (KHTML, like Gecko) Chrome/130.0.0.0 Safari/537.36"
210.79.190.252 - - [14/Feb/2025:13:17:39 +0100] "GET /wp-login.php HTTP/1.1" 200 11962 "https://allure-spa.com/wp-login.php" "Mozilla/5.0 (Windows NT 10.0; Win64; x64) AppleWebKit/537.36 (KHTML, like Gecko) Chrome/130.0.0.0 Safari/537.36"
103.231.231.118 - - [14/Feb/2025:13:18:00 +0100] "GET /wp-login.php HTTP/1.1" 200 11963 "-" "Mozilla/5.0 (Windows NT 10.0; Win64; x64) AppleWebKit/537.36 (KHTML, like Gecko) Chrome/130.0.0.0 Safari/537.36"
103.231.231.118 - - [14/Feb/2025:13:18:07 +0100] "POST /wp-login.php HTTP/1.1" 301 - "https://allure-spa.com/wp-login.php" "Mozilla/5.0 (Windows NT 10.0; Win64; x64) AppleWebKit/537.36 (KHTML, like Gecko) Chrome/130.0.0.0 Safari/537.36"
103.231.231.118 - - [14/Feb/2025:13:18:14 +0100] "GET /wp-login.php HTTP/1.1" 200 11963 "https://allure-spa.com/wp-login.php" "Mozilla/5.0 (Windows NT 10.0; Win64; x64) AppleWebKit/537.36 (KHTML, like Gecko) Chrome/130.0.0.0 Safari/537.36"
148.251.76.226 - - [14/Feb/2025:13:18:14 +0100] "GET / HTTP/1.1" 200 179623 "https://www.google.it" "Mozilla/5.0 (Windows NT 10.0; Win64; x64) AppleWebKit/537.36 (KHTML, like Gecko) Chrome/116.0.5845.96 Safari/537.36"
148.251.76.226 - - [14/Feb/2025:13:18:16 +0100] "GET /index.php?rest_route=/wp/v2/users HTTP/1.1" 200 1029 "https://www.allure-spa.com" "Mozilla/5.0 (Windows NT 10.0; Win64; x64) AppleWebKit/537.36 (KHTML, like Gecko) Chrome/113.0.5672.126 Safari/537.36 Edg/113.0.1774.50"
201.148.107.79 - - [14/Feb/2025:13:18:25 +0100] "GET /wp-login.php HTTP/1.1" 200 11962 "-" "Mozilla/5.0 (Windows NT 10.0; Win64; x64) AppleWebKit/537.36 (KHTML, like Gecko) Chrome/130.0.0.0 Safari/537.36"
201.148.107.79 - - [14/Feb/2025:13:18:29 +0100] "POST /wp-login.php HTTP/1.1" 301 - "https://allure-spa.com/wp-login.php" "Mozilla/5.0 (Windows NT 10.0; Win64; x64) AppleWebKit/537.36 (KHTML, like Gecko) Chrome/130.0.0.0 Safari/537.36"
92.205.195.12 - - [14/Feb/2025:13:18:45 +0100] "POST /wp-login.php HTTP/1.1" 301 - "https://allure-spa.com/wp-login.php" "Mozilla/5.0 (Windows NT 10.0; Win64; x64) AppleWebKit/537.36 (KHTML, like Gecko) Chrome/130.0.0.0 Safari/537.36"
92.205.195.12 - - [14/Feb/2025:13:18:46 +0100] "GET /wp-login.php HTTP/1.1" 200 11961 "https://allure-spa.com/wp-login.php" "Mozilla/5.0 (Windows NT 10.0; Win64; x64) AppleWebKit/537.36 (KHTML, like Gecko) Chrome/130.0.0.0 Safari/537.36"
65.21.119.226 - - [14/Feb/2025:13:18:50 +0100] "POST /wp-login.php HTTP/1.1" 301 - "https://allure-spa.com/wp-login.php" "Mozilla/5.0 (Windows NT 10.0; Win64; x64) AppleWebKit/537.36 (KHTML, like Gecko) Chrome/130.0.0.0 Safari/537.36"
5.189.169.121 - - [14/Feb/2025:13:18:54 +0100] "POST /wp-login.php HTTP/1.1" 301 - "https://allure-spa.com/wp-login.php" "Mozilla/5.0 (Windows NT 10.0; Win64; x64) AppleWebKit/537.36 (KHTML, like Gecko) Chrome/130.0.0.0 Safari/537.36"
212.57.136.14 - - [14/Feb/2025:13:19:13 +0100] "GET /wp-login.php HTTP/1.1" 200 11961 "-" "Mozilla/5.0 (Windows NT 10.0; Win64; x64) AppleWebKit/537.36 (KHTML, like Gecko) Chrome/130.0.0.0 Safari/537.36"
212.57.136.14 - - [14/Feb/2025:13:19:14 +0100] "POST /wp-login.php HTTP/1.1" 301 - "https://allure-spa.com/wp-login.php" "Mozilla/5.0 (Windows NT 10.0; Win64; x64) AppleWebKit/537.36 (KHTML, like Gecko) Chrome/130.0.0.0 Safari/537.36"
109.234.165.82 - - [14/Feb/2025:13:19:15 +0100] "POST /wp-cron.php?doing_wp_cron=1739535555.0121579170227050781250 HTTP/1.1" 200 - "https://www.allure-spa.com/wp-cron.php?doing_wp_cron=1739535555.0121579170227050781250" "WordPress/5.3.18; https://www.allure-spa.com"
85.128.143.20 - - [14/Feb/2025:13:19:25 +0100] "POST /wp-login.php HTTP/1.1" 301 - "https://allure-spa.com/wp-login.php" "Mozilla/5.0 (Windows NT 10.0; Win64; x64) AppleWebKit/537.36 (KHTML, like Gecko) Chrome/130.0.0.0 Safari/537.36"
85.128.143.20 - - [14/Feb/2025:13:19:31 +0100] "GET /wp-login.php HTTP/1.1" 200 5724 "https://allure-spa.com/wp-login.php" "Mozilla/5.0 (Windows NT 10.0; Win64; x64) AppleWebKit/537.36 (KHTML, like Gecko) Chrome/130.0.0.0 Safari/537.36"
85.128.143.20 - - [14/Feb/2025:13:19:48 +0100] "GET /wp-login.php HTTP/1.1" 200 5724 "-" "Mozilla/5.0 (Windows NT 10.0; Win64; x64) AppleWebKit/537.36 (KHTML, like Gecko) Chrome/130.0.0.0 Safari/537.36"
85.128.143.20 - - [14/Feb/2025:13:19:52 +0100] "POST /wp-login.php HTTP/1.1" 301 - "https://allure-spa.com/wp-login.php" "Mozilla/5.0 (Windows NT 10.0; Win64; x64) AppleWebKit/537.36 (KHTML, like Gecko) Chrome/130.0.0.0 Safari/537.36"
85.128.143.20 - - [14/Feb/2025:13:19:57 +0100] "GET /wp-login.php HTTP/1.1" 200 5724 "https://allure-spa.com/wp-login.php" "Mozilla/5.0 (Windows NT 10.0; Win64; x64) AppleWebKit/537.36 (KHTML, like Gecko) Chrome/130.0.0.0 Safari/537.36"
4.153.102.31 - - [14/Feb/2025:13:20:05 +0100] "GET /wp-login.php HTTP/1.1" 200 11960 "-" "Mozilla/5.0 (Windows NT 10.0; Win64; x64) AppleWebKit/537.36 (KHTML, like Gecko) Chrome/130.0.0.0 Safari/537.36"
4.153.102.31 - - [14/Feb/2025:13:20:06 +0100] "POST /wp-login.php HTTP/1.1" 301 - "https://allure-spa.com/wp-login.php" "Mozilla/5.0 (Windows NT 10.0; Win64; x64) AppleWebKit/537.36 (KHTML, like Gecko) Chrome/130.0.0.0 Safari/537.36"
4.153.103.184 - - [14/Feb/2025:13:20:08 +0100] "GET /wp-login.php HTTP/1.1" 200 11961 "https://allure-spa.com/wp-login.php" "Mozilla/5.0 (Windows NT 10.0; Win64; x64) AppleWebKit/537.36 (KHTML, like Gecko) Chrome/130.0.0.0 Safari/537.36"
109.234.165.82 - - [14/Feb/2025:13:20:13 +0100] "POST /wp-cron.php?doing_wp_cron=1739535613.3144719600677490234375 HTTP/1.1" 200 - "https://www.allure-spa.com/wp-cron.php?doing_wp_cron=1739535613.3144719600677490234375" "WordPress/5.3.18; https://www.allure-spa.com"
154.0.170.193 - - [14/Feb/2025:13:20:12 +0100] "POST /wp-login.php HTTP/1.1" 301 - "https://allure-spa.com/wp-login.php" "Mozilla/5.0 (Windows NT 10.0; Win64; x64) AppleWebKit/537.36 (KHTML, like Gecko) Chrome/130.0.0.0 Safari/537.36"
194.67.67.172 - - [14/Feb/2025:13:20:22 +0100] "POST /wp-login.php HTTP/1.1" 301 - "https://allure-spa.com/wp-login.php" "Mozilla/5.0 (Windows NT 10.0; Win64; x64) AppleWebKit/537.36 (KHTML, like Gecko) Chrome/130.0.0.0 Safari/537.36"
60.43.234.31 - - [14/Feb/2025:13:20:31 +0100] "POST /wp-login.php HTTP/1.1" 301 - "https://allure-spa.com/wp-login.php" "Mozilla/5.0 (Windows NT 10.0; Win64; x64) AppleWebKit/537.36 (KHTML, like Gecko) Chrome/130.0.0.0 Safari/537.36"
104.248.231.55 - - [14/Feb/2025:13:20:47 +0100] "GET /wp-login.php HTTP/1.1" 200 11962 "-" "Mozilla/5.0 (Windows NT 10.0; Win64; x64) AppleWebKit/537.36 (KHTML, like Gecko) Chrome/130.0.0.0 Safari/537.36"
104.248.231.55 - - [14/Feb/2025:13:20:50 +0100] "POST /wp-login.php HTTP/1.1" 301 - "https://allure-spa.com/wp-login.php" "Mozilla/5.0 (Windows NT 10.0; Win64; x64) AppleWebKit/537.36 (KHTML, like Gecko) Chrome/130.0.0.0 Safari/537.36"
104.248.231.55 - - [14/Feb/2025:13:20:54 +0100] "GET /wp-login.php HTTP/1.1" 200 11962 "https://allure-spa.com/wp-login.php" "Mozilla/5.0 (Windows NT 10.0; Win64; x64) AppleWebKit/537.36 (KHTML, like Gecko) Chrome/130.0.0.0 Safari/537.36"
188.37.92.161 - - [14/Feb/2025:13:20:58 +0100] "POST /wp-login.php HTTP/1.1" 301 - "https://allure-spa.com/wp-login.php" "Mozilla/5.0 (Windows NT 10.0; Win64; x64) AppleWebKit/537.36 (KHTML, like Gecko) Chrome/130.0.0.0 Safari/537.36"
51.79.255.213 - - [14/Feb/2025:13:21:10 +0100] "POST /wp-login.php HTTP/1.1" 301 - "https://allure-spa.com/wp-login.php" "Mozilla/5.0 (Windows NT 10.0; Win64; x64) AppleWebKit/537.36 (KHTML, like Gecko) Chrome/130.0.0.0 Safari/537.36"
185.243.11.87 - - [14/Feb/2025:13:21:34 +0100] "GET /wp-login.php HTTP/1.1" 200 11961 "-" "Mozilla/5.0 (Windows NT 10.0; Win64; x64) AppleWebKit/537.36 (KHTML, like Gecko) Chrome/130.0.0.0 Safari/537.36"
109.234.165.82 - - [14/Feb/2025:13:21:36 +0100] "POST /wp-cron.php?doing_wp_cron=1739535696.5748031139373779296875 HTTP/1.1" 200 - "https://www.allure-spa.com/wp-cron.php?doing_wp_cron=1739535696.5748031139373779296875" "WordPress/5.3.18; https://www.allure-spa.com"
185.243.11.87 - - [14/Feb/2025:13:21:35 +0100] "POST /wp-login.php HTTP/1.1" 301 - "https://allure-spa.com/wp-login.php" "Mozilla/5.0 (Windows NT 10.0; Win64; x64) AppleWebKit/537.36 (KHTML, like Gecko) Chrome/130.0.0.0 Safari/537.36"
185.243.11.87 - - [14/Feb/2025:13:21:38 +0100] "GET /wp-login.php HTTP/1.1" 200 11961 "https://allure-spa.com/wp-login.php" "Mozilla/5.0 (Windows NT 10.0; Win64; x64) AppleWebKit/537.36 (KHTML, like Gecko) Chrome/130.0.0.0 Safari/537.36"
103.28.36.224 - - [14/Feb/2025:13:21:46 +0100] "POST /wp-login.php HTTP/1.1" 301 - "https://allure-spa.com/wp-login.php" "Mozilla/5.0 (Windows NT 10.0; Win64; x64) AppleWebKit/537.36 (KHTML, like Gecko) Chrome/130.0.0.0 Safari/537.36"
109.234.165.82 - - [14/Feb/2025:13:22:04 +0100] "POST /wp-cron.php?doing_wp_cron=1739535724.4329209327697753906250 HTTP/1.1" 200 - "https://www.allure-spa.com/wp-cron.php?doing_wp_cron=1739535724.4329209327697753906250" "WordPress/5.3.18; https://www.allure-spa.com"
45.124.84.92 - - [14/Feb/2025:13:22:03 +0100] "POST /wp-login.php HTTP/1.1" 301 - "https://allure-spa.com/wp-login.php" "Mozilla/5.0 (Windows NT 10.0; Win64; x64) AppleWebKit/537.36 (KHTML, like Gecko) Chrome/130.0.0.0 Safari/537.36"
45.124.84.92 - - [14/Feb/2025:13:22:15 +0100] "GET /wp-login.php HTTP/1.1" 200 11960 "https://allure-spa.com/wp-login.php" "Mozilla/5.0 (Windows NT 10.0; Win64; x64) AppleWebKit/537.36 (KHTML, like Gecko) Chrome/130.0.0.0 Safari/537.36"
144.6.170.105 - - [14/Feb/2025:13:22:44 +0100] "GET /wp-login.php HTTP/1.1" 200 11961 "-" "Mozilla/5.0 (Windows NT 10.0; Win64; x64) AppleWebKit/537.36 (KHTML, like Gecko) Chrome/130.0.0.0 Safari/537.36"
193.111.63.190 - - [14/Feb/2025:13:23:12 +0100] "GET /wp-login.php HTTP/1.1" 200 11962 "-" "Mozilla/5.0 (Windows NT 10.0; Win64; x64) AppleWebKit/537.36 (KHTML, like Gecko) Chrome/130.0.0.0 Safari/537.36"
109.234.165.82 - - [14/Feb/2025:13:23:14 +0100] "POST /wp-cron.php?doing_wp_cron=1739535794.1243820190429687500000 HTTP/1.1" 200 - "https://www.allure-spa.com/wp-cron.php?doing_wp_cron=1739535794.1243820190429687500000" "WordPress/5.3.18; https://www.allure-spa.com"
193.111.63.190 - - [14/Feb/2025:13:23:13 +0100] "POST /wp-login.php HTTP/1.1" 301 - "https://allure-spa.com/wp-login.php" "Mozilla/5.0 (Windows NT 10.0; Win64; x64) AppleWebKit/537.36 (KHTML, like Gecko) Chrome/130.0.0.0 Safari/537.36"
193.111.63.190 - - [14/Feb/2025:13:23:19 +0100] "GET /wp-login.php HTTP/1.1" 200 11962 "https://allure-spa.com/wp-login.php" "Mozilla/5.0 (Windows NT 10.0; Win64; x64) AppleWebKit/537.36 (KHTML, like Gecko) Chrome/130.0.0.0 Safari/537.36"
66.179.211.181 - - [14/Feb/2025:13:23:24 +0100] "POST /wp-login.php HTTP/1.1" 301 - "https://allure-spa.com/wp-login.php" "Mozilla/5.0 (Windows NT 10.0; Win64; x64) AppleWebKit/537.36 (KHTML, like Gecko) Chrome/130.0.0.0 Safari/537.36"
154.56.135.104 - - [14/Feb/2025:13:23:43 +0100] "POST /wp-login.php HTTP/1.1" 301 - "https://allure-spa.com/wp-login.php" "Mozilla/5.0 (Windows NT 10.0; Win64; x64) AppleWebKit/537.36 (KHTML, like Gecko) Chrome/130.0.0.0 Safari/537.36"
103.4.67.18 - - [14/Feb/2025:13:24:08 +0100] "GET /wp-login.php HTTP/1.1" 200 11959 "-" "Mozilla/5.0 (Windows NT 10.0; Win64; x64) AppleWebKit/537.36 (KHTML, like Gecko) Chrome/130.0.0.0 Safari/537.36"
103.4.67.18 - - [14/Feb/2025:13:24:14 +0100] "POST /wp-login.php HTTP/1.1" 301 - "https://allure-spa.com/wp-login.php" "Mozilla/5.0 (Windows NT 10.0; Win64; x64) AppleWebKit/537.36 (KHTML, like Gecko) Chrome/130.0.0.0 Safari/537.36"
109.234.165.82 - - [14/Feb/2025:13:24:15 +0100] "POST /wp-cron.php?doing_wp_cron=1739535855.4456460475921630859375 HTTP/1.1" 200 - "https://www.allure-spa.com/wp-cron.php?doing_wp_cron=1739535855.4456460475921630859375" "WordPress/5.3.18; https://www.allure-spa.com"
103.4.67.18 - - [14/Feb/2025:13:24:35 +0100] "GET /wp-login.php HTTP/1.1" 200 11959 "https://allure-spa.com/wp-login.php" "Mozilla/5.0 (Windows NT 10.0; Win64; x64) AppleWebKit/537.36 (KHTML, like Gecko) Chrome/130.0.0.0 Safari/537.36"
91.217.242.111 - - [14/Feb/2025:13:24:48 +0100] "GET /wp-login.php HTTP/1.1" 200 5724 "-" "Mozilla/5.0 (Windows NT 10.0; Win64; x64) AppleWebKit/537.36 (KHTML, like Gecko) Chrome/130.0.0.0 Safari/537.36"
91.217.242.111 - - [14/Feb/2025:13:24:53 +0100] "POST /wp-login.php HTTP/1.1" 301 - "https://allure-spa.com/wp-login.php" "Mozilla/5.0 (Windows NT 10.0; Win64; x64) AppleWebKit/537.36 (KHTML, like Gecko) Chrome/130.0.0.0 Safari/537.36"
91.217.242.111 - - [14/Feb/2025:13:25:08 +0100] "GET /wp-login.php HTTP/1.1" 200 5724 "https://allure-spa.com/wp-login.php" "Mozilla/5.0 (Windows NT 10.0; Win64; x64) AppleWebKit/537.36 (KHTML, like Gecko) Chrome/130.0.0.0 Safari/537.36"
92.205.195.12 - - [14/Feb/2025:13:25:15 +0100] "GET /wp-login.php HTTP/1.1" 200 11961 "-" "Mozilla/5.0 (Windows NT 10.0; Win64; x64) AppleWebKit/537.36 (KHTML, like Gecko) Chrome/130.0.0.0 Safari/537.36"
109.234.165.82 - - [14/Feb/2025:13:25:17 +0100] "POST /wp-cron.php?doing_wp_cron=1739535917.3853349685668945312500 HTTP/1.1" 200 - "https://www.allure-spa.com/wp-cron.php?doing_wp_cron=1739535917.3853349685668945312500" "WordPress/5.3.18; https://www.allure-spa.com"
92.205.195.12 - - [14/Feb/2025:13:25:16 +0100] "POST /wp-login.php HTTP/1.1" 301 - "https://allure-spa.com/wp-login.php" "Mozilla/5.0 (Windows NT 10.0; Win64; x64) AppleWebKit/537.36 (KHTML, like Gecko) Chrome/130.0.0.0 Safari/537.36"
92.205.195.12 - - [14/Feb/2025:13:25:20 +0100] "GET /wp-login.php HTTP/1.1" 200 11961 "https://allure-spa.com/wp-login.php" "Mozilla/5.0 (Windows NT 10.0; Win64; x64) AppleWebKit/537.36 (KHTML, like Gecko) Chrome/130.0.0.0 Safari/537.36"
216.55.146.50 - - [14/Feb/2025:13:25:26 +0100] "POST /wp-login.php HTTP/1.1" 301 - "https://allure-spa.com/wp-login.php" "Mozilla/5.0 (Windows NT 10.0; Win64; x64) AppleWebKit/537.36 (KHTML, like Gecko) Chrome/130.0.0.0 Safari/537.36"
104.28.249.117 - - [14/Feb/2025:13:25:46 +0100] "POST /?wc-ajax=get_refreshed_fragments HTTP/1.1" 200 271 "https://www.allure-spa.com/nos-services/massotherapie/" "Mozilla/5.0 (iPhone; CPU iPhone OS 17_7_1 like Mac OS X) AppleWebKit/605.1.15 (KHTML, like Gecko) Version/17.8 Mobile/15E148 Safari/604.1"
104.28.249.117 - - [14/Feb/2025:13:25:46 +0100] "POST /wp-admin/admin-ajax.php HTTP/1.1" 200 237 "https://www.allure-spa.com/nos-services/massotherapie/" "Mozilla/5.0 (iPhone; CPU iPhone OS 17_7_1 like Mac OS X) AppleWebKit/605.1.15 (KHTML, like Gecko) Version/17.8 Mobile/15E148 Safari/604.1"
188.166.228.183 - - [14/Feb/2025:13:25:57 +0100] "GET /wp-login.php HTTP/1.1" 200 11963 "-" "Mozilla/5.0 (Windows NT 10.0; Win64; x64) AppleWebKit/537.36 (KHTML, like Gecko) Chrome/130.0.0.0 Safari/537.36"
188.166.228.183 - - [14/Feb/2025:13:26:02 +0100] "POST /wp-login.php HTTP/1.1" 301 - "https://allure-spa.com/wp-login.php" "Mozilla/5.0 (Windows NT 10.0; Win64; x64) AppleWebKit/537.36 (KHTML, like Gecko) Chrome/130.0.0.0 Safari/537.36"
188.166.228.183 - - [14/Feb/2025:13:26:10 +0100] "GET /wp-login.php HTTP/1.1" 200 11963 "https://allure-spa.com/wp-login.php" "Mozilla/5.0 (Windows NT 10.0; Win64; x64) AppleWebKit/537.36 (KHTML, like Gecko) Chrome/130.0.0.0 Safari/537.36"
109.234.165.82 - - [14/Feb/2025:13:26:15 +0100] "POST /wp-cron.php?doing_wp_cron=1739535975.3104081153869628906250 HTTP/1.1" 200 - "https://www.allure-spa.com/wp-cron.php?doing_wp_cron=1739535975.3104081153869628906250" "WordPress/5.3.18; https://www.allure-spa.com"
216.55.146.74 - - [14/Feb/2025:13:26:14 +0100] "POST /wp-login.php HTTP/1.1" 301 - "https://allure-spa.com/wp-login.php" "Mozilla/5.0 (Windows NT 10.0; Win64; x64) AppleWebKit/537.36 (KHTML, like Gecko) Chrome/130.0.0.0 Safari/537.36"
216.55.146.74 - - [14/Feb/2025:13:26:17 +0100] "GET /wp-login.php HTTP/1.1" 200 5724 "https://allure-spa.com/wp-login.php" "Mozilla/5.0 (Windows NT 10.0; Win64; x64) AppleWebKit/537.36 (KHTML, like Gecko) Chrome/130.0.0.0 Safari/537.36"
118.179.85.164 - - [14/Feb/2025:13:26:33 +0100] "GET /wp-login.php HTTP/1.1" 200 5724 "-" "Mozilla/5.0 (Windows NT 10.0; Win64; x64) AppleWebKit/537.36 (KHTML, like Gecko) Chrome/130.0.0.0 Safari/537.36"
91.136.11.82 - - [14/Feb/2025:13:26:42 +0100] "GET /wp-login.php HTTP/1.1" 200 5724 "-" "Mozilla/5.0 (Windows NT 10.0; Win64; x64) AppleWebKit/537.36 (KHTML, like Gecko) Chrome/130.0.0.0 Safari/537.36"
91.136.11.82 - - [14/Feb/2025:13:26:44 +0100] "POST /wp-login.php HTTP/1.1" 301 - "https://allure-spa.com/wp-login.php" "Mozilla/5.0 (Windows NT 10.0; Win64; x64) AppleWebKit/537.36 (KHTML, like Gecko) Chrome/130.0.0.0 Safari/537.36"
103.42.206.187 - - [14/Feb/2025:13:26:52 +0100] "GET /wp-login.php HTTP/1.1" 200 11962 "-" "Mozilla/5.0 (Windows NT 10.0; Win64; x64) AppleWebKit/537.36 (KHTML, like Gecko) Chrome/130.0.0.0 Safari/537.36"
103.42.206.187 - - [14/Feb/2025:13:26:53 +0100] "POST /wp-login.php HTTP/1.1" 301 - "https://allure-spa.com/wp-login.php" "Mozilla/5.0 (Windows NT 10.0; Win64; x64) AppleWebKit/537.36 (KHTML, like Gecko) Chrome/130.0.0.0 Safari/537.36"
103.42.206.187 - - [14/Feb/2025:13:27:01 +0100] "GET /wp-login.php HTTP/1.1" 200 11962 "https://allure-spa.com/wp-login.php" "Mozilla/5.0 (Windows NT 10.0; Win64; x64) AppleWebKit/537.36 (KHTML, like Gecko) Chrome/130.0.0.0 Safari/537.36"
212.57.136.14 - - [14/Feb/2025:13:28:20 +0100] "GET /wp-login.php HTTP/1.1" 200 11961 "-" "Mozilla/5.0 (Windows NT 10.0; Win64; x64) AppleWebKit/537.36 (KHTML, like Gecko) Chrome/130.0.0.0 Safari/537.36"
212.57.136.14 - - [14/Feb/2025:13:28:22 +0100] "POST /wp-login.php HTTP/1.1" 301 - "https://allure-spa.com/wp-login.php" "Mozilla/5.0 (Windows NT 10.0; Win64; x64) AppleWebKit/537.36 (KHTML, like Gecko) Chrome/130.0.0.0 Safari/537.36"
109.234.165.82 - - [14/Feb/2025:13:28:22 +0100] "POST /wp-cron.php?doing_wp_cron=1739536102.6644210815429687500000 HTTP/1.1" 200 - "https://www.allure-spa.com/wp-cron.php?doing_wp_cron=1739536102.6644210815429687500000" "WordPress/5.3.18; https://www.allure-spa.com"
212.57.136.14 - - [14/Feb/2025:13:28:27 +0100] "GET /wp-login.php HTTP/1.1" 200 11961 "https://allure-spa.com/wp-login.php" "Mozilla/5.0 (Windows NT 10.0; Win64; x64) AppleWebKit/537.36 (KHTML, like Gecko) Chrome/130.0.0.0 Safari/537.36"
173.236.221.85 - - [14/Feb/2025:13:28:40 +0100] "GET /wp-login.php HTTP/1.1" 200 5724 "-" "Mozilla/5.0 (Windows NT 10.0; Win64; x64) AppleWebKit/537.36 (KHTML, like Gecko) Chrome/130.0.0.0 Safari/537.36"
173.236.221.85 - - [14/Feb/2025:13:28:42 +0100] "POST /wp-login.php HTTP/1.1" 301 - "https://allure-spa.com/wp-login.php" "Mozilla/5.0 (Windows NT 10.0; Win64; x64) AppleWebKit/537.36 (KHTML, like Gecko) Chrome/130.0.0.0 Safari/537.36"
173.236.221.85 - - [14/Feb/2025:13:28:44 +0100] "GET /wp-login.php HTTP/1.1" 200 5724 "https://allure-spa.com/wp-login.php" "Mozilla/5.0 (Windows NT 10.0; Win64; x64) AppleWebKit/537.36 (KHTML, like Gecko) Chrome/130.0.0.0 Safari/537.36"
65.109.91.113 - - [14/Feb/2025:13:28:52 +0100] "GET /wp-login.php HTTP/1.1" 200 5724 "-" "Mozilla/5.0 (Windows NT 10.0; Win64; x64) AppleWebKit/537.36 (KHTML, like Gecko) Chrome/130.0.0.0 Safari/537.36"
65.109.91.113 - - [14/Feb/2025:13:28:55 +0100] "POST /wp-login.php HTTP/1.1" 301 - "https://allure-spa.com/wp-login.php" "Mozilla/5.0 (Windows NT 10.0; Win64; x64) AppleWebKit/537.36 (KHTML, like Gecko) Chrome/130.0.0.0 Safari/537.36"
65.109.91.113 - - [14/Feb/2025:13:29:05 +0100] "GET /wp-login.php HTTP/1.1" 200 5726 "https://allure-spa.com/wp-login.php" "Mozilla/5.0 (Windows NT 10.0; Win64; x64) AppleWebKit/537.36 (KHTML, like Gecko) Chrome/130.0.0.0 Safari/537.36"
82.180.144.126 - - [14/Feb/2025:13:29:19 +0100] "GET /wp-login.php HTTP/1.1" 200 11962 "-" "Mozilla/5.0 (Windows NT 10.0; Win64; x64) AppleWebKit/537.36 (KHTML, like Gecko) Chrome/130.0.0.0 Safari/537.36"
82.180.144.126 - - [14/Feb/2025:13:29:21 +0100] "POST /wp-login.php HTTP/1.1" 301 - "https://allure-spa.com/wp-login.php" "Mozilla/5.0 (Windows NT 10.0; Win64; x64) AppleWebKit/537.36 (KHTML, like Gecko) Chrome/130.0.0.0 Safari/537.36"
109.234.165.82 - - [14/Feb/2025:13:29:22 +0100] "POST /wp-cron.php?doing_wp_cron=1739536162.3874440193176269531250 HTTP/1.1" 200 - "https://www.allure-spa.com/wp-cron.php?doing_wp_cron=1739536162.3874440193176269531250" "WordPress/5.3.18; https://www.allure-spa.com"
82.180.144.126 - - [14/Feb/2025:13:29:31 +0100] "GET /wp-login.php HTTP/1.1" 200 11962 "https://allure-spa.com/wp-login.php" "Mozilla/5.0 (Windows NT 10.0; Win64; x64) AppleWebKit/537.36 (KHTML, like Gecko) Chrome/130.0.0.0 Safari/537.36"
159.203.177.184 - - [14/Feb/2025:13:31:14 +0100] "POST /wp-login.php HTTP/1.1" 302 - "-" "Mozilla/5.0 (Windows NT 10.0; Win64; x64; rv:96.0) Gecko/20100101 Firefox/96.0"
109.234.165.82 - - [14/Feb/2025:13:31:14 +0100] "POST /wp-cron.php?doing_wp_cron=1739536274.7187860012054443359375 HTTP/1.1" 200 - "https://www.allure-spa.com/wp-cron.php?doing_wp_cron=1739536274.7187860012054443359375" "WordPress/5.3.18; https://www.allure-spa.com"
159.203.177.184 - - [14/Feb/2025:13:31:15 +0100] "GET /wp-login.php HTTP/1.1" 200 5724 "-" "Mozilla/5.0 (Windows NT 10.0; Win64; x64; rv:96.0) Gecko/20100101 Firefox/96.0"
109.234.165.82 - - [14/Feb/2025:13:33:06 +0100] "POST /wp-cron.php?doing_wp_cron=1739536386.4031929969787597656250 HTTP/1.1" 200 - "https://www.allure-spa.com/wp-cron.php?doing_wp_cron=1739536386.4031929969787597656250" "WordPress/5.3.18; https://www.allure-spa.com"
185.191.171.15 - - [14/Feb/2025:13:33:05 +0100] "GET /produit/bx-wrinkle-corrector/ HTTP/1.1" 200 80210 "-" "Mozilla/5.0 (compatible; SemrushBot/7~bl; +http://www.semrush.com/bot.html)"
109.234.165.82 - - [14/Feb/2025:13:39:10 +0100] "POST /wp-cron.php?doing_wp_cron=1739536750.8124809265136718750000 HTTP/1.1" 200 - "https://www.allure-spa.com/wp-cron.php?doing_wp_cron=1739536750.8124809265136718750000" "WordPress/5.3.18; https://www.allure-spa.com"
185.191.171.6 - - [14/Feb/2025:13:39:10 +0100] "GET /produit/lait-demaquillant-purete/ HTTP/1.1" 200 80484 "-" "Mozilla/5.0 (compatible; SemrushBot/7~bl; +http://www.semrush.com/bot.html)"
109.234.165.82 - - [14/Feb/2025:13:43:45 +0100] "POST /wp-cron.php?doing_wp_cron=1739537025.8227710723876953125000 HTTP/1.1" 200 - "https://www.allure-spa.com/wp-cron.php?doing_wp_cron=1739537025.8227710723876953125000" "WordPress/5.3.18; https://www.allure-spa.com"
85.209.51.162 - - [14/Feb/2025:13:43:45 +0100] "GET /produit/bodyshock-local-reducer/ HTTP/1.1" 200 80174 "-" "Mozilla/5.0 (Windows NT 10.0; Win64; x64) AppleWebKit/537.36 (KHTML, like Gecko) Chrome/100.0.8150.118 Safari/537.36"
109.234.165.82 - - [14/Feb/2025:13:44:22 +0100] "POST /wp-cron.php?doing_wp_cron=1739537062.4969670772552490234375 HTTP/1.1" 200 - "https://www.allure-spa.com/wp-cron.php?doing_wp_cron=1739537062.4969670772552490234375" "WordPress/5.3.18; https://www.allure-spa.com"
185.191.171.19 - - [14/Feb/2025:13:44:21 +0100] "GET /produit/brume-corps-hydratante/ HTTP/1.1" 200 80386 "-" "Mozilla/5.0 (compatible; SemrushBot/7~bl; +http://www.semrush.com/bot.html)"
196.70.254.198 - - [14/Feb/2025:13:44:25 +0100] "GET /wp-content/uploads/2021/01/Lipocavitation_Plan-de-travail-1.jpg HTTP/1.1" 200 161151 "https://www.google.com/" "Mozilla/5.0 (Linux; Android 10; K) AppleWebKit/537.36 (KHTML, like Gecko) Chrome/133.0.0.0 Mobile Safari/537.36"
68.183.237.222 - - [14/Feb/2025:13:53:42 +0100] "GET /wp-admin/network/index.php HTTP/1.1" 302 - "-" "Mozlila/5.0 (Linux; Android 7.0; SM-G892A Bulid/NRD90M; wv) AppleWebKit/537.36 (KHTML, like Gecko) Version/4.0 Chrome/60.0.3112.107 Moblie Safari/537.36"
68.183.237.222 - - [14/Feb/2025:13:53:49 +0100] "GET /wp-login.php?redirect_to=https%3A%2F%2Fallure-spa.com%2Fwp-admin%2Fnetwork%2Findex.php&reauth=1 HTTP/1.1" 200 5195 "-" "Mozlila/5.0 (Linux; Android 7.0; SM-G892A Bulid/NRD90M; wv) AppleWebKit/537.36 (KHTML, like Gecko) Version/4.0 Chrome/60.0.3112.107 Moblie Safari/537.36"
196.207.227.179 - - [14/Feb/2025:14:03:27 +0100] "GET /wp-content/plugins/revslider/public/assets/css/rs6.css?ver=6.1.2 HTTP/1.1" 200 56404 "-" "Mozilla/5.0 (Linux; Android 10; K) AppleWebKit/537.36 (KHTML, like Gecko) Chrome/133.0.0.0 Mobile Safari/537.36"
196.207.227.179 - - [14/Feb/2025:14:03:27 +0100] "GET /wp-content/themes/werkstatt/assets/css/font-awesome.min.css HTTP/1.1" 200 29063 "-" "Mozilla/5.0 (Linux; Android 10; K) AppleWebKit/537.36 (KHTML, like Gecko) Chrome/133.0.0.0 Mobile Safari/537.36"
196.207.227.179 - - [14/Feb/2025:14:03:27 +0100] "GET /wp-content/themes/werkstatt/assets/css/app.css?ver=2.3.4.1 HTTP/1.1" 200 326197 "-" "Mozilla/5.0 (Linux; Android 10; K) AppleWebKit/537.36 (KHTML, like Gecko) Chrome/133.0.0.0 Mobile Safari/537.36"
196.207.227.179 - - [14/Feb/2025:14:03:27 +0100] "GET /wp-content/themes/werkstatt-child/style.css HTTP/1.1" 200 573 "-" "Mozilla/5.0 (Linux; Android 10; K) AppleWebKit/537.36 (KHTML, like Gecko) Chrome/133.0.0.0 Mobile Safari/537.36"
196.207.227.179 - - [14/Feb/2025:14:03:28 +0100] "GET /wp-content/plugins/js_composer/assets/css/js_composer.min.css?ver=5.1.1 HTTP/1.1" 200 459328 "-" "Mozilla/5.0 (Linux; Android 10; K) AppleWebKit/537.36 (KHTML, like Gecko) Chrome/133.0.0.0 Mobile Safari/537.36"
196.207.227.179 - - [14/Feb/2025:14:03:28 +0100] "GET /wp-content/plugins/premmerce-woocommerce-brands/assets/frontend/css/premmerce-brands.css?ver=5.3.18 HTTP/1.1" 200 1534 "-" "Mozilla/5.0 (Linux; Android 10; K) AppleWebKit/537.36 (KHTML, like Gecko) Chrome/133.0.0.0 Mobile Safari/537.36"
109.234.165.82 - - [14/Feb/2025:14:03:28 +0100] "POST /wp-cron.php?doing_wp_cron=1739538208.1925899982452392578125 HTTP/1.1" 200 - "https://www.allure-spa.com/wp-cron.php?doing_wp_cron=1739538208.1925899982452392578125" "WordPress/5.3.18; https://www.allure-spa.com"
196.207.227.179 - - [14/Feb/2025:14:03:29 +0100] "GET /wp-content/plugins/mpc-massive/assets/css/mpc-styles.css?ver=5.3.18 HTTP/1.1" 200 245189 "https://www.allure-spa.com/" "Mozilla/5.0 (Linux; Android 10; K) AppleWebKit/537.36 (KHTML, like Gecko) Chrome/133.0.0.0 Mobile Safari/537.36"
196.207.227.179 - - [14/Feb/2025:14:03:29 +0100] "GET /wp-content/plugins/revslider/public/assets/js/revolution.tools.min.js?ver=6.0 HTTP/1.1" 200 150436 "https://www.allure-spa.com/" "Mozilla/5.0 (Linux; Android 10; K) AppleWebKit/537.36 (KHTML, like Gecko) Chrome/133.0.0.0 Mobile Safari/537.36"
196.207.227.179 - - [14/Feb/2025:14:03:29 +0100] "GET /wp-content/plugins/revslider/public/assets/js/rs6.min.js?ver=6.1.2 HTTP/1.1" 200 269077 "https://www.allure-spa.com/" "Mozilla/5.0 (Linux; Android 10; K) AppleWebKit/537.36 (KHTML, like Gecko) Chrome/133.0.0.0 Mobile Safari/537.36"
196.207.227.179 - - [14/Feb/2025:14:03:29 +0100] "GET /wp-content/plugins/js_composer/assets/js/vendors/woocommerce-add-to-cart.js?ver=5.1.1 HTTP/1.1" 200 895 "https://www.allure-spa.com/" "Mozilla/5.0 (Linux; Android 10; K) AppleWebKit/537.36 (KHTML, like Gecko) Chrome/133.0.0.0 Mobile Safari/537.36"
196.207.227.179 - - [14/Feb/2025:14:03:29 +0100] "GET /wp-content/themes/werkstatt/style.css HTTP/1.1" 200 1423 "https://www.allure-spa.com/wp-content/themes/werkstatt-child/style.css" "Mozilla/5.0 (Linux; Android 10; K) AppleWebKit/537.36 (KHTML, like Gecko) Chrome/133.0.0.0 Mobile Safari/537.36"
196.207.227.179 - - [14/Feb/2025:14:03:27 +0100] "GET / HTTP/1.1" 200 179625 "-" "Mozilla/5.0 (Linux; Android 10; K) AppleWebKit/537.36 (KHTML, like Gecko) Chrome/133.0.0.0 Mobile Safari/537.36"
196.207.227.179 - - [14/Feb/2025:14:03:29 +0100] "GET /wp-includes/js/wp-emoji-release.min.js?ver=5.3.18 HTTP/1.1" 200 13849 "https://www.allure-spa.com/" "Mozilla/5.0 (Linux; Android 10; K) AppleWebKit/537.36 (KHTML, like Gecko) Chrome/133.0.0.0 Mobile Safari/537.36"
196.207.227.179 - - [14/Feb/2025:14:03:29 +0100] "GET /wp-content/uploads/2019/12/allure-logo-e1577020517255.jpeg HTTP/1.1" 200 21177 "https://www.allure-spa.com/" "Mozilla/5.0 (Linux; Android 10; K) AppleWebKit/537.36 (KHTML, like Gecko) Chrome/133.0.0.0 Mobile Safari/537.36"
196.207.227.179 - - [14/Feb/2025:14:03:29 +0100] "GET /wp-content/uploads/2019/11/slider2_Plan-de-travail-1.jpg HTTP/1.1" 200 392099 "https://www.allure-spa.com/" "Mozilla/5.0 (Linux; Android 10; K) AppleWebKit/537.36 (KHTML, like Gecko) Chrome/133.0.0.0 Mobile Safari/537.36"
196.207.227.179 - - [14/Feb/2025:14:03:30 +0100] "GET /wp-content/uploads/2019/11/in_construction_background_Plan-de-travail-1-1.jpg HTTP/1.1" 200 280994 "https://www.allure-spa.com/" "Mozilla/5.0 (Linux; Android 10; K) AppleWebKit/537.36 (KHTML, like Gecko) Chrome/133.0.0.0 Mobile Safari/537.36"
196.207.227.179 - - [14/Feb/2025:14:03:30 +0100] "GET /wp-content/uploads/2019/11/AllureAccueil_Plan-de-travail-1.jpg HTTP/1.1" 200 237448 "https://www.allure-spa.com/" "Mozilla/5.0 (Linux; Android 10; K) AppleWebKit/537.36 (KHTML, like Gecko) Chrome/133.0.0.0 Mobile Safari/537.36"
196.207.227.179 - - [14/Feb/2025:14:03:30 +0100] "GET /wp-content/uploads/2019/11/AllureAccueil-02.jpg HTTP/1.1" 200 310201 "https://www.allure-spa.com/" "Mozilla/5.0 (Linux; Android 10; K) AppleWebKit/537.36 (KHTML, like Gecko) Chrome/133.0.0.0 Mobile Safari/537.36"
196.207.227.179 - - [14/Feb/2025:14:03:30 +0100] "GET /wp-content/uploads/2019/11/AllureAccueil-03.jpg HTTP/1.1" 200 321948 "https://www.allure-spa.com/" "Mozilla/5.0 (Linux; Android 10; K) AppleWebKit/537.36 (KHTML, like Gecko) Chrome/133.0.0.0 Mobile Safari/537.36"
196.207.227.179 - - [14/Feb/2025:14:03:30 +0100] "GET /wp-content/uploads/2019/11/bg-service.jpg HTTP/1.1" 200 60468 "https://www.allure-spa.com/" "Mozilla/5.0 (Linux; Android 10; K) AppleWebKit/537.36 (KHTML, like Gecko) Chrome/133.0.0.0 Mobile Safari/537.36"
196.207.227.179 - - [14/Feb/2025:14:03:30 +0100] "GET /wp-content/uploads/2020/01/Allure__Misencil-Protector-35.jpg HTTP/1.1" 200 90558 "https://www.allure-spa.com/" "Mozilla/5.0 (Linux; Android 10; K) AppleWebKit/537.36 (KHTML, like Gecko) Chrome/133.0.0.0 Mobile Safari/537.36"
196.207.227.179 - - [14/Feb/2025:14:03:30 +0100] "GET /wp-content/uploads/2020/01/Allure__Misencil-Heated-eyelash-curler.jpg HTTP/1.1" 200 78010 "https://www.allure-spa.com/" "Mozilla/5.0 (Linux; Android 10; K) AppleWebKit/537.36 (KHTML, like Gecko) Chrome/133.0.0.0 Mobile Safari/537.36"
196.207.227.179 - - [14/Feb/2025:14:03:30 +0100] "GET /wp-content/plugins/mpc-massive/assets/css/libs/slick.min.css?ver=5.3.18 HTTP/1.1" 200 1276 "https://www.allure-spa.com/" "Mozilla/5.0 (Linux; Android 10; K) AppleWebKit/537.36 (KHTML, like Gecko) Chrome/133.0.0.0 Mobile Safari/537.36"
196.207.227.179 - - [14/Feb/2025:14:03:30 +0100] "GET /wp-content/plugins/insta-gallery/assets/css/qligg.min.css?ver=2.6.5 HTTP/1.1" 200 59808 "https://www.allure-spa.com/" "Mozilla/5.0 (Linux; Android 10; K) AppleWebKit/537.36 (KHTML, like Gecko) Chrome/133.0.0.0 Mobile Safari/537.36"
196.207.227.179 - - [14/Feb/2025:14:03:30 +0100] "GET /wp-content/plugins/insta-gallery/assets/magnific-popup/magnific-popup.min.css?ver=2.6.5 HTTP/1.1" 200 5259 "https://www.allure-spa.com/" "Mozilla/5.0 (Linux; Android 10; K) AppleWebKit/537.36 (KHTML, like Gecko) Chrome/133.0.0.0 Mobile Safari/537.36"
196.207.227.179 - - [14/Feb/2025:14:03:30 +0100] "GET /wp-content/plugins/mpc-massive/assets/fonts/mi/mi.min.css?ver=2.3.2 HTTP/1.1" 200 35644 "https://www.allure-spa.com/" "Mozilla/5.0 (Linux; Android 10; K) AppleWebKit/537.36 (KHTML, like Gecko) Chrome/133.0.0.0 Mobile Safari/537.36"
196.207.227.179 - - [14/Feb/2025:14:03:30 +0100] "GET /wp-content/uploads/2020/01/Allure__Misencil-Revitalisant.jpg HTTP/1.1" 200 132525 "https://www.allure-spa.com/" "Mozilla/5.0 (Linux; Android 10; K) AppleWebKit/537.36 (KHTML, like Gecko) Chrome/133.0.0.0 Mobile Safari/537.36"
196.207.227.179 - - [14/Feb/2025:14:03:30 +0100] "GET /wp-content/uploads/2020/01/Allure__Misencil-Protector-32.jpg HTTP/1.1" 200 130338 "https://www.allure-spa.com/" "Mozilla/5.0 (Linux; Android 10; K) AppleWebKit/537.36 (KHTML, like Gecko) Chrome/133.0.0.0 Mobile Safari/537.36"
196.207.227.179 - - [14/Feb/2025:14:03:30 +0100] "GET /wp-content/uploads/2020/01/Allure__Misencil-Le-serum.jpg HTTP/1.1" 200 89732 "https://www.allure-spa.com/" "Mozilla/5.0 (Linux; Android 10; K) AppleWebKit/537.36 (KHTML, like Gecko) Chrome/133.0.0.0 Mobile Safari/537.36"
196.207.227.179 - - [14/Feb/2025:14:03:30 +0100] "GET /wp-content/uploads/2020/01/Allure__Sun-ceutic-50.jpg HTTP/1.1" 200 77413 "https://www.allure-spa.com/" "Mozilla/5.0 (Linux; Android 10; K) AppleWebKit/537.36 (KHTML, like Gecko) Chrome/133.0.0.0 Mobile Safari/537.36"
196.207.227.179 - - [14/Feb/2025:14:03:30 +0100] "GET /wp-content/uploads/2020/01/Allure__Hyal-ceutic.jpg HTTP/1.1" 200 70789 "https://www.allure-spa.com/" "Mozilla/5.0 (Linux; Android 10; K) AppleWebKit/537.36 (KHTML, like Gecko) Chrome/133.0.0.0 Mobile Safari/537.36"
196.207.227.179 - - [14/Feb/2025:14:03:30 +0100] "GET /wp-content/uploads/2020/01/Allure__Foamer-15.jpg HTTP/1.1" 200 88136 "https://www.allure-spa.com/" "Mozilla/5.0 (Linux; Android 10; K) AppleWebKit/537.36 (KHTML, like Gecko) Chrome/133.0.0.0 Mobile Safari/537.36"
196.207.227.179 - - [14/Feb/2025:14:03:30 +0100] "GET /wp-content/uploads/2019/11/Paetenaires_Plan-de-travail-1.jpg HTTP/1.1" 200 65708 "https://www.allure-spa.com/" "Mozilla/5.0 (Linux; Android 10; K) AppleWebKit/537.36 (KHTML, like Gecko) Chrome/133.0.0.0 Mobile Safari/537.36"
196.207.227.179 - - [14/Feb/2025:14:03:30 +0100] "GET /wp-content/uploads/2019/11/Paetenaires-02.jpg HTTP/1.1" 200 61254 "https://www.allure-spa.com/" "Mozilla/5.0 (Linux; Android 10; K) AppleWebKit/537.36 (KHTML, like Gecko) Chrome/133.0.0.0 Mobile Safari/537.36"
196.207.227.179 - - [14/Feb/2025:14:03:30 +0100] "GET /wp-content/uploads/2019/11/Paetenaires-03.jpg HTTP/1.1" 200 49164 "https://www.allure-spa.com/" "Mozilla/5.0 (Linux; Android 10; K) AppleWebKit/537.36 (KHTML, like Gecko) Chrome/133.0.0.0 Mobile Safari/537.36"
196.207.227.179 - - [14/Feb/2025:14:03:30 +0100] "GET /wp-content/uploads/2019/11/Paetenaires-04.jpg HTTP/1.1" 200 57188 "https://www.allure-spa.com/" "Mozilla/5.0 (Linux; Android 10; K) AppleWebKit/537.36 (KHTML, like Gecko) Chrome/133.0.0.0 Mobile Safari/537.36"
196.207.227.179 - - [14/Feb/2025:14:03:30 +0100] "GET /wp-content/uploads/2019/11/Paetenaires-05.jpg HTTP/1.1" 200 52598 "https://www.allure-spa.com/" "Mozilla/5.0 (Linux; Android 10; K) AppleWebKit/537.36 (KHTML, like Gecko) Chrome/133.0.0.0 Mobile Safari/537.36"
196.207.227.179 - - [14/Feb/2025:14:03:30 +0100] "GET /wp-content/uploads/2019/11/Paetenaires-06.jpg HTTP/1.1" 200 59363 "https://www.allure-spa.com/" "Mozilla/5.0 (Linux; Android 10; K) AppleWebKit/537.36 (KHTML, like Gecko) Chrome/133.0.0.0 Mobile Safari/537.36"
196.207.227.179 - - [14/Feb/2025:14:03:30 +0100] "GET /wp-content/uploads/2019/11/Paetenaires-11.jpg HTTP/1.1" 200 60572 "https://www.allure-spa.com/" "Mozilla/5.0 (Linux; Android 10; K) AppleWebKit/537.36 (KHTML, like Gecko) Chrome/133.0.0.0 Mobile Safari/537.36"
196.207.227.179 - - [14/Feb/2025:14:03:30 +0100] "GET /wp-content/uploads/2019/11/Paetenaires-09.jpg HTTP/1.1" 200 53133 "https://www.allure-spa.com/" "Mozilla/5.0 (Linux; Android 10; K) AppleWebKit/537.36 (KHTML, like Gecko) Chrome/133.0.0.0 Mobile Safari/537.36"
196.207.227.179 - - [14/Feb/2025:14:03:30 +0100] "GET /wp-content/uploads/2019/11/Paetenaires-08.jpg HTTP/1.1" 200 67645 "https://www.allure-spa.com/" "Mozilla/5.0 (Linux; Android 10; K) AppleWebKit/537.36 (KHTML, like Gecko) Chrome/133.0.0.0 Mobile Safari/537.36"
196.207.227.179 - - [14/Feb/2025:14:03:30 +0100] "GET /wp-content/uploads/2019/11/Paetenaires-07.jpg HTTP/1.1" 200 44170 "https://www.allure-spa.com/" "Mozilla/5.0 (Linux; Android 10; K) AppleWebKit/537.36 (KHTML, like Gecko) Chrome/133.0.0.0 Mobile Safari/537.36"
196.207.227.179 - - [14/Feb/2025:14:03:30 +0100] "GET /wp-content/themes/werkstatt/assets/fonts/fontawesome-webfont.woff2?v=4.6.3 HTTP/1.1" 200 71896 "https://www.allure-spa.com/wp-content/themes/werkstatt/assets/css/font-awesome.min.css" "Mozilla/5.0 (Linux; Android 10; K) AppleWebKit/537.36 (KHTML, like Gecko) Chrome/133.0.0.0 Mobile Safari/537.36"
196.207.227.179 - - [14/Feb/2025:14:03:30 +0100] "GET /wp-content/plugins/mailchimp-for-woocommerce/public/js/mailchimp-woocommerce-public.min.js?ver=2.3 HTTP/1.1" 200 5930 "https://www.allure-spa.com/" "Mozilla/5.0 (Linux; Android 10; K) AppleWebKit/537.36 (KHTML, like Gecko) Chrome/133.0.0.0 Mobile Safari/537.36"
196.207.227.179 - - [14/Feb/2025:14:03:30 +0100] "GET /wp-content/themes/werkstatt/assets/js/vendor.min.js?ver=2.3.4.1 HTTP/1.1" 200 602339 "https://www.allure-spa.com/" "Mozilla/5.0 (Linux; Android 10; K) AppleWebKit/537.36 (KHTML, like Gecko) Chrome/133.0.0.0 Mobile Safari/537.36"
196.207.227.179 - - [14/Feb/2025:14:03:30 +0100] "GET /wp-content/themes/werkstatt/assets/js/app.min.js?ver=2.3.4.1 HTTP/1.1" 200 53865 "https://www.allure-spa.com/" "Mozilla/5.0 (Linux; Android 10; K) AppleWebKit/537.36 (KHTML, like Gecko) Chrome/133.0.0.0 Mobile Safari/537.36"
196.207.227.179 - - [14/Feb/2025:14:03:30 +0100] "GET /wp-content/plugins/mpc-massive/assets/js/mpc-vendor.min.js?ver=2.3.2 HTTP/1.1" 200 81856 "https://www.allure-spa.com/" "Mozilla/5.0 (Linux; Android 10; K) AppleWebKit/537.36 (KHTML, like Gecko) Chrome/133.0.0.0 Mobile Safari/537.36"
196.207.227.179 - - [14/Feb/2025:14:03:30 +0100] "GET /wp-content/plugins/mpc-massive/assets/js/mpc-scripts.min.js?ver=2.3.2 HTTP/1.1" 200 95710 "https://www.allure-spa.com/" "Mozilla/5.0 (Linux; Android 10; K) AppleWebKit/537.36 (KHTML, like Gecko) Chrome/133.0.0.0 Mobile Safari/537.36"
196.207.227.179 - - [14/Feb/2025:14:03:30 +0100] "GET /wp-content/plugins/js_composer/assets/js/dist/js_composer_front.min.js?ver=5.1.1 HTTP/1.1" 200 18908 "https://www.allure-spa.com/" "Mozilla/5.0 (Linux; Android 10; K) AppleWebKit/537.36 (KHTML, like Gecko) Chrome/133.0.0.0 Mobile Safari/537.36"
196.207.227.179 - - [14/Feb/2025:14:03:30 +0100] "GET /wp-content/plugins/mpc-massive/assets/js/libs/slick.min.js?ver=5.3.18 HTTP/1.1" 200 40394 "https://www.allure-spa.com/" "Mozilla/5.0 (Linux; Android 10; K) AppleWebKit/537.36 (KHTML, like Gecko) Chrome/133.0.0.0 Mobile Safari/537.36"
196.207.227.179 - - [14/Feb/2025:14:03:30 +0100] "GET /wp-content/plugins/insta-gallery/assets/js/qligg.min.js?ver=2.6.5 HTTP/1.1" 200 4819 "https://www.allure-spa.com/" "Mozilla/5.0 (Linux; Android 10; K) AppleWebKit/537.36 (KHTML, like Gecko) Chrome/133.0.0.0 Mobile Safari/537.36"
196.207.227.179 - - [14/Feb/2025:14:03:30 +0100] "GET /wp-content/plugins/insta-gallery/assets/magnific-popup/jquery.magnific-popup.min.js?ver=2.6.5 HTTP/1.1" 200 20219 "https://www.allure-spa.com/" "Mozilla/5.0 (Linux; Android 10; K) AppleWebKit/537.36 (KHTML, like Gecko) Chrome/133.0.0.0 Mobile Safari/537.36"
196.207.227.179 - - [14/Feb/2025:14:03:30 +0100] "GET /wp-content/uploads/2019/11/cosmetica-dermatologia.jpg?id=502 HTTP/1.1" 200 144834 "https://www.allure-spa.com/" "Mozilla/5.0 (Linux; Android 10; K) AppleWebKit/537.36 (KHTML, like Gecko) Chrome/133.0.0.0 Mobile Safari/537.36"
