154.56.135.104 - - [14/Feb/2025:12:38:59 +0100] "GET /wp-login.php HTTP/1.1" 200 11962 "https://allure-spa.com/wp-login.php" "Mozilla/5.0 (Windows NT 10.0; Win64; x64) AppleWebKit/537.36 (KHTML, like Gecko) Chrome/130.0.0.0 Safari/537.36"
137.184.206.114 - - [14/Feb/2025:12:39:07 +0100] "POST /wp-login.php HTTP/1.1" 301 - "https://allure-spa.com/wp-login.php" "Mozilla/5.0 (Windows NT 10.0; Win64; x64) AppleWebKit/537.36 (KHTML, like Gecko) Chrome/130.0.0.0 Safari/537.36"
109.234.165.82 - - [14/Feb/2025:12:39:18 +0100] "POST /wp-cron.php?doing_wp_cron=1739533158.6541221141815185546875 HTTP/1.1" 200 - "https://www.allure-spa.com/wp-cron.php?doing_wp_cron=1739533158.6541221141815185546875" "WordPress/5.3.18; https://www.allure-spa.com"
91.136.11.81 - - [14/Feb/2025:12:39:18 +0100] "POST /wp-login.php HTTP/1.1" 301 - "https://allure-spa.com/wp-login.php" "Mozilla/5.0 (Windows NT 10.0; Win64; x64) AppleWebKit/537.36 (KHTML, like Gecko) Chrome/130.0.0.0 Safari/537.36"
51.158.71.36 - - [14/Feb/2025:12:39:25 +0100] "GET /wp-login.php HTTP/1.1" 200 5724 "-" "Mozilla/5.0 (Windows NT 10.0; Win64; x64) AppleWebKit/537.36 (KHTML, like Gecko) Chrome/130.0.0.0 Safari/537.36"
51.158.71.36 - - [14/Feb/2025:12:39:26 +0100] "POST /wp-login.php HTTP/1.1" 301 - "https://allure-spa.com/wp-login.php" "Mozilla/5.0 (Windows NT 10.0; Win64; x64) AppleWebKit/537.36 (KHTML, like Gecko) Chrome/130.0.0.0 Safari/537.36"
103.124.92.138 - - [14/Feb/2025:12:39:32 +0100] "GET /wp-login.php HTTP/1.1" 200 11962 "-" "Mozilla/5.0 (Windows NT 10.0; Win64; x64) AppleWebKit/537.36 (KHTML, like Gecko) Chrome/130.0.0.0 Safari/537.36"
103.124.92.138 - - [14/Feb/2025:12:39:35 +0100] "POST /wp-login.php HTTP/1.1" 301 - "https://allure-spa.com/wp-login.php" "Mozilla/5.0 (Windows NT 10.0; Win64; x64) AppleWebKit/537.36 (KHTML, like Gecko) Chrome/130.0.0.0 Safari/537.36"
103.124.92.138 - - [14/Feb/2025:12:39:41 +0100] "GET /wp-login.php HTTP/1.1" 200 11962 "https://allure-spa.com/wp-login.php" "Mozilla/5.0 (Windows NT 10.0; Win64; x64) AppleWebKit/537.36 (KHTML, like Gecko) Chrome/130.0.0.0 Safari/537.36"
5.189.169.121 - - [14/Feb/2025:12:39:51 +0100] "POST /wp-login.php HTTP/1.1" 301 - "https://allure-spa.com/wp-login.php" "Mozilla/5.0 (Windows NT 10.0; Win64; x64) AppleWebKit/537.36 (KHTML, like Gecko) Chrome/130.0.0.0 Safari/537.36"
66.249.66.163 - - [14/Feb/2025:12:39:56 +0100] "GET /produit/minceur-capitale/ HTTP/1.1" 200 79930 "-" "Mozilla/5.0 (Linux; Android 6.0.1; Nexus 5X Build/MMB29P) AppleWebKit/537.36 (KHTML, like Gecko) Chrome/133.0.6943.53 Mobile Safari/537.36 (compatible; Googlebot/2.1; +http://www.google.com/bot.html)"
141.94.71.118 - - [14/Feb/2025:12:39:57 +0100] "POST /wp-login.php HTTP/1.1" 301 - "https://allure-spa.com/wp-login.php" "Mozilla/5.0 (Windows NT 10.0; Win64; x64) AppleWebKit/537.36 (KHTML, like Gecko) Chrome/130.0.0.0 Safari/537.36"
5.189.169.121 - - [14/Feb/2025:12:40:05 +0100] "GET /wp-login.php HTTP/1.1" 200 11961 "-" "Mozilla/5.0 (Windows NT 10.0; Win64; x64) AppleWebKit/537.36 (KHTML, like Gecko) Chrome/130.0.0.0 Safari/537.36"
5.189.169.121 - - [14/Feb/2025:12:40:06 +0100] "POST /wp-login.php HTTP/1.1" 301 - "https://allure-spa.com/wp-login.php" "Mozilla/5.0 (Windows NT 10.0; Win64; x64) AppleWebKit/537.36 (KHTML, like Gecko) Chrome/130.0.0.0 Safari/537.36"
217.196.160.115 - - [14/Feb/2025:12:40:10 +0100] "POST /wp-login.php HTTP/1.1" 301 - "https://allure-spa.com/wp-login.php" "Mozilla/5.0 (Windows NT 10.0; Win64; x64) AppleWebKit/537.36 (KHTML, like Gecko) Chrome/130.0.0.0 Safari/537.36"
109.234.165.82 - - [14/Feb/2025:12:40:17 +0100] "POST /wp-cron.php?doing_wp_cron=1739533217.2821810245513916015625 HTTP/1.1" 200 - "https://www.allure-spa.com/wp-cron.php?doing_wp_cron=1739533217.2821810245513916015625" "WordPress/5.3.18; https://www.allure-spa.com"
82.165.84.84 - - [14/Feb/2025:12:40:16 +0100] "POST /wp-login.php HTTP/1.1" 301 - "https://allure-spa.com/wp-login.php" "Mozilla/5.0 (Windows NT 10.0; Win64; x64) AppleWebKit/537.36 (KHTML, like Gecko) Chrome/130.0.0.0 Safari/537.36"
82.165.84.84 - - [14/Feb/2025:12:40:18 +0100] "GET /wp-login.php HTTP/1.1" 200 5724 "https://allure-spa.com/wp-login.php" "Mozilla/5.0 (Windows NT 10.0; Win64; x64) AppleWebKit/537.36 (KHTML, like Gecko) Chrome/130.0.0.0 Safari/537.36"
89.219.32.147 - - [14/Feb/2025:12:40:35 +0100] "POST /wp-login.php HTTP/1.1" 301 - "https://allure-spa.com/wp-login.php" "Mozilla/5.0 (Windows NT 10.0; Win64; x64) AppleWebKit/537.36 (KHTML, like Gecko) Chrome/130.0.0.0 Safari/537.36"
89.219.32.147 - - [14/Feb/2025:12:40:48 +0100] "GET /wp-login.php HTTP/1.1" 200 5724 "https://allure-spa.com/wp-login.php" "Mozilla/5.0 (Windows NT 10.0; Win64; x64) AppleWebKit/537.36 (KHTML, like Gecko) Chrome/130.0.0.0 Safari/537.36"
92.205.51.88 - - [14/Feb/2025:12:40:54 +0100] "GET /wp-login.php HTTP/1.1" 200 11960 "-" "Mozilla/5.0 (Windows NT 10.0; Win64; x64) AppleWebKit/537.36 (KHTML, like Gecko) Chrome/130.0.0.0 Safari/537.36"
109.234.165.82 - - [14/Feb/2025:12:40:56 +0100] "POST /wp-cron.php?doing_wp_cron=1739533256.2232999801635742187500 HTTP/1.1" 200 - "https://www.allure-spa.com/wp-cron.php?doing_wp_cron=1739533256.2232999801635742187500" "WordPress/5.3.18; https://www.allure-spa.com"
92.205.51.88 - - [14/Feb/2025:12:40:55 +0100] "POST /wp-login.php HTTP/1.1" 301 - "https://allure-spa.com/wp-login.php" "Mozilla/5.0 (Windows NT 10.0; Win64; x64) AppleWebKit/537.36 (KHTML, like Gecko) Chrome/130.0.0.0 Safari/537.36"
92.205.51.88 - - [14/Feb/2025:12:40:58 +0100] "GET /wp-login.php HTTP/1.1" 200 11960 "https://allure-spa.com/wp-login.php" "Mozilla/5.0 (Windows NT 10.0; Win64; x64) AppleWebKit/537.36 (KHTML, like Gecko) Chrome/130.0.0.0 Safari/537.36"
65.109.91.113 - - [14/Feb/2025:12:41:10 +0100] "GET /wp-login.php HTTP/1.1" 200 5724 "-" "Mozilla/5.0 (Windows NT 10.0; Win64; x64) AppleWebKit/537.36 (KHTML, like Gecko) Chrome/130.0.0.0 Safari/537.36"
109.234.165.82 - - [14/Feb/2025:12:41:15 +0100] "POST /wp-cron.php?doing_wp_cron=1739533275.7182650566101074218750 HTTP/1.1" 200 - "https://www.allure-spa.com/wp-cron.php?doing_wp_cron=1739533275.7182650566101074218750" "WordPress/5.3.18; https://www.allure-spa.com"
65.109.91.113 - - [14/Feb/2025:12:41:15 +0100] "POST /wp-login.php HTTP/1.1" 301 - "https://allure-spa.com/wp-login.php" "Mozilla/5.0 (Windows NT 10.0; Win64; x64) AppleWebKit/537.36 (KHTML, like Gecko) Chrome/130.0.0.0 Safari/537.36"
65.109.91.113 - - [14/Feb/2025:12:41:26 +0100] "GET /wp-login.php HTTP/1.1" 200 5724 "https://allure-spa.com/wp-login.php" "Mozilla/5.0 (Windows NT 10.0; Win64; x64) AppleWebKit/537.36 (KHTML, like Gecko) Chrome/130.0.0.0 Safari/537.36"
65.109.91.113 - - [14/Feb/2025:12:41:40 +0100] "GET /wp-login.php HTTP/1.1" 200 5724 "-" "Mozilla/5.0 (Windows NT 10.0; Win64; x64) AppleWebKit/537.36 (KHTML, like Gecko) Chrome/130.0.0.0 Safari/537.36"
65.109.91.113 - - [14/Feb/2025:12:41:43 +0100] "POST /wp-login.php HTTP/1.1" 301 - "https://allure-spa.com/wp-login.php" "Mozilla/5.0 (Windows NT 10.0; Win64; x64) AppleWebKit/537.36 (KHTML, like Gecko) Chrome/130.0.0.0 Safari/537.36"
13.239.168.180 - - [14/Feb/2025:12:41:58 +0100] "GET /wp-login.php HTTP/1.1" 200 11962 "-" "Mozilla/5.0 (Windows NT 10.0; Win64; x64) AppleWebKit/537.36 (KHTML, like Gecko) Chrome/130.0.0.0 Safari/537.36"
85.215.149.125 - - [14/Feb/2025:12:42:16 +0100] "POST /wp-login.php HTTP/1.1" 301 - "https://allure-spa.com/wp-login.php" "Mozilla/5.0 (Windows NT 10.0; Win64; x64) AppleWebKit/537.36 (KHTML, like Gecko) Chrome/130.0.0.0 Safari/537.36"
109.234.165.82 - - [14/Feb/2025:12:42:16 +0100] "POST /wp-cron.php?doing_wp_cron=1739533336.9284169673919677734375 HTTP/1.1" 200 - "https://www.allure-spa.com/wp-cron.php?doing_wp_cron=1739533336.9284169673919677734375" "WordPress/5.3.18; https://www.allure-spa.com"
85.215.149.125 - - [14/Feb/2025:12:42:19 +0100] "GET /wp-login.php HTTP/1.1" 200 11962 "https://allure-spa.com/wp-login.php" "Mozilla/5.0 (Windows NT 10.0; Win64; x64) AppleWebKit/537.36 (KHTML, like Gecko) Chrome/130.0.0.0 Safari/537.36"
116.203.72.246 - - [14/Feb/2025:12:42:21 +0100] "POST /wp-login.php HTTP/1.1" 301 - "https://allure-spa.com/wp-login.php" "Mozilla/5.0 (Windows NT 10.0; Win64; x64) AppleWebKit/537.36 (KHTML, like Gecko) Chrome/130.0.0.0 Safari/537.36"
91.136.11.82 - - [14/Feb/2025:12:42:34 +0100] "GET /wp-login.php HTTP/1.1" 200 5724 "-" "Mozilla/5.0 (Windows NT 10.0; Win64; x64) AppleWebKit/537.36 (KHTML, like Gecko) Chrome/130.0.0.0 Safari/537.36"
91.136.11.82 - - [14/Feb/2025:12:42:37 +0100] "POST /wp-login.php HTTP/1.1" 301 - "https://allure-spa.com/wp-login.php" "Mozilla/5.0 (Windows NT 10.0; Win64; x64) AppleWebKit/537.36 (KHTML, like Gecko) Chrome/130.0.0.0 Safari/537.36"
141.94.71.118 - - [14/Feb/2025:12:42:46 +0100] "GET /wp-login.php HTTP/1.1" 200 11961 "-" "Mozilla/5.0 (Windows NT 10.0; Win64; x64) AppleWebKit/537.36 (KHTML, like Gecko) Chrome/130.0.0.0 Safari/537.36"
141.94.71.118 - - [14/Feb/2025:12:42:47 +0100] "POST /wp-login.php HTTP/1.1" 301 - "https://allure-spa.com/wp-login.php" "Mozilla/5.0 (Windows NT 10.0; Win64; x64) AppleWebKit/537.36 (KHTML, like Gecko) Chrome/130.0.0.0 Safari/537.36"
38.242.139.29 - - [14/Feb/2025:12:42:56 +0100] "POST /wp-login.php HTTP/1.1" 301 - "https://allure-spa.com/wp-login.php" "Mozilla/5.0 (Windows NT 10.0; Win64; x64) AppleWebKit/537.36 (KHTML, like Gecko) Chrome/130.0.0.0 Safari/537.36"
38.242.139.29 - - [14/Feb/2025:12:42:58 +0100] "GET /wp-login.php HTTP/1.1" 200 11961 "https://allure-spa.com/wp-login.php" "Mozilla/5.0 (Windows NT 10.0; Win64; x64) AppleWebKit/537.36 (KHTML, like Gecko) Chrome/130.0.0.0 Safari/537.36"
109.234.165.82 - - [14/Feb/2025:12:43:14 +0100] "POST /wp-cron.php?doing_wp_cron=1739533394.0469119548797607421875 HTTP/1.1" 200 - "https://www.allure-spa.com/wp-cron.php?doing_wp_cron=1739533394.0469119548797607421875" "WordPress/5.3.18; https://www.allure-spa.com"
185.104.44.106 - - [14/Feb/2025:12:43:13 +0100] "POST /wp-login.php HTTP/1.1" 301 - "https://allure-spa.com/wp-login.php" "Mozilla/5.0 (Windows NT 10.0; Win64; x64) AppleWebKit/537.36 (KHTML, like Gecko) Chrome/130.0.0.0 Safari/537.36"
185.104.44.106 - - [14/Feb/2025:12:43:22 +0100] "GET /wp-login.php HTTP/1.1" 200 5724 "https://allure-spa.com/wp-login.php" "Mozilla/5.0 (Windows NT 10.0; Win64; x64) AppleWebKit/537.36 (KHTML, like Gecko) Chrome/130.0.0.0 Safari/537.36"
217.196.160.115 - - [14/Feb/2025:12:43:40 +0100] "GET /wp-login.php HTTP/1.1" 200 11963 "-" "Mozilla/5.0 (Windows NT 10.0; Win64; x64) AppleWebKit/537.36 (KHTML, like Gecko) Chrome/130.0.0.0 Safari/537.36"
217.196.160.115 - - [14/Feb/2025:12:43:41 +0100] "POST /wp-login.php HTTP/1.1" 301 - "https://allure-spa.com/wp-login.php" "Mozilla/5.0 (Windows NT 10.0; Win64; x64) AppleWebKit/537.36 (KHTML, like Gecko) Chrome/130.0.0.0 Safari/537.36"
217.196.160.115 - - [14/Feb/2025:12:43:43 +0100] "GET /wp-login.php HTTP/1.1" 200 11963 "https://allure-spa.com/wp-login.php" "Mozilla/5.0 (Windows NT 10.0; Win64; x64) AppleWebKit/537.36 (KHTML, like Gecko) Chrome/130.0.0.0 Safari/537.36"
109.234.165.82 - - [14/Feb/2025:12:44:26 +0100] "POST /wp-cron.php?doing_wp_cron=1739533466.4879500865936279296875 HTTP/1.1" 200 - "https://www.allure-spa.com/wp-cron.php?doing_wp_cron=1739533466.4879500865936279296875" "WordPress/5.3.18; https://www.allure-spa.com"
89.46.109.204 - - [14/Feb/2025:12:44:25 +0100] "GET /wp-login.php HTTP/1.1" 200 5724 "-" "Mozilla/5.0 (Windows NT 10.0; Win64; x64) AppleWebKit/537.36 (KHTML, like Gecko) Chrome/130.0.0.0 Safari/537.36"
89.46.109.204 - - [14/Feb/2025:12:44:28 +0100] "POST /wp-login.php HTTP/1.1" 301 - "https://allure-spa.com/wp-login.php" "Mozilla/5.0 (Windows NT 10.0; Win64; x64) AppleWebKit/537.36 (KHTML, like Gecko) Chrome/130.0.0.0 Safari/537.36"
116.203.70.222 - - [14/Feb/2025:12:46:39 +0100] "GET /wp-login.php HTTP/1.1" 200 11962 "-" "Mozilla/5.0 (Windows NT 10.0; Win64; x64) AppleWebKit/537.36 (KHTML, like Gecko) Chrome/130.0.0.0 Safari/537.36"
109.234.165.82 - - [14/Feb/2025:12:46:41 +0100] "POST /wp-cron.php?doing_wp_cron=1739533601.0939939022064208984375 HTTP/1.1" 200 - "https://www.allure-spa.com/wp-cron.php?doing_wp_cron=1739533601.0939939022064208984375" "WordPress/5.3.18; https://www.allure-spa.com"
116.203.70.222 - - [14/Feb/2025:12:46:40 +0100] "POST /wp-login.php HTTP/1.1" 301 - "https://allure-spa.com/wp-login.php" "Mozilla/5.0 (Windows NT 10.0; Win64; x64) AppleWebKit/537.36 (KHTML, like Gecko) Chrome/130.0.0.0 Safari/537.36"
116.203.70.222 - - [14/Feb/2025:12:46:43 +0100] "GET /wp-login.php HTTP/1.1" 200 11962 "https://allure-spa.com/wp-login.php" "Mozilla/5.0 (Windows NT 10.0; Win64; x64) AppleWebKit/537.36 (KHTML, like Gecko) Chrome/130.0.0.0 Safari/537.36"
104.43.115.159 - - [14/Feb/2025:12:46:49 +0100] "POST /wp-login.php HTTP/1.1" 301 - "https://allure-spa.com/wp-login.php" "Mozilla/5.0 (Windows NT 10.0; Win64; x64) AppleWebKit/537.36 (KHTML, like Gecko) Chrome/130.0.0.0 Safari/537.36"
155.133.142.67 - - [14/Feb/2025:12:46:57 +0100] "POST /wp-login.php HTTP/1.1" 301 - "https://allure-spa.com/wp-login.php" "Mozilla/5.0 (Windows NT 10.0; Win64; x64) AppleWebKit/537.36 (KHTML, like Gecko) Chrome/130.0.0.0 Safari/537.36"
109.234.165.82 - - [14/Feb/2025:12:47:05 +0100] "POST /wp-cron.php?doing_wp_cron=1739533625.5000400543212890625000 HTTP/1.1" 200 - "https://www.allure-spa.com/wp-cron.php?doing_wp_cron=1739533625.5000400543212890625000" "WordPress/5.3.18; https://www.allure-spa.com"
35.195.242.233 - - [14/Feb/2025:12:47:04 +0100] "POST /wp-login.php HTTP/1.1" 301 - "https://allure-spa.com/wp-login.php" "Mozilla/5.0 (Windows NT 10.0; Win64; x64) AppleWebKit/537.36 (KHTML, like Gecko) Chrome/130.0.0.0 Safari/537.36"
109.234.165.82 - - [14/Feb/2025:12:47:25 +0100] "POST /wp-cron.php?doing_wp_cron=1739533645.1199688911437988281250 HTTP/1.1" 200 - "https://www.allure-spa.com/wp-cron.php?doing_wp_cron=1739533645.1199688911437988281250" "WordPress/5.3.18; https://www.allure-spa.com"
185.104.44.106 - - [14/Feb/2025:12:47:24 +0100] "GET /wp-login.php HTTP/1.1" 200 5724 "-" "Mozilla/5.0 (Windows NT 10.0; Win64; x64) AppleWebKit/537.36 (KHTML, like Gecko) Chrome/130.0.0.0 Safari/537.36"
185.104.44.106 - - [14/Feb/2025:12:47:27 +0100] "POST /wp-login.php HTTP/1.1" 301 - "https://allure-spa.com/wp-login.php" "Mozilla/5.0 (Windows NT 10.0; Win64; x64) AppleWebKit/537.36 (KHTML, like Gecko) Chrome/130.0.0.0 Safari/537.36"
185.104.44.106 - - [14/Feb/2025:12:47:30 +0100] "GET /wp-login.php HTTP/1.1" 200 5724 "https://allure-spa.com/wp-login.php" "Mozilla/5.0 (Windows NT 10.0; Win64; x64) AppleWebKit/537.36 (KHTML, like Gecko) Chrome/130.0.0.0 Safari/537.36"
202.124.204.254 - - [14/Feb/2025:12:47:50 +0100] "GET /wp-login.php HTTP/1.1" 200 11963 "-" "Mozilla/5.0 (Windows NT 10.0; Win64; x64) AppleWebKit/537.36 (KHTML, like Gecko) Chrome/130.0.0.0 Safari/537.36"
202.124.204.254 - - [14/Feb/2025:12:47:57 +0100] "POST /wp-login.php HTTP/1.1" 301 - "https://allure-spa.com/wp-login.php" "Mozilla/5.0 (Windows NT 10.0; Win64; x64) AppleWebKit/537.36 (KHTML, like Gecko) Chrome/130.0.0.0 Safari/537.36"
202.124.204.254 - - [14/Feb/2025:12:48:14 +0100] "GET /wp-login.php HTTP/1.1" 200 11963 "https://allure-spa.com/wp-login.php" "Mozilla/5.0 (Windows NT 10.0; Win64; x64) AppleWebKit/537.36 (KHTML, like Gecko) Chrome/130.0.0.0 Safari/537.36"
109.234.165.82 - - [14/Feb/2025:12:48:25 +0100] "POST /wp-cron.php?doing_wp_cron=1739533705.4737970829010009765625 HTTP/1.1" 200 - "https://www.allure-spa.com/wp-cron.php?doing_wp_cron=1739533705.4737970829010009765625" "WordPress/5.3.18; https://www.allure-spa.com"
66.249.66.164 - - [14/Feb/2025:12:48:24 +0100] "GET / HTTP/1.1" 200 179612 "-" "Mozilla/5.0 (Linux; Android 6.0.1; Nexus 5X Build/MMB29P) AppleWebKit/537.36 (KHTML, like Gecko) Chrome/133.0.6943.53 Mobile Safari/537.36 (compatible; Googlebot/2.1; +http://www.google.com/bot.html)"
167.172.140.65 - - [14/Feb/2025:12:48:26 +0100] "GET /wp-login.php HTTP/1.1" 200 5724 "-" "Mozilla/5.0 (Windows NT 10.0; Win64; x64) AppleWebKit/537.36 (KHTML, like Gecko) Chrome/130.0.0.0 Safari/537.36"
167.172.140.65 - - [14/Feb/2025:12:48:28 +0100] "POST /wp-login.php HTTP/1.1" 301 - "https://allure-spa.com/wp-login.php" "Mozilla/5.0 (Windows NT 10.0; Win64; x64) AppleWebKit/537.36 (KHTML, like Gecko) Chrome/130.0.0.0 Safari/537.36"
66.249.66.163 - - [14/Feb/2025:12:48:38 +0100] "GET /wp-content/plugins/js_composer/assets/js/dist/js_composer_front.min.js?ver=5.1.1 HTTP/1.1" 200 18908 "https://www.allure-spa.com/" "Mozilla/5.0 (Linux; Android 6.0.1; Nexus 5X Build/MMB29P) AppleWebKit/537.36 (KHTML, like Gecko) Chrome/133.0.6943.53 Mobile Safari/537.36 (compatible; Googlebot/2.1; +http://www.google.com/bot.html)"
66.249.66.163 - - [14/Feb/2025:12:48:38 +0100] "POST /?wc-ajax=get_refreshed_fragments HTTP/1.1" 200 271 "https://www.allure-spa.com/" "Mozilla/5.0 (Linux; Android 6.0.1; Nexus 5X Build/MMB29P) AppleWebKit/537.36 (KHTML, like Gecko) Chrome/133.0.6943.53 Mobile Safari/537.36 (compatible; Googlebot/2.1; +http://www.google.com/bot.html)"
8.210.225.126 - - [14/Feb/2025:12:48:44 +0100] "GET /wp-login.php HTTP/1.1" 200 11961 "-" "Mozilla/5.0 (Windows NT 10.0; Win64; x64) AppleWebKit/537.36 (KHTML, like Gecko) Chrome/130.0.0.0 Safari/537.36"
8.210.225.126 - - [14/Feb/2025:12:48:52 +0100] "POST /wp-login.php HTTP/1.1" 301 - "https://allure-spa.com/wp-login.php" "Mozilla/5.0 (Windows NT 10.0; Win64; x64) AppleWebKit/537.36 (KHTML, like Gecko) Chrome/130.0.0.0 Safari/537.36"
66.249.66.163 - - [14/Feb/2025:12:48:54 +0100] "GET /favicon.ico HTTP/1.1" 200 - "-" "Googlebot-Image/1.0"
8.210.225.126 - - [14/Feb/2025:12:49:16 +0100] "GET /wp-login.php HTTP/1.1" 200 11961 "https://allure-spa.com/wp-login.php" "Mozilla/5.0 (Windows NT 10.0; Win64; x64) AppleWebKit/537.36 (KHTML, like Gecko) Chrome/130.0.0.0 Safari/537.36"
109.234.165.82 - - [14/Feb/2025:12:49:35 +0100] "POST /wp-cron.php?doing_wp_cron=1739533775.4858899116516113281250 HTTP/1.1" 200 - "https://www.allure-spa.com/wp-cron.php?doing_wp_cron=1739533775.4858899116516113281250" "WordPress/5.3.18; https://www.allure-spa.com"
89.46.109.204 - - [14/Feb/2025:12:49:34 +0100] "GET /wp-login.php HTTP/1.1" 200 5725 "-" "Mozilla/5.0 (Windows NT 10.0; Win64; x64) AppleWebKit/537.36 (KHTML, like Gecko) Chrome/130.0.0.0 Safari/537.36"
89.46.109.204 - - [14/Feb/2025:12:49:37 +0100] "POST /wp-login.php HTTP/1.1" 301 - "https://allure-spa.com/wp-login.php" "Mozilla/5.0 (Windows NT 10.0; Win64; x64) AppleWebKit/537.36 (KHTML, like Gecko) Chrome/130.0.0.0 Safari/537.36"
103.42.206.187 - - [14/Feb/2025:12:49:45 +0100] "GET /wp-login.php HTTP/1.1" 200 11962 "-" "Mozilla/5.0 (Windows NT 10.0; Win64; x64) AppleWebKit/537.36 (KHTML, like Gecko) Chrome/130.0.0.0 Safari/537.36"
103.42.206.187 - - [14/Feb/2025:12:49:47 +0100] "POST /wp-login.php HTTP/1.1" 301 - "https://allure-spa.com/wp-login.php" "Mozilla/5.0 (Windows NT 10.0; Win64; x64) AppleWebKit/537.36 (KHTML, like Gecko) Chrome/130.0.0.0 Safari/537.36"
103.42.206.187 - - [14/Feb/2025:12:49:52 +0100] "GET /wp-login.php HTTP/1.1" 200 11962 "https://allure-spa.com/wp-login.php" "Mozilla/5.0 (Windows NT 10.0; Win64; x64) AppleWebKit/537.36 (KHTML, like Gecko) Chrome/130.0.0.0 Safari/537.36"
51.254.142.81 - - [14/Feb/2025:12:50:00 +0100] "POST /wp-login.php HTTP/1.1" 301 - "https://allure-spa.com/wp-login.php" "Mozilla/5.0 (Windows NT 10.0; Win64; x64) AppleWebKit/537.36 (KHTML, like Gecko) Chrome/130.0.0.0 Safari/537.36"
92.205.195.12 - - [14/Feb/2025:12:50:04 +0100] "POST /wp-login.php HTTP/1.1" 301 - "https://allure-spa.com/wp-login.php" "Mozilla/5.0 (Windows NT 10.0; Win64; x64) AppleWebKit/537.36 (KHTML, like Gecko) Chrome/130.0.0.0 Safari/537.36"
77.94.143.249 - - [14/Feb/2025:12:50:09 +0100] "POST /wp-login.php HTTP/1.1" 301 - "https://allure-spa.com/wp-login.php" "Mozilla/5.0 (Windows NT 10.0; Win64; x64) AppleWebKit/537.36 (KHTML, like Gecko) Chrome/130.0.0.0 Safari/537.36"
109.234.165.82 - - [14/Feb/2025:12:50:13 +0100] "POST /wp-cron.php?doing_wp_cron=1739533813.9674499034881591796875 HTTP/1.1" 200 - "https://www.allure-spa.com/wp-cron.php?doing_wp_cron=1739533813.9674499034881591796875" "WordPress/5.3.18; https://www.allure-spa.com"
41.208.191.147 - - [14/Feb/2025:12:50:14 +0100] "GET /wp-includes/js/wp-emoji-release.min.js?ver=5.3.18 HTTP/1.1" 200 13849 "https://www.allure-spa.com/nos-services/soins-du-visage/" "Mozilla/5.0 (Macintosh; Intel Mac OS X 10_15_7) AppleWebKit/605.1.15 (KHTML, like Gecko) Version/17.5 Safari/605.1.15"
41.208.191.147 - - [14/Feb/2025:12:50:13 +0100] "GET /nos-services/soins-du-visage/ HTTP/1.1" 200 106827 "https://www.google.com/" "Mozilla/5.0 (Macintosh; Intel Mac OS X 10_15_7) AppleWebKit/605.1.15 (KHTML, like Gecko) Version/17.5 Safari/605.1.15"
41.208.191.147 - - [14/Feb/2025:12:50:14 +0100] "GET /wp-content/plugins/revslider/public/assets/css/rs6.css?ver=6.1.2 HTTP/1.1" 200 56404 "https://www.allure-spa.com/nos-services/soins-du-visage/" "Mozilla/5.0 (Macintosh; Intel Mac OS X 10_15_7) AppleWebKit/605.1.15 (KHTML, like Gecko) Version/17.5 Safari/605.1.15"
41.208.191.147 - - [14/Feb/2025:12:50:14 +0100] "GET /wp-content/themes/werkstatt/assets/css/font-awesome.min.css HTTP/1.1" 200 29063 "https://www.allure-spa.com/nos-services/soins-du-visage/" "Mozilla/5.0 (Macintosh; Intel Mac OS X 10_15_7) AppleWebKit/605.1.15 (KHTML, like Gecko) Version/17.5 Safari/605.1.15"
41.208.191.147 - - [14/Feb/2025:12:50:15 +0100] "GET /wp-content/themes/werkstatt/assets/css/app.css?ver=2.3.4.1 HTTP/1.1" 200 326197 "https://www.allure-spa.com/nos-services/soins-du-visage/" "Mozilla/5.0 (Macintosh; Intel Mac OS X 10_15_7) AppleWebKit/605.1.15 (KHTML, like Gecko) Version/17.5 Safari/605.1.15"
41.208.191.147 - - [14/Feb/2025:12:50:15 +0100] "GET /wp-content/themes/werkstatt-child/style.css HTTP/1.1" 200 573 "https://www.allure-spa.com/nos-services/soins-du-visage/" "Mozilla/5.0 (Macintosh; Intel Mac OS X 10_15_7) AppleWebKit/605.1.15 (KHTML, like Gecko) Version/17.5 Safari/605.1.15"
41.208.191.147 - - [14/Feb/2025:12:50:15 +0100] "GET /wp-content/plugins/js_composer/assets/css/js_composer.min.css?ver=5.1.1 HTTP/1.1" 200 459328 "https://www.allure-spa.com/nos-services/soins-du-visage/" "Mozilla/5.0 (Macintosh; Intel Mac OS X 10_15_7) AppleWebKit/605.1.15 (KHTML, like Gecko) Version/17.5 Safari/605.1.15"
41.208.191.147 - - [14/Feb/2025:12:50:15 +0100] "GET /wp-content/plugins/premmerce-woocommerce-brands/assets/frontend/css/premmerce-brands.css?ver=5.3.18 HTTP/1.1" 200 1534 "https://www.allure-spa.com/nos-services/soins-du-visage/" "Mozilla/5.0 (Macintosh; Intel Mac OS X 10_15_7) AppleWebKit/605.1.15 (KHTML, like Gecko) Version/17.5 Safari/605.1.15"
41.208.191.147 - - [14/Feb/2025:12:50:15 +0100] "GET /wp-content/plugins/mpc-massive/assets/css/mpc-styles.css?ver=5.3.18 HTTP/1.1" 200 245189 "https://www.allure-spa.com/nos-services/soins-du-visage/" "Mozilla/5.0 (Macintosh; Intel Mac OS X 10_15_7) AppleWebKit/605.1.15 (KHTML, like Gecko) Version/17.5 Safari/605.1.15"
41.208.191.147 - - [14/Feb/2025:12:50:15 +0100] "GET /wp-content/plugins/revslider/public/assets/js/revolution.tools.min.js?ver=6.0 HTTP/1.1" 200 150436 "https://www.allure-spa.com/nos-services/soins-du-visage/" "Mozilla/5.0 (Macintosh; Intel Mac OS X 10_15_7) AppleWebKit/605.1.15 (KHTML, like Gecko) Version/17.5 Safari/605.1.15"
41.208.191.147 - - [14/Feb/2025:12:50:15 +0100] "GET /wp-content/plugins/revslider/public/assets/js/rs6.min.js?ver=6.1.2 HTTP/1.1" 200 269077 "https://www.allure-spa.com/nos-services/soins-du-visage/" "Mozilla/5.0 (Macintosh; Intel Mac OS X 10_15_7) AppleWebKit/605.1.15 (KHTML, like Gecko) Version/17.5 Safari/605.1.15"
41.208.191.147 - - [14/Feb/2025:12:50:15 +0100] "GET /wp-content/plugins/js_composer/assets/js/vendors/woocommerce-add-to-cart.js?ver=5.1.1 HTTP/1.1" 200 895 "https://www.allure-spa.com/nos-services/soins-du-visage/" "Mozilla/5.0 (Macintosh; Intel Mac OS X 10_15_7) AppleWebKit/605.1.15 (KHTML, like Gecko) Version/17.5 Safari/605.1.15"
41.208.191.147 - - [14/Feb/2025:12:50:15 +0100] "GET /wp-content/plugins/js_composer/assets/css/js_composer_tta.min.css?ver=5.1.1 HTTP/1.1" 200 318065 "https://www.allure-spa.com/nos-services/soins-du-visage/" "Mozilla/5.0 (Macintosh; Intel Mac OS X 10_15_7) AppleWebKit/605.1.15 (KHTML, like Gecko) Version/17.5 Safari/605.1.15"
41.208.191.147 - - [14/Feb/2025:12:50:15 +0100] "GET /wp-content/plugins/insta-gallery/assets/css/qligg.min.css?ver=2.6.5 HTTP/1.1" 200 59808 "https://www.allure-spa.com/nos-services/soins-du-visage/" "Mozilla/5.0 (Macintosh; Intel Mac OS X 10_15_7) AppleWebKit/605.1.15 (KHTML, like Gecko) Version/17.5 Safari/605.1.15"
41.208.191.147 - - [14/Feb/2025:12:50:15 +0100] "GET /wp-content/plugins/insta-gallery/assets/magnific-popup/magnific-popup.min.css?ver=2.6.5 HTTP/1.1" 200 5259 "https://www.allure-spa.com/nos-services/soins-du-visage/" "Mozilla/5.0 (Macintosh; Intel Mac OS X 10_15_7) AppleWebKit/605.1.15 (KHTML, like Gecko) Version/17.5 Safari/605.1.15"
41.208.191.147 - - [14/Feb/2025:12:50:15 +0100] "GET /wp-content/plugins/mailchimp-for-woocommerce/public/js/mailchimp-woocommerce-public.min.js?ver=2.3 HTTP/1.1" 200 5930 "https://www.allure-spa.com/nos-services/soins-du-visage/" "Mozilla/5.0 (Macintosh; Intel Mac OS X 10_15_7) AppleWebKit/605.1.15 (KHTML, like Gecko) Version/17.5 Safari/605.1.15"
41.208.191.147 - - [14/Feb/2025:12:50:15 +0100] "GET /wp-content/themes/werkstatt/assets/js/vendor.min.js?ver=2.3.4.1 HTTP/1.1" 200 602339 "https://www.allure-spa.com/nos-services/soins-du-visage/" "Mozilla/5.0 (Macintosh; Intel Mac OS X 10_15_7) AppleWebKit/605.1.15 (KHTML, like Gecko) Version/17.5 Safari/605.1.15"
41.208.191.147 - - [14/Feb/2025:12:50:15 +0100] "GET /wp-content/themes/werkstatt/assets/js/app.min.js?ver=2.3.4.1 HTTP/1.1" 200 53865 "https://www.allure-spa.com/nos-services/soins-du-visage/" "Mozilla/5.0 (Macintosh; Intel Mac OS X 10_15_7) AppleWebKit/605.1.15 (KHTML, like Gecko) Version/17.5 Safari/605.1.15"
41.208.191.147 - - [14/Feb/2025:12:50:15 +0100] "GET /wp-content/plugins/mpc-massive/assets/js/mpc-vendor.min.js?ver=2.3.2 HTTP/1.1" 200 81856 "https://www.allure-spa.com/nos-services/soins-du-visage/" "Mozilla/5.0 (Macintosh; Intel Mac OS X 10_15_7) AppleWebKit/605.1.15 (KHTML, like Gecko) Version/17.5 Safari/605.1.15"
41.208.191.147 - - [14/Feb/2025:12:50:15 +0100] "GET /wp-content/plugins/mpc-massive/assets/js/mpc-scripts.min.js?ver=2.3.2 HTTP/1.1" 200 95710 "https://www.allure-spa.com/nos-services/soins-du-visage/" "Mozilla/5.0 (Macintosh; Intel Mac OS X 10_15_7) AppleWebKit/605.1.15 (KHTML, like Gecko) Version/17.5 Safari/605.1.15"
41.208.191.147 - - [14/Feb/2025:12:50:15 +0100] "GET /wp-content/plugins/js_composer/assets/js/dist/js_composer_front.min.js?ver=5.1.1 HTTP/1.1" 200 18908 "https://www.allure-spa.com/nos-services/soins-du-visage/" "Mozilla/5.0 (Macintosh; Intel Mac OS X 10_15_7) AppleWebKit/605.1.15 (KHTML, like Gecko) Version/17.5 Safari/605.1.15"
41.208.191.147 - - [14/Feb/2025:12:50:15 +0100] "GET /wp-content/plugins/js_composer/assets/lib/vc_accordion/vc-accordion.min.js?ver=5.1.1 HTTP/1.1" 200 11805 "https://www.allure-spa.com/nos-services/soins-du-visage/" "Mozilla/5.0 (Macintosh; Intel Mac OS X 10_15_7) AppleWebKit/605.1.15 (KHTML, like Gecko) Version/17.5 Safari/605.1.15"
41.208.191.147 - - [14/Feb/2025:12:50:15 +0100] "GET /wp-content/plugins/js_composer/assets/lib/vc-tta-autoplay/vc-tta-autoplay.min.js?ver=5.1.1 HTTP/1.1" 200 2426 "https://www.allure-spa.com/nos-services/soins-du-visage/" "Mozilla/5.0 (Macintosh; Intel Mac OS X 10_15_7) AppleWebKit/605.1.15 (KHTML, like Gecko) Version/17.5 Safari/605.1.15"
41.208.191.147 - - [14/Feb/2025:12:50:15 +0100] "GET /wp-content/plugins/insta-gallery/assets/js/qligg.min.js?ver=2.6.5 HTTP/1.1" 200 4819 "https://www.allure-spa.com/nos-services/soins-du-visage/" "Mozilla/5.0 (Macintosh; Intel Mac OS X 10_15_7) AppleWebKit/605.1.15 (KHTML, like Gecko) Version/17.5 Safari/605.1.15"
41.208.191.147 - - [14/Feb/2025:12:50:15 +0100] "GET /wp-content/plugins/insta-gallery/assets/magnific-popup/jquery.magnific-popup.min.js?ver=2.6.5 HTTP/1.1" 200 20219 "https://www.allure-spa.com/nos-services/soins-du-visage/" "Mozilla/5.0 (Macintosh; Intel Mac OS X 10_15_7) AppleWebKit/605.1.15 (KHTML, like Gecko) Version/17.5 Safari/605.1.15"
41.208.191.147 - - [14/Feb/2025:12:50:15 +0100] "GET /wp-content/themes/werkstatt/style.css HTTP/1.1" 200 1423 "https://www.allure-spa.com/nos-services/soins-du-visage/" "Mozilla/5.0 (Macintosh; Intel Mac OS X 10_15_7) AppleWebKit/605.1.15 (KHTML, like Gecko) Version/17.5 Safari/605.1.15"
41.208.191.147 - - [14/Feb/2025:12:50:15 +0100] "GET /wp-content/uploads/2019/12/allure-logo-e1577020517255.jpeg HTTP/1.1" 200 21177 "https://www.allure-spa.com/nos-services/soins-du-visage/" "Mozilla/5.0 (Macintosh; Intel Mac OS X 10_15_7) AppleWebKit/605.1.15 (KHTML, like Gecko) Version/17.5 Safari/605.1.15"
41.208.191.147 - - [14/Feb/2025:12:50:15 +0100] "GET /wp-content/themes/werkstatt/assets/fonts/fontawesome-webfont.woff2?v=4.6.3 HTTP/1.1" 200 71896 "https://www.allure-spa.com/nos-services/soins-du-visage/" "Mozilla/5.0 (Macintosh; Intel Mac OS X 10_15_7) AppleWebKit/605.1.15 (KHTML, like Gecko) Version/17.5 Safari/605.1.15"
41.208.191.147 - - [14/Feb/2025:12:50:15 +0100] "GET /wp-content/uploads/2019/11/slider2_Plan-de-travail-1.jpg HTTP/1.1" 200 392099 "https://www.allure-spa.com/nos-services/soins-du-visage/" "Mozilla/5.0 (Macintosh; Intel Mac OS X 10_15_7) AppleWebKit/605.1.15 (KHTML, like Gecko) Version/17.5 Safari/605.1.15"
41.208.191.147 - - [14/Feb/2025:12:50:16 +0100] "GET /favicon.ico HTTP/1.1" 200 - "https://www.allure-spa.com/nos-services/soins-du-visage/" "Mozilla/5.0 (Macintosh; Intel Mac OS X 10_15_7) AppleWebKit/605.1.15 (KHTML, like Gecko) Version/17.5 Safari/605.1.15"
41.208.191.147 - - [14/Feb/2025:12:50:16 +0100] "POST /?wc-ajax=get_refreshed_fragments HTTP/1.1" 200 271 "https://www.allure-spa.com/nos-services/soins-du-visage/" "Mozilla/5.0 (Macintosh; Intel Mac OS X 10_15_7) AppleWebKit/605.1.15 (KHTML, like Gecko) Version/17.5 Safari/605.1.15"
74.208.90.100 - - [14/Feb/2025:12:50:16 +0100] "POST /wp-login.php HTTP/1.1" 301 - "https://allure-spa.com/wp-login.php" "Mozilla/5.0 (Windows NT 10.0; Win64; x64) AppleWebKit/537.36 (KHTML, like Gecko) Chrome/130.0.0.0 Safari/537.36"
41.208.191.147 - - [14/Feb/2025:12:50:16 +0100] "POST /wp-admin/admin-ajax.php HTTP/1.1" 200 237 "https://www.allure-spa.com/nos-services/soins-du-visage/" "Mozilla/5.0 (Macintosh; Intel Mac OS X 10_15_7) AppleWebKit/605.1.15 (KHTML, like Gecko) Version/17.5 Safari/605.1.15"
54.94.210.155 - - [14/Feb/2025:12:50:20 +0100] "GET /wp-login.php HTTP/1.1" 200 11961 "-" "Mozilla/5.0 (Windows NT 10.0; Win64; x64) AppleWebKit/537.36 (KHTML, like Gecko) Chrome/130.0.0.0 Safari/537.36"
54.94.210.155 - - [14/Feb/2025:12:50:23 +0100] "POST /wp-login.php HTTP/1.1" 200 11961 "https://allure-spa.com/wp-login.php" "Mozilla/5.0 (Windows NT 10.0; Win64; x64) AppleWebKit/537.36 (KHTML, like Gecko) Chrome/130.0.0.0 Safari/537.36"
199.188.200.24 - - [14/Feb/2025:12:50:40 +0100] "POST /wp-login.php HTTP/1.1" 301 - "https://allure-spa.com/wp-login.php" "Mozilla/5.0 (Windows NT 10.0; Win64; x64) AppleWebKit/537.36 (KHTML, like Gecko) Chrome/130.0.0.0 Safari/537.36"
199.188.200.24 - - [14/Feb/2025:12:50:56 +0100] "GET /wp-login.php HTTP/1.1" 200 5724 "https://allure-spa.com/wp-login.php" "Mozilla/5.0 (Windows NT 10.0; Win64; x64) AppleWebKit/537.36 (KHTML, like Gecko) Chrome/130.0.0.0 Safari/537.36"
198.54.121.141 - - [14/Feb/2025:12:51:05 +0100] "GET /wp-login.php HTTP/1.1" 200 5725 "-" "Mozilla/5.0 (Windows NT 10.0; Win64; x64) AppleWebKit/537.36 (KHTML, like Gecko) Chrome/130.0.0.0 Safari/537.36"
198.54.121.141 - - [14/Feb/2025:12:51:07 +0100] "POST /wp-login.php HTTP/1.1" 301 - "https://allure-spa.com/wp-login.php" "Mozilla/5.0 (Windows NT 10.0; Win64; x64) AppleWebKit/537.36 (KHTML, like Gecko) Chrome/130.0.0.0 Safari/537.36"
198.54.121.141 - - [14/Feb/2025:12:51:11 +0100] "GET /wp-login.php HTTP/1.1" 200 5724 "https://allure-spa.com/wp-login.php" "Mozilla/5.0 (Windows NT 10.0; Win64; x64) AppleWebKit/537.36 (KHTML, like Gecko) Chrome/130.0.0.0 Safari/537.36"
172.105.76.137 - - [14/Feb/2025:12:51:21 +0100] "GET /wp-login.php HTTP/1.1" 200 11962 "-" "Mozilla/5.0 (Windows NT 10.0; Win64; x64) AppleWebKit/537.36 (KHTML, like Gecko) Chrome/130.0.0.0 Safari/537.36"
109.234.165.82 - - [14/Feb/2025:12:51:25 +0100] "POST /wp-cron.php?doing_wp_cron=1739533885.4494779109954833984375 HTTP/1.1" 200 - "https://www.allure-spa.com/wp-cron.php?doing_wp_cron=1739533885.4494779109954833984375" "WordPress/5.3.18; https://www.allure-spa.com"
172.105.76.137 - - [14/Feb/2025:12:51:24 +0100] "POST /wp-login.php HTTP/1.1" 301 - "https://allure-spa.com/wp-login.php" "Mozilla/5.0 (Windows NT 10.0; Win64; x64) AppleWebKit/537.36 (KHTML, like Gecko) Chrome/130.0.0.0 Safari/537.36"
172.105.76.137 - - [14/Feb/2025:12:51:30 +0100] "GET /wp-login.php HTTP/1.1" 200 11962 "https://allure-spa.com/wp-login.php" "Mozilla/5.0 (Windows NT 10.0; Win64; x64) AppleWebKit/537.36 (KHTML, like Gecko) Chrome/130.0.0.0 Safari/537.36"
64.227.28.230 - - [14/Feb/2025:12:51:40 +0100] "POST /wp-login.php HTTP/1.1" 301 - "https://allure-spa.com/wp-login.php" "Mozilla/5.0 (Windows NT 10.0; Win64; x64) AppleWebKit/537.36 (KHTML, like Gecko) Chrome/130.0.0.0 Safari/537.36"
89.46.109.204 - - [14/Feb/2025:12:51:52 +0100] "GET /wp-login.php HTTP/1.1" 200 5724 "-" "Mozilla/5.0 (Windows NT 10.0; Win64; x64) AppleWebKit/537.36 (KHTML, like Gecko) Chrome/130.0.0.0 Safari/537.36"
89.46.109.204 - - [14/Feb/2025:12:51:53 +0100] "POST /wp-login.php HTTP/1.1" 301 - "https://allure-spa.com/wp-login.php" "Mozilla/5.0 (Windows NT 10.0; Win64; x64) AppleWebKit/537.36 (KHTML, like Gecko) Chrome/130.0.0.0 Safari/537.36"
172.206.199.140 - - [14/Feb/2025:12:51:58 +0100] "GET /wp-login.php HTTP/1.1" 200 11963 "-" "Mozilla/5.0 (Windows NT 10.0; Win64; x64) AppleWebKit/537.36 (KHTML, like Gecko) Chrome/130.0.0.0 Safari/537.36"
109.234.165.82 - - [14/Feb/2025:12:52:18 +0100] "POST /wp-cron.php?doing_wp_cron=1739533938.1435079574584960937500 HTTP/1.1" 200 - "https://www.allure-spa.com/wp-cron.php?doing_wp_cron=1739533938.1435079574584960937500" "WordPress/5.3.18; https://www.allure-spa.com"
198.54.120.100 - - [14/Feb/2025:12:52:17 +0100] "POST /wp-login.php HTTP/1.1" 301 - "https://allure-spa.com/wp-login.php" "Mozilla/5.0 (Windows NT 10.0; Win64; x64) AppleWebKit/537.36 (KHTML, like Gecko) Chrome/130.0.0.0 Safari/537.36"
198.54.120.100 - - [14/Feb/2025:12:52:36 +0100] "GET /wp-login.php HTTP/1.1" 200 5724 "https://allure-spa.com/wp-login.php" "Mozilla/5.0 (Windows NT 10.0; Win64; x64) AppleWebKit/537.36 (KHTML, like Gecko) Chrome/130.0.0.0 Safari/537.36"
104.248.231.55 - - [14/Feb/2025:12:52:47 +0100] "GET /wp-login.php HTTP/1.1" 200 11962 "-" "Mozilla/5.0 (Windows NT 10.0; Win64; x64) AppleWebKit/537.36 (KHTML, like Gecko) Chrome/130.0.0.0 Safari/537.36"
104.248.231.55 - - [14/Feb/2025:12:52:52 +0100] "POST /wp-login.php HTTP/1.1" 301 - "https://allure-spa.com/wp-login.php" "Mozilla/5.0 (Windows NT 10.0; Win64; x64) AppleWebKit/537.36 (KHTML, like Gecko) Chrome/130.0.0.0 Safari/537.36"
104.248.231.55 - - [14/Feb/2025:12:52:57 +0100] "GET /wp-login.php HTTP/1.1" 200 11962 "https://allure-spa.com/wp-login.php" "Mozilla/5.0 (Windows NT 10.0; Win64; x64) AppleWebKit/537.36 (KHTML, like Gecko) Chrome/130.0.0.0 Safari/537.36"
212.68.40.15 - - [14/Feb/2025:12:53:07 +0100] "POST /wp-login.php HTTP/1.1" 301 - "https://allure-spa.com/wp-login.php" "Mozilla/5.0 (Windows NT 10.0; Win64; x64) AppleWebKit/537.36 (KHTML, like Gecko) Chrome/130.0.0.0 Safari/537.36"
109.234.165.82 - - [14/Feb/2025:12:53:17 +0100] "POST /wp-cron.php?doing_wp_cron=1739533997.5433499813079833984375 HTTP/1.1" 200 - "https://www.allure-spa.com/wp-cron.php?doing_wp_cron=1739533997.5433499813079833984375" "WordPress/5.3.18; https://www.allure-spa.com"
139.59.168.227 - - [14/Feb/2025:12:53:16 +0100] "POST /wp-login.php HTTP/1.1" 301 - "https://allure-spa.com/wp-login.php" "Mozilla/5.0 (Windows NT 10.0; Win64; x64) AppleWebKit/537.36 (KHTML, like Gecko) Chrome/130.0.0.0 Safari/537.36"
139.59.168.227 - - [14/Feb/2025:12:53:32 +0100] "GET /wp-login.php HTTP/1.1" 200 11962 "-" "Mozilla/5.0 (Windows NT 10.0; Win64; x64) AppleWebKit/537.36 (KHTML, like Gecko) Chrome/130.0.0.0 Safari/537.36"
139.59.168.227 - - [14/Feb/2025:12:53:33 +0100] "POST /wp-login.php HTTP/1.1" 301 - "https://allure-spa.com/wp-login.php" "Mozilla/5.0 (Windows NT 10.0; Win64; x64) AppleWebKit/537.36 (KHTML, like Gecko) Chrome/130.0.0.0 Safari/537.36"
139.59.168.227 - - [14/Feb/2025:12:53:35 +0100] "GET /wp-login.php HTTP/1.1" 200 11962 "https://allure-spa.com/wp-login.php" "Mozilla/5.0 (Windows NT 10.0; Win64; x64) AppleWebKit/537.36 (KHTML, like Gecko) Chrome/130.0.0.0 Safari/537.36"
188.37.92.161 - - [14/Feb/2025:12:53:40 +0100] "POST /wp-login.php HTTP/1.1" 301 - "https://allure-spa.com/wp-login.php" "Mozilla/5.0 (Windows NT 10.0; Win64; x64) AppleWebKit/537.36 (KHTML, like Gecko) Chrome/130.0.0.0 Safari/537.36"
14.232.152.198 - - [14/Feb/2025:12:54:06 +0100] "POST /wp-login.php HTTP/1.1" 301 - "https://allure-spa.com/wp-login.php" "Mozilla/5.0 (Windows NT 10.0; Win64; x64) AppleWebKit/537.36 (KHTML, like Gecko) Chrome/130.0.0.0 Safari/537.36"
14.232.152.198 - - [14/Feb/2025:12:54:28 +0100] "GET /wp-login.php HTTP/1.1" 200 11962 "https://allure-spa.com/wp-login.php" "Mozilla/5.0 (Windows NT 10.0; Win64; x64) AppleWebKit/537.36 (KHTML, like Gecko) Chrome/130.0.0.0 Safari/537.36"
51.254.142.81 - - [14/Feb/2025:12:54:34 +0100] "GET /wp-login.php HTTP/1.1" 200 11961 "-" "Mozilla/5.0 (Windows NT 10.0; Win64; x64) AppleWebKit/537.36 (KHTML, like Gecko) Chrome/130.0.0.0 Safari/537.36"
51.254.142.81 - - [14/Feb/2025:12:54:36 +0100] "POST /wp-login.php HTTP/1.1" 301 - "https://allure-spa.com/wp-login.php" "Mozilla/5.0 (Windows NT 10.0; Win64; x64) AppleWebKit/537.36 (KHTML, like Gecko) Chrome/130.0.0.0 Safari/537.36"
109.234.165.82 - - [14/Feb/2025:12:54:37 +0100] "POST /wp-cron.php?doing_wp_cron=1739534077.3915090560913085937500 HTTP/1.1" 200 - "https://www.allure-spa.com/wp-cron.php?doing_wp_cron=1739534077.3915090560913085937500" "WordPress/5.3.18; https://www.allure-spa.com"
66.249.66.165 - - [14/Feb/2025:12:54:44 +0100] "GET /produit/sun-ceutic-50/feed/ HTTP/1.1" 200 913 "-" "Mozilla/5.0 (Linux; Android 6.0.1; Nexus 5X Build/MMB29P) AppleWebKit/537.36 (KHTML, like Gecko) Chrome/133.0.6943.53 Mobile Safari/537.36 (compatible; Googlebot/2.1; +http://www.google.com/bot.html)"
162.43.117.159 - - [14/Feb/2025:12:54:52 +0100] "POST /wp-login.php HTTP/1.1" 301 - "https://allure-spa.com/wp-login.php" "Mozilla/5.0 (Windows NT 10.0; Win64; x64) AppleWebKit/537.36 (KHTML, like Gecko) Chrome/130.0.0.0 Safari/537.36"
162.43.117.159 - - [14/Feb/2025:12:55:00 +0100] "GET /wp-login.php HTTP/1.1" 200 5724 "https://allure-spa.com/wp-login.php" "Mozilla/5.0 (Windows NT 10.0; Win64; x64) AppleWebKit/537.36 (KHTML, like Gecko) Chrome/130.0.0.0 Safari/537.36"
51.79.255.213 - - [14/Feb/2025:12:55:09 +0100] "GET /wp-login.php HTTP/1.1" 200 11961 "-" "Mozilla/5.0 (Windows NT 10.0; Win64; x64) AppleWebKit/537.36 (KHTML, like Gecko) Chrome/130.0.0.0 Safari/537.36"
109.234.165.82 - - [14/Feb/2025:12:55:13 +0100] "POST /wp-cron.php?doing_wp_cron=1739534113.4835269451141357421875 HTTP/1.1" 200 - "https://www.allure-spa.com/wp-cron.php?doing_wp_cron=1739534113.4835269451141357421875" "WordPress/5.3.18; https://www.allure-spa.com"
51.79.255.213 - - [14/Feb/2025:12:55:12 +0100] "POST /wp-login.php HTTP/1.1" 301 - "https://allure-spa.com/wp-login.php" "Mozilla/5.0 (Windows NT 10.0; Win64; x64) AppleWebKit/537.36 (KHTML, like Gecko) Chrome/130.0.0.0 Safari/537.36"
51.79.255.213 - - [14/Feb/2025:12:55:17 +0100] "GET /wp-login.php HTTP/1.1" 200 11961 "https://allure-spa.com/wp-login.php" "Mozilla/5.0 (Windows NT 10.0; Win64; x64) AppleWebKit/537.36 (KHTML, like Gecko) Chrome/130.0.0.0 Safari/537.36"
217.182.158.226 - - [14/Feb/2025:12:55:22 +0100] "POST /wp-login.php HTTP/1.1" 301 - "https://allure-spa.com/wp-login.php" "Mozilla/5.0 (Windows NT 10.0; Win64; x64) AppleWebKit/537.36 (KHTML, like Gecko) Chrome/130.0.0.0 Safari/537.36"
173.236.221.85 - - [14/Feb/2025:12:55:37 +0100] "POST /wp-login.php HTTP/1.1" 301 - "https://allure-spa.com/wp-login.php" "Mozilla/5.0 (Windows NT 10.0; Win64; x64) AppleWebKit/537.36 (KHTML, like Gecko) Chrome/130.0.0.0 Safari/537.36"
54.36.174.111 - - [14/Feb/2025:12:55:41 +0100] "GET /wp-login.php HTTP/1.1" 200 11961 "-" "Mozilla/5.0 (Windows NT 10.0; Win64; x64) AppleWebKit/537.36 (KHTML, like Gecko) Chrome/130.0.0.0 Safari/537.36"
54.36.174.111 - - [14/Feb/2025:12:55:43 +0100] "POST /wp-login.php HTTP/1.1" 301 - "https://allure-spa.com/wp-login.php" "Mozilla/5.0 (Windows NT 10.0; Win64; x64) AppleWebKit/537.36 (KHTML, like Gecko) Chrome/130.0.0.0 Safari/537.36"
162.0.232.67 - - [14/Feb/2025:12:55:49 +0100] "POST /wp-login.php HTTP/1.1" 301 - "https://allure-spa.com/wp-login.php" "Mozilla/5.0 (Windows NT 10.0; Win64; x64) AppleWebKit/537.36 (KHTML, like Gecko) Chrome/130.0.0.0 Safari/537.36"
162.0.232.67 - - [14/Feb/2025:12:55:54 +0100] "GET /wp-login.php HTTP/1.1" 200 5725 "https://allure-spa.com/wp-login.php" "Mozilla/5.0 (Windows NT 10.0; Win64; x64) AppleWebKit/537.36 (KHTML, like Gecko) Chrome/130.0.0.0 Safari/537.36"
41.82.168.74 - - [14/Feb/2025:12:55:56 +0100] "GET /nos-services/coiffure/ HTTP/1.1" 200 94566 "https://www.google.com/" "Mozilla/5.0 (Linux; Android 10; K) AppleWebKit/537.36 (KHTML, like Gecko) Chrome/133.0.0.0 Mobile Safari/537.36"
41.82.168.74 - - [14/Feb/2025:12:55:57 +0100] "GET /wp-content/plugins/revslider/public/assets/css/rs6.css?ver=6.1.2 HTTP/1.1" 200 56404 "https://www.allure-spa.com/nos-services/coiffure/" "Mozilla/5.0 (Linux; Android 10; K) AppleWebKit/537.36 (KHTML, like Gecko) Chrome/133.0.0.0 Mobile Safari/537.36"
41.82.168.74 - - [14/Feb/2025:12:55:57 +0100] "GET /wp-content/themes/werkstatt/assets/css/font-awesome.min.css HTTP/1.1" 200 29063 "https://www.allure-spa.com/nos-services/coiffure/" "Mozilla/5.0 (Linux; Android 10; K) AppleWebKit/537.36 (KHTML, like Gecko) Chrome/133.0.0.0 Mobile Safari/537.36"
41.82.168.74 - - [14/Feb/2025:12:55:57 +0100] "GET /wp-content/themes/werkstatt/assets/css/app.css?ver=2.3.4.1 HTTP/1.1" 200 326197 "https://www.allure-spa.com/nos-services/coiffure/" "Mozilla/5.0 (Linux; Android 10; K) AppleWebKit/537.36 (KHTML, like Gecko) Chrome/133.0.0.0 Mobile Safari/537.36"
41.82.168.74 - - [14/Feb/2025:12:55:57 +0100] "GET /wp-content/themes/werkstatt-child/style.css HTTP/1.1" 200 573 "https://www.allure-spa.com/nos-services/coiffure/" "Mozilla/5.0 (Linux; Android 10; K) AppleWebKit/537.36 (KHTML, like Gecko) Chrome/133.0.0.0 Mobile Safari/537.36"
41.82.168.74 - - [14/Feb/2025:12:55:57 +0100] "GET /wp-content/plugins/js_composer/assets/css/js_composer.min.css?ver=5.1.1 HTTP/1.1" 200 459328 "https://www.allure-spa.com/nos-services/coiffure/" "Mozilla/5.0 (Linux; Android 10; K) AppleWebKit/537.36 (KHTML, like Gecko) Chrome/133.0.0.0 Mobile Safari/537.36"
41.82.168.74 - - [14/Feb/2025:12:55:57 +0100] "GET /wp-content/plugins/premmerce-woocommerce-brands/assets/frontend/css/premmerce-brands.css?ver=5.3.18 HTTP/1.1" 200 1534 "https://www.allure-spa.com/nos-services/coiffure/" "Mozilla/5.0 (Linux; Android 10; K) AppleWebKit/537.36 (KHTML, like Gecko) Chrome/133.0.0.0 Mobile Safari/537.36"
41.82.168.74 - - [14/Feb/2025:12:55:57 +0100] "GET /wp-content/plugins/mpc-massive/assets/css/mpc-styles.css?ver=5.3.18 HTTP/1.1" 200 245189 "https://www.allure-spa.com/nos-services/coiffure/" "Mozilla/5.0 (Linux; Android 10; K) AppleWebKit/537.36 (KHTML, like Gecko) Chrome/133.0.0.0 Mobile Safari/537.36"
41.82.168.74 - - [14/Feb/2025:12:55:57 +0100] "GET /wp-content/plugins/revslider/public/assets/js/revolution.tools.min.js?ver=6.0 HTTP/1.1" 200 150436 "https://www.allure-spa.com/nos-services/coiffure/" "Mozilla/5.0 (Linux; Android 10; K) AppleWebKit/537.36 (KHTML, like Gecko) Chrome/133.0.0.0 Mobile Safari/537.36"
41.82.168.74 - - [14/Feb/2025:12:55:57 +0100] "GET /wp-content/plugins/revslider/public/assets/js/rs6.min.js?ver=6.1.2 HTTP/1.1" 200 269077 "https://www.allure-spa.com/nos-services/coiffure/" "Mozilla/5.0 (Linux; Android 10; K) AppleWebKit/537.36 (KHTML, like Gecko) Chrome/133.0.0.0 Mobile Safari/537.36"
41.82.168.74 - - [14/Feb/2025:12:55:57 +0100] "GET /wp-content/plugins/js_composer/assets/js/vendors/woocommerce-add-to-cart.js?ver=5.1.1 HTTP/1.1" 200 895 "https://www.allure-spa.com/nos-services/coiffure/" "Mozilla/5.0 (Linux; Android 10; K) AppleWebKit/537.36 (KHTML, like Gecko) Chrome/133.0.0.0 Mobile Safari/537.36"
41.82.168.74 - - [14/Feb/2025:12:55:57 +0100] "GET /wp-content/uploads/2019/12/allure-logo-e1577020517255.jpeg HTTP/1.1" 200 21177 "https://www.allure-spa.com/nos-services/coiffure/" "Mozilla/5.0 (Linux; Android 10; K) AppleWebKit/537.36 (KHTML, like Gecko) Chrome/133.0.0.0 Mobile Safari/537.36"
41.82.168.74 - - [14/Feb/2025:12:55:57 +0100] "GET /wp-content/plugins/js_composer/assets/css/js_composer_tta.min.css?ver=5.1.1 HTTP/1.1" 200 318065 "https://www.allure-spa.com/nos-services/coiffure/" "Mozilla/5.0 (Linux; Android 10; K) AppleWebKit/537.36 (KHTML, like Gecko) Chrome/133.0.0.0 Mobile Safari/537.36"
41.82.168.74 - - [14/Feb/2025:12:55:58 +0100] "GET /wp-content/themes/werkstatt/style.css HTTP/1.1" 200 1423 "https://www.allure-spa.com/wp-content/themes/werkstatt-child/style.css" "Mozilla/5.0 (Linux; Android 10; K) AppleWebKit/537.36 (KHTML, like Gecko) Chrome/133.0.0.0 Mobile Safari/537.36"
41.82.168.74 - - [14/Feb/2025:12:55:58 +0100] "GET /wp-content/plugins/insta-gallery/assets/css/qligg.min.css?ver=2.6.5 HTTP/1.1" 200 59808 "https://www.allure-spa.com/nos-services/coiffure/" "Mozilla/5.0 (Linux; Android 10; K) AppleWebKit/537.36 (KHTML, like Gecko) Chrome/133.0.0.0 Mobile Safari/537.36"
41.82.168.74 - - [14/Feb/2025:12:55:58 +0100] "GET /wp-content/plugins/insta-gallery/assets/magnific-popup/magnific-popup.min.css?ver=2.6.5 HTTP/1.1" 200 5259 "https://www.allure-spa.com/nos-services/coiffure/" "Mozilla/5.0 (Linux; Android 10; K) AppleWebKit/537.36 (KHTML, like Gecko) Chrome/133.0.0.0 Mobile Safari/537.36"
41.82.168.74 - - [14/Feb/2025:12:55:58 +0100] "GET /wp-content/plugins/mailchimp-for-woocommerce/public/js/mailchimp-woocommerce-public.min.js?ver=2.3 HTTP/1.1" 200 5930 "https://www.allure-spa.com/nos-services/coiffure/" "Mozilla/5.0 (Linux; Android 10; K) AppleWebKit/537.36 (KHTML, like Gecko) Chrome/133.0.0.0 Mobile Safari/537.36"
41.82.168.74 - - [14/Feb/2025:12:55:58 +0100] "GET /wp-content/themes/werkstatt/assets/js/vendor.min.js?ver=2.3.4.1 HTTP/1.1" 200 602339 "https://www.allure-spa.com/nos-services/coiffure/" "Mozilla/5.0 (Linux; Android 10; K) AppleWebKit/537.36 (KHTML, like Gecko) Chrome/133.0.0.0 Mobile Safari/537.36"
41.82.168.74 - - [14/Feb/2025:12:55:58 +0100] "GET /wp-content/themes/werkstatt/assets/js/app.min.js?ver=2.3.4.1 HTTP/1.1" 200 53865 "https://www.allure-spa.com/nos-services/coiffure/" "Mozilla/5.0 (Linux; Android 10; K) AppleWebKit/537.36 (KHTML, like Gecko) Chrome/133.0.0.0 Mobile Safari/537.36"
41.82.168.74 - - [14/Feb/2025:12:55:58 +0100] "GET /wp-content/plugins/mpc-massive/assets/js/mpc-vendor.min.js?ver=2.3.2 HTTP/1.1" 200 81856 "https://www.allure-spa.com/nos-services/coiffure/" "Mozilla/5.0 (Linux; Android 10; K) AppleWebKit/537.36 (KHTML, like Gecko) Chrome/133.0.0.0 Mobile Safari/537.36"
41.82.168.74 - - [14/Feb/2025:12:55:58 +0100] "GET /wp-content/plugins/mpc-massive/assets/js/mpc-scripts.min.js?ver=2.3.2 HTTP/1.1" 200 95710 "https://www.allure-spa.com/nos-services/coiffure/" "Mozilla/5.0 (Linux; Android 10; K) AppleWebKit/537.36 (KHTML, like Gecko) Chrome/133.0.0.0 Mobile Safari/537.36"
41.82.168.74 - - [14/Feb/2025:12:55:58 +0100] "GET /wp-content/plugins/js_composer/assets/js/dist/js_composer_front.min.js?ver=5.1.1 HTTP/1.1" 200 18908 "https://www.allure-spa.com/nos-services/coiffure/" "Mozilla/5.0 (Linux; Android 10; K) AppleWebKit/537.36 (KHTML, like Gecko) Chrome/133.0.0.0 Mobile Safari/537.36"
41.82.168.74 - - [14/Feb/2025:12:55:58 +0100] "GET /wp-content/plugins/js_composer/assets/lib/vc_accordion/vc-accordion.min.js?ver=5.1.1 HTTP/1.1" 200 11805 "https://www.allure-spa.com/nos-services/coiffure/" "Mozilla/5.0 (Linux; Android 10; K) AppleWebKit/537.36 (KHTML, like Gecko) Chrome/133.0.0.0 Mobile Safari/537.36"
41.82.168.74 - - [14/Feb/2025:12:55:58 +0100] "GET /wp-content/plugins/js_composer/assets/lib/vc-tta-autoplay/vc-tta-autoplay.min.js?ver=5.1.1 HTTP/1.1" 200 2426 "https://www.allure-spa.com/nos-services/coiffure/" "Mozilla/5.0 (Linux; Android 10; K) AppleWebKit/537.36 (KHTML, like Gecko) Chrome/133.0.0.0 Mobile Safari/537.36"
41.82.168.74 - - [14/Feb/2025:12:55:58 +0100] "GET /wp-content/plugins/insta-gallery/assets/js/qligg.min.js?ver=2.6.5 HTTP/1.1" 200 4819 "https://www.allure-spa.com/nos-services/coiffure/" "Mozilla/5.0 (Linux; Android 10; K) AppleWebKit/537.36 (KHTML, like Gecko) Chrome/133.0.0.0 Mobile Safari/537.36"
41.82.168.74 - - [14/Feb/2025:12:55:58 +0100] "GET /wp-content/plugins/insta-gallery/assets/magnific-popup/jquery.magnific-popup.min.js?ver=2.6.5 HTTP/1.1" 200 20219 "https://www.allure-spa.com/nos-services/coiffure/" "Mozilla/5.0 (Linux; Android 10; K) AppleWebKit/537.36 (KHTML, like Gecko) Chrome/133.0.0.0 Mobile Safari/537.36"
41.82.168.74 - - [14/Feb/2025:12:55:58 +0100] "GET /wp-includes/js/wp-emoji-release.min.js?ver=5.3.18 HTTP/1.1" 200 13849 "https://www.allure-spa.com/nos-services/coiffure/" "Mozilla/5.0 (Linux; Android 10; K) AppleWebKit/537.36 (KHTML, like Gecko) Chrome/133.0.0.0 Mobile Safari/537.36"
41.82.168.74 - - [14/Feb/2025:12:55:58 +0100] "GET /wp-content/uploads/2021/12/coiffure.jpeg HTTP/1.1" 200 673205 "https://www.allure-spa.com/nos-services/coiffure/" "Mozilla/5.0 (Linux; Android 10; K) AppleWebKit/537.36 (KHTML, like Gecko) Chrome/133.0.0.0 Mobile Safari/537.36"
