172.206.199.140 - - [14/Feb/2025:10:55:58 +0100] "GET /wp-login.php HTTP/1.1" 200 11963 "-" "Mozilla/5.0 (Windows NT 10.0; Win64; x64) AppleWebKit/537.36 (KHTML, like Gecko) Chrome/130.0.0.0 Safari/537.36"
172.206.199.140 - - [14/Feb/2025:10:55:59 +0100] "POST /wp-login.php HTTP/1.1" 301 - "https://allure-spa.com/wp-login.php" "Mozilla/5.0 (Windows NT 10.0; Win64; x64) AppleWebKit/537.36 (KHTML, like Gecko) Chrome/130.0.0.0 Safari/537.36"
109.234.165.82 - - [14/Feb/2025:10:56:20 +0100] "POST /wp-cron.php?doing_wp_cron=1739526980.1239728927612304687500 HTTP/1.1" 200 - "https://www.allure-spa.com/wp-cron.php?doing_wp_cron=1739526980.1239728927612304687500" "WordPress/5.3.18; https://www.allure-spa.com"
68.65.120.197 - - [14/Feb/2025:10:56:18 +0100] "GET /wp-login.php HTTP/1.1" 200 5724 "-" "Mozilla/5.0 (Windows NT 10.0; Win64; x64) AppleWebKit/537.36 (KHTML, like Gecko) Chrome/130.0.0.0 Safari/537.36"
68.65.120.197 - - [14/Feb/2025:10:56:23 +0100] "POST /wp-login.php HTTP/1.1" 301 - "https://allure-spa.com/wp-login.php" "Mozilla/5.0 (Windows NT 10.0; Win64; x64) AppleWebKit/537.36 (KHTML, like Gecko) Chrome/130.0.0.0 Safari/537.36"
68.65.120.197 - - [14/Feb/2025:10:56:30 +0100] "GET /wp-login.php HTTP/1.1" 200 5724 "https://allure-spa.com/wp-login.php" "Mozilla/5.0 (Windows NT 10.0; Win64; x64) AppleWebKit/537.36 (KHTML, like Gecko) Chrome/130.0.0.0 Safari/537.36"
78.46.233.162 - - [14/Feb/2025:10:56:38 +0100] "GET /wp-login.php HTTP/1.1" 200 11961 "-" "Mozilla/5.0 (Windows NT 10.0; Win64; x64) AppleWebKit/537.36 (KHTML, like Gecko) Chrome/130.0.0.0 Safari/537.36"
78.46.233.162 - - [14/Feb/2025:10:56:39 +0100] "POST /wp-login.php HTTP/1.1" 301 - "https://allure-spa.com/wp-login.php" "Mozilla/5.0 (Windows NT 10.0; Win64; x64) AppleWebKit/537.36 (KHTML, like Gecko) Chrome/130.0.0.0 Safari/537.36"
78.46.233.162 - - [14/Feb/2025:10:56:41 +0100] "GET /wp-login.php HTTP/1.1" 200 11961 "https://allure-spa.com/wp-login.php" "Mozilla/5.0 (Windows NT 10.0; Win64; x64) AppleWebKit/537.36 (KHTML, like Gecko) Chrome/130.0.0.0 Safari/537.36"
66.249.66.163 - - [14/Feb/2025:10:56:47 +0100] "GET / HTTP/1.1" 200 179589 "-" "Mozilla/5.0 (compatible; Googlebot/2.1; +http://www.google.com/bot.html)"
185.104.44.106 - - [14/Feb/2025:10:56:58 +0100] "POST /wp-login.php HTTP/1.1" 301 - "https://allure-spa.com/wp-login.php" "Mozilla/5.0 (Windows NT 10.0; Win64; x64) AppleWebKit/537.36 (KHTML, like Gecko) Chrome/130.0.0.0 Safari/537.36"
66.249.66.163 - - [14/Feb/2025:10:57:05 +0100] "POST /wp-admin/admin-ajax.php HTTP/1.1" 200 237 "https://www.allure-spa.com/" "Mozilla/5.0 AppleWebKit/537.36 (KHTML, like Gecko; compatible; Googlebot/2.1; +http://www.google.com/bot.html) Chrome/133.0.6943.53 Safari/537.36"
66.249.66.164 - - [14/Feb/2025:10:57:05 +0100] "POST /?wc-ajax=get_refreshed_fragments HTTP/1.1" 200 271 "https://www.allure-spa.com/" "Mozilla/5.0 AppleWebKit/537.36 (KHTML, like Gecko; compatible; Googlebot/2.1; +http://www.google.com/bot.html) Chrome/133.0.6943.53 Safari/537.36"
109.234.165.82 - - [14/Feb/2025:10:57:05 +0100] "POST /wp-cron.php?doing_wp_cron=1739527025.9823350906372070312500 HTTP/1.1" 200 - "https://www.allure-spa.com/wp-cron.php?doing_wp_cron=1739527025.9823350906372070312500" "WordPress/5.3.18; https://www.allure-spa.com"
178.62.24.23 - - [14/Feb/2025:10:57:09 +0100] "POST /wp-login.php HTTP/1.1" 301 - "https://allure-spa.com/wp-login.php" "Mozilla/5.0 (Windows NT 10.0; Win64; x64) AppleWebKit/537.36 (KHTML, like Gecko) Chrome/130.0.0.0 Safari/537.36"
109.234.165.82 - - [14/Feb/2025:10:57:18 +0100] "POST /wp-cron.php?doing_wp_cron=1739527038.6896650791168212890625 HTTP/1.1" 200 - "https://www.allure-spa.com/wp-cron.php?doing_wp_cron=1739527038.6896650791168212890625" "WordPress/5.3.18; https://www.allure-spa.com"
108.128.131.98 - - [14/Feb/2025:10:57:17 +0100] "GET /wp-login.php HTTP/1.1" 200 5724 "-" "Mozilla/5.0 (Windows NT 10.0; Win64; x64) AppleWebKit/537.36 (KHTML, like Gecko) Chrome/130.0.0.0 Safari/537.36"
108.128.131.98 - - [14/Feb/2025:10:57:21 +0100] "POST /wp-login.php HTTP/1.1" 301 - "https://allure-spa.com/wp-login.php" "Mozilla/5.0 (Windows NT 10.0; Win64; x64) AppleWebKit/537.36 (KHTML, like Gecko) Chrome/130.0.0.0 Safari/537.36"
108.128.131.98 - - [14/Feb/2025:10:57:24 +0100] "GET /wp-login.php HTTP/1.1" 200 5724 "https://allure-spa.com/wp-login.php" "Mozilla/5.0 (Windows NT 10.0; Win64; x64) AppleWebKit/537.36 (KHTML, like Gecko) Chrome/130.0.0.0 Safari/537.36"
198.187.29.206 - - [14/Feb/2025:10:57:27 +0100] "GET /wp-login.php HTTP/1.1" 200 5724 "-" "Mozilla/5.0 (Windows NT 10.0; Win64; x64) AppleWebKit/537.36 (KHTML, like Gecko) Chrome/130.0.0.0 Safari/537.36"
198.187.29.206 - - [14/Feb/2025:10:57:30 +0100] "POST /wp-login.php HTTP/1.1" 301 - "https://allure-spa.com/wp-login.php" "Mozilla/5.0 (Windows NT 10.0; Win64; x64) AppleWebKit/537.36 (KHTML, like Gecko) Chrome/130.0.0.0 Safari/537.36"
198.187.29.206 - - [14/Feb/2025:10:57:34 +0100] "GET /wp-login.php HTTP/1.1" 200 5724 "https://allure-spa.com/wp-login.php" "Mozilla/5.0 (Windows NT 10.0; Win64; x64) AppleWebKit/537.36 (KHTML, like Gecko) Chrome/130.0.0.0 Safari/537.36"
213.176.28.132 - - [14/Feb/2025:10:58:02 +0100] "GET /wp-login.php HTTP/1.1" 200 11962 "-" "Mozilla/5.0 (Windows NT 10.0; Win64; x64) AppleWebKit/537.36 (KHTML, like Gecko) Chrome/130.0.0.0 Safari/537.36"
213.176.28.132 - - [14/Feb/2025:10:58:10 +0100] "POST /wp-login.php HTTP/1.1" 301 - "https://allure-spa.com/wp-login.php" "Mozilla/5.0 (Windows NT 10.0; Win64; x64) AppleWebKit/537.36 (KHTML, like Gecko) Chrome/130.0.0.0 Safari/537.36"
213.176.28.132 - - [14/Feb/2025:10:58:47 +0100] "GET /wp-login.php HTTP/1.1" 200 11962 "https://allure-spa.com/wp-login.php" "Mozilla/5.0 (Windows NT 10.0; Win64; x64) AppleWebKit/537.36 (KHTML, like Gecko) Chrome/130.0.0.0 Safari/537.36"
13.239.168.180 - - [14/Feb/2025:10:58:57 +0100] "GET /wp-login.php HTTP/1.1" 200 11962 "-" "Mozilla/5.0 (Windows NT 10.0; Win64; x64) AppleWebKit/537.36 (KHTML, like Gecko) Chrome/130.0.0.0 Safari/537.36"
13.239.168.180 - - [14/Feb/2025:10:59:01 +0100] "POST /wp-login.php HTTP/1.1" 200 11962 "https://allure-spa.com/wp-login.php" "Mozilla/5.0 (Windows NT 10.0; Win64; x64) AppleWebKit/537.36 (KHTML, like Gecko) Chrome/130.0.0.0 Safari/537.36"
194.163.151.88 - - [14/Feb/2025:10:59:07 +0100] "POST /wp-login.php HTTP/1.1" 301 - "https://allure-spa.com/wp-login.php" "Mozilla/5.0 (Windows NT 10.0; Win64; x64) AppleWebKit/537.36 (KHTML, like Gecko) Chrome/130.0.0.0 Safari/537.36"
109.234.165.82 - - [14/Feb/2025:10:59:08 +0100] "POST /wp-cron.php?doing_wp_cron=1739527148.2529079914093017578125 HTTP/1.1" 200 - "https://www.allure-spa.com/wp-cron.php?doing_wp_cron=1739527148.2529079914093017578125" "WordPress/5.3.18; https://www.allure-spa.com"
109.234.165.82 - - [14/Feb/2025:10:59:15 +0100] "POST /wp-cron.php?doing_wp_cron=1739527155.5725259780883789062500 HTTP/1.1" 200 - "https://www.allure-spa.com/wp-cron.php?doing_wp_cron=1739527155.5725259780883789062500" "WordPress/5.3.18; https://www.allure-spa.com"
5.23.50.61 - - [14/Feb/2025:10:59:14 +0100] "POST /wp-login.php HTTP/1.1" 301 - "https://allure-spa.com/wp-login.php" "Mozilla/5.0 (Windows NT 10.0; Win64; x64) AppleWebKit/537.36 (KHTML, like Gecko) Chrome/130.0.0.0 Safari/537.36"
212.57.136.14 - - [14/Feb/2025:10:59:25 +0100] "POST /wp-login.php HTTP/1.1" 301 - "https://allure-spa.com/wp-login.php" "Mozilla/5.0 (Windows NT 10.0; Win64; x64) AppleWebKit/537.36 (KHTML, like Gecko) Chrome/130.0.0.0 Safari/537.36"
212.57.136.14 - - [14/Feb/2025:10:59:29 +0100] "GET /wp-login.php HTTP/1.1" 200 11961 "https://allure-spa.com/wp-login.php" "Mozilla/5.0 (Windows NT 10.0; Win64; x64) AppleWebKit/537.36 (KHTML, like Gecko) Chrome/130.0.0.0 Safari/537.36"
65.111.169.2 - - [14/Feb/2025:10:59:36 +0100] "GET /wp-login.php HTTP/1.1" 200 11960 "-" "Mozilla/5.0 (Windows NT 10.0; Win64; x64) AppleWebKit/537.36 (KHTML, like Gecko) Chrome/130.0.0.0 Safari/537.36"
65.111.169.2 - - [14/Feb/2025:10:59:39 +0100] "POST /wp-login.php HTTP/1.1" 301 - "https://allure-spa.com/wp-login.php" "Mozilla/5.0 (Windows NT 10.0; Win64; x64) AppleWebKit/537.36 (KHTML, like Gecko) Chrome/130.0.0.0 Safari/537.36"
216.55.146.47 - - [14/Feb/2025:10:59:45 +0100] "POST /wp-login.php HTTP/1.1" 301 - "https://allure-spa.com/wp-login.php" "Mozilla/5.0 (Windows NT 10.0; Win64; x64) AppleWebKit/537.36 (KHTML, like Gecko) Chrome/130.0.0.0 Safari/537.36"
104.248.231.55 - - [14/Feb/2025:10:59:52 +0100] "POST /wp-login.php HTTP/1.1" 301 - "https://allure-spa.com/wp-login.php" "Mozilla/5.0 (Windows NT 10.0; Win64; x64) AppleWebKit/537.36 (KHTML, like Gecko) Chrome/130.0.0.0 Safari/537.36"
212.224.120.66 - - [14/Feb/2025:10:59:57 +0100] "POST /wp-login.php HTTP/1.1" 301 - "https://allure-spa.com/wp-login.php" "Mozilla/5.0 (Windows NT 10.0; Win64; x64) AppleWebKit/537.36 (KHTML, like Gecko) Chrome/130.0.0.0 Safari/537.36"
115.245.68.130 - - [14/Feb/2025:11:00:08 +0100] "GET /wp-login.php HTTP/1.1" 200 11962 "-" "Mozilla/5.0 (Windows NT 10.0; Win64; x64) AppleWebKit/537.36 (KHTML, like Gecko) Chrome/130.0.0.0 Safari/537.36"
109.234.165.82 - - [14/Feb/2025:11:00:14 +0100] "POST /wp-cron.php?doing_wp_cron=1739527214.4753971099853515625000 HTTP/1.1" 200 - "https://www.allure-spa.com/wp-cron.php?doing_wp_cron=1739527214.4753971099853515625000" "WordPress/5.3.18; https://www.allure-spa.com"
115.245.68.130 - - [14/Feb/2025:11:00:13 +0100] "POST /wp-login.php HTTP/1.1" 301 - "https://allure-spa.com/wp-login.php" "Mozilla/5.0 (Windows NT 10.0; Win64; x64) AppleWebKit/537.36 (KHTML, like Gecko) Chrome/130.0.0.0 Safari/537.36"
115.245.68.130 - - [14/Feb/2025:11:00:23 +0100] "GET /wp-login.php HTTP/1.1" 200 11962 "https://allure-spa.com/wp-login.php" "Mozilla/5.0 (Windows NT 10.0; Win64; x64) AppleWebKit/537.36 (KHTML, like Gecko) Chrome/130.0.0.0 Safari/537.36"
185.25.117.115 - - [14/Feb/2025:11:00:32 +0100] "GET /wp-login.php HTTP/1.1" 200 11962 "-" "Mozilla/5.0 (Windows NT 10.0; Win64; x64) AppleWebKit/537.36 (KHTML, like Gecko) Chrome/130.0.0.0 Safari/537.36"
185.25.117.115 - - [14/Feb/2025:11:00:33 +0100] "POST /wp-login.php HTTP/1.1" 301 - "https://allure-spa.com/wp-login.php" "Mozilla/5.0 (Windows NT 10.0; Win64; x64) AppleWebKit/537.36 (KHTML, like Gecko) Chrome/130.0.0.0 Safari/537.36"
144.126.201.57 - - [14/Feb/2025:11:00:49 +0100] "GET /wp-login.php HTTP/1.1" 200 11962 "-" "Mozilla/5.0 (Windows NT 10.0; Win64; x64) AppleWebKit/537.36 (KHTML, like Gecko) Chrome/130.0.0.0 Safari/537.36"
144.126.201.57 - - [14/Feb/2025:11:00:50 +0100] "POST /wp-login.php HTTP/1.1" 301 - "https://allure-spa.com/wp-login.php" "Mozilla/5.0 (Windows NT 10.0; Win64; x64) AppleWebKit/537.36 (KHTML, like Gecko) Chrome/130.0.0.0 Safari/537.36"
45.124.84.92 - - [14/Feb/2025:11:01:26 +0100] "GET /wp-login.php HTTP/1.1" 200 11960 "-" "Mozilla/5.0 (Windows NT 10.0; Win64; x64) AppleWebKit/537.36 (KHTML, like Gecko) Chrome/130.0.0.0 Safari/537.36"
109.234.165.82 - - [14/Feb/2025:11:01:32 +0100] "POST /wp-cron.php?doing_wp_cron=1739527292.2495579719543457031250 HTTP/1.1" 200 - "https://www.allure-spa.com/wp-cron.php?doing_wp_cron=1739527292.2495579719543457031250" "WordPress/5.3.18; https://www.allure-spa.com"
45.124.84.92 - - [14/Feb/2025:11:01:31 +0100] "POST /wp-login.php HTTP/1.1" 301 - "https://allure-spa.com/wp-login.php" "Mozilla/5.0 (Windows NT 10.0; Win64; x64) AppleWebKit/537.36 (KHTML, like Gecko) Chrome/130.0.0.0 Safari/537.36"
45.124.84.92 - - [14/Feb/2025:11:01:50 +0100] "GET /wp-login.php HTTP/1.1" 200 11960 "https://allure-spa.com/wp-login.php" "Mozilla/5.0 (Windows NT 10.0; Win64; x64) AppleWebKit/537.36 (KHTML, like Gecko) Chrome/130.0.0.0 Safari/537.36"
54.236.1.13 - - [14/Feb/2025:11:01:52 +0100] "GET / HTTP/1.1" 200 179624 "-" "Mozilla/5.0 (compatible; Pinterestbot/1.0; +http://www.pinterest.com/bot.html)"
68.183.190.245 - - [14/Feb/2025:11:02:05 +0100] "GET /wp-login.php HTTP/1.1" 200 11962 "-" "Mozilla/5.0 (Windows NT 10.0; Win64; x64) AppleWebKit/537.36 (KHTML, like Gecko) Chrome/130.0.0.0 Safari/537.36"
109.234.165.82 - - [14/Feb/2025:11:02:19 +0100] "POST /wp-cron.php?doing_wp_cron=1739527339.0409989356994628906250 HTTP/1.1" 200 - "https://www.allure-spa.com/wp-cron.php?doing_wp_cron=1739527339.0409989356994628906250" "WordPress/5.3.18; https://www.allure-spa.com"
79.139.61.86 - - [14/Feb/2025:11:02:18 +0100] "POST /wp-login.php HTTP/1.1" 301 - "https://allure-spa.com/wp-login.php" "Mozilla/5.0 (Windows NT 10.0; Win64; x64) AppleWebKit/537.36 (KHTML, like Gecko) Chrome/130.0.0.0 Safari/537.36"
79.139.61.86 - - [14/Feb/2025:11:02:26 +0100] "GET /wp-login.php HTTP/1.1" 200 5725 "https://allure-spa.com/wp-login.php" "Mozilla/5.0 (Windows NT 10.0; Win64; x64) AppleWebKit/537.36 (KHTML, like Gecko) Chrome/130.0.0.0 Safari/537.36"
66.45.253.242 - - [14/Feb/2025:11:02:40 +0100] "GET /wp-login.php HTTP/1.1" 200 11961 "-" "Mozilla/5.0 (Windows NT 10.0; Win64; x64) AppleWebKit/537.36 (KHTML, like Gecko) Chrome/130.0.0.0 Safari/537.36"
66.45.253.242 - - [14/Feb/2025:11:02:42 +0100] "POST /wp-login.php HTTP/1.1" 301 - "https://allure-spa.com/wp-login.php" "Mozilla/5.0 (Windows NT 10.0; Win64; x64) AppleWebKit/537.36 (KHTML, like Gecko) Chrome/130.0.0.0 Safari/537.36"
66.45.253.242 - - [14/Feb/2025:11:02:44 +0100] "GET /wp-login.php HTTP/1.1" 200 11961 "https://allure-spa.com/wp-login.php" "Mozilla/5.0 (Windows NT 10.0; Win64; x64) AppleWebKit/537.36 (KHTML, like Gecko) Chrome/130.0.0.0 Safari/537.36"
103.42.206.187 - - [14/Feb/2025:11:02:49 +0100] "POST /wp-login.php HTTP/1.1" 301 - "https://allure-spa.com/wp-login.php" "Mozilla/5.0 (Windows NT 10.0; Win64; x64) AppleWebKit/537.36 (KHTML, like Gecko) Chrome/130.0.0.0 Safari/537.36"
92.205.51.88 - - [14/Feb/2025:11:03:10 +0100] "GET /wp-login.php HTTP/1.1" 200 11960 "-" "Mozilla/5.0 (Windows NT 10.0; Win64; x64) AppleWebKit/537.36 (KHTML, like Gecko) Chrome/130.0.0.0 Safari/537.36"
92.205.51.88 - - [14/Feb/2025:11:03:11 +0100] "POST /wp-login.php HTTP/1.1" 301 - "https://allure-spa.com/wp-login.php" "Mozilla/5.0 (Windows NT 10.0; Win64; x64) AppleWebKit/537.36 (KHTML, like Gecko) Chrome/130.0.0.0 Safari/537.36"
92.205.51.88 - - [14/Feb/2025:11:03:13 +0100] "GET /wp-login.php HTTP/1.1" 200 11960 "https://allure-spa.com/wp-login.php" "Mozilla/5.0 (Windows NT 10.0; Win64; x64) AppleWebKit/537.36 (KHTML, like Gecko) Chrome/130.0.0.0 Safari/537.36"
109.234.165.82 - - [14/Feb/2025:11:03:19 +0100] "POST /wp-cron.php?doing_wp_cron=1739527399.2710421085357666015625 HTTP/1.1" 200 - "https://www.allure-spa.com/wp-cron.php?doing_wp_cron=1739527399.2710421085357666015625" "WordPress/5.3.18; https://www.allure-spa.com"
146.59.233.61 - - [14/Feb/2025:11:03:18 +0100] "POST /wp-login.php HTTP/1.1" 301 - "https://allure-spa.com/wp-login.php" "Mozilla/5.0 (Windows NT 10.0; Win64; x64) AppleWebKit/537.36 (KHTML, like Gecko) Chrome/130.0.0.0 Safari/537.36"
109.234.165.82 - - [14/Feb/2025:11:03:30 +0100] "POST /wp-cron.php?doing_wp_cron=1739527410.8112299442291259765625 HTTP/1.1" 200 - "https://www.allure-spa.com/wp-cron.php?doing_wp_cron=1739527410.8112299442291259765625" "WordPress/5.3.18; https://www.allure-spa.com"
54.36.174.111 - - [14/Feb/2025:11:03:30 +0100] "POST /wp-login.php HTTP/1.1" 301 - "https://allure-spa.com/wp-login.php" "Mozilla/5.0 (Windows NT 10.0; Win64; x64) AppleWebKit/537.36 (KHTML, like Gecko) Chrome/130.0.0.0 Safari/537.36"
54.36.174.111 - - [14/Feb/2025:11:03:34 +0100] "GET /wp-login.php HTTP/1.1" 200 11961 "https://allure-spa.com/wp-login.php" "Mozilla/5.0 (Windows NT 10.0; Win64; x64) AppleWebKit/537.36 (KHTML, like Gecko) Chrome/130.0.0.0 Safari/537.36"
207.7.94.7 - - [14/Feb/2025:11:03:40 +0100] "POST /wp-login.php HTTP/1.1" 301 - "https://allure-spa.com/wp-login.php" "Mozilla/5.0 (Windows NT 10.0; Win64; x64) AppleWebKit/537.36 (KHTML, like Gecko) Chrome/130.0.0.0 Safari/537.36"
103.106.104.118 - - [14/Feb/2025:11:03:53 +0100] "GET /wp-login.php HTTP/1.1" 200 11963 "-" "Mozilla/5.0 (Windows NT 10.0; Win64; x64) AppleWebKit/537.36 (KHTML, like Gecko) Chrome/130.0.0.0 Safari/537.36"
109.234.165.82 - - [14/Feb/2025:11:03:58 +0100] "POST /wp-cron.php?doing_wp_cron=1739527438.5114579200744628906250 HTTP/1.1" 200 - "https://www.allure-spa.com/wp-cron.php?doing_wp_cron=1739527438.5114579200744628906250" "WordPress/5.3.18; https://www.allure-spa.com"
103.106.104.118 - - [14/Feb/2025:11:03:57 +0100] "POST /wp-login.php HTTP/1.1" 301 - "https://allure-spa.com/wp-login.php" "Mozilla/5.0 (Windows NT 10.0; Win64; x64) AppleWebKit/537.36 (KHTML, like Gecko) Chrome/130.0.0.0 Safari/537.36"
103.106.104.118 - - [14/Feb/2025:11:04:10 +0100] "GET /wp-login.php HTTP/1.1" 200 11963 "https://allure-spa.com/wp-login.php" "Mozilla/5.0 (Windows NT 10.0; Win64; x64) AppleWebKit/537.36 (KHTML, like Gecko) Chrome/130.0.0.0 Safari/537.36"
109.234.165.82 - - [14/Feb/2025:11:04:21 +0100] "POST /wp-cron.php?doing_wp_cron=1739527461.6800539493560791015625 HTTP/1.1" 200 - "https://www.allure-spa.com/wp-cron.php?doing_wp_cron=1739527461.6800539493560791015625" "WordPress/5.3.18; https://www.allure-spa.com"
41.203.18.6 - - [14/Feb/2025:11:04:21 +0100] "POST /wp-login.php HTTP/1.1" 301 - "https://allure-spa.com/wp-login.php" "Mozilla/5.0 (Windows NT 10.0; Win64; x64) AppleWebKit/537.36 (KHTML, like Gecko) Chrome/130.0.0.0 Safari/537.36"
144.91.103.14 - - [14/Feb/2025:11:04:31 +0100] "GET /wp-login.php HTTP/1.1" 200 11961 "-" "Mozilla/5.0 (Windows NT 10.0; Win64; x64) AppleWebKit/537.36 (KHTML, like Gecko) Chrome/130.0.0.0 Safari/537.36"
144.91.103.14 - - [14/Feb/2025:11:04:32 +0100] "POST /wp-login.php HTTP/1.1" 301 - "https://allure-spa.com/wp-login.php" "Mozilla/5.0 (Windows NT 10.0; Win64; x64) AppleWebKit/537.36 (KHTML, like Gecko) Chrome/130.0.0.0 Safari/537.36"
103.74.116.72 - - [14/Feb/2025:11:04:56 +0100] "POST /wp-login.php HTTP/1.1" 301 - "https://allure-spa.com/wp-login.php" "Mozilla/5.0 (Windows NT 10.0; Win64; x64) AppleWebKit/537.36 (KHTML, like Gecko) Chrome/130.0.0.0 Safari/537.36"
109.234.165.82 - - [14/Feb/2025:11:05:18 +0100] "POST /wp-cron.php?doing_wp_cron=1739527518.3095870018005371093750 HTTP/1.1" 200 - "https://www.allure-spa.com/wp-cron.php?doing_wp_cron=1739527518.3095870018005371093750" "WordPress/5.3.18; https://www.allure-spa.com"
103.74.116.72 - - [14/Feb/2025:11:05:17 +0100] "GET /wp-login.php HTTP/1.1" 200 5724 "https://allure-spa.com/wp-login.php" "Mozilla/5.0 (Windows NT 10.0; Win64; x64) AppleWebKit/537.36 (KHTML, like Gecko) Chrome/130.0.0.0 Safari/537.36"
109.123.237.225 - - [14/Feb/2025:11:05:33 +0100] "GET /wp-login.php HTTP/1.1" 200 11963 "-" "Mozilla/5.0 (Windows NT 10.0; Win64; x64) AppleWebKit/537.36 (KHTML, like Gecko) Chrome/130.0.0.0 Safari/537.36"
109.123.237.225 - - [14/Feb/2025:11:05:36 +0100] "POST /wp-login.php HTTP/1.1" 301 - "https://allure-spa.com/wp-login.php" "Mozilla/5.0 (Windows NT 10.0; Win64; x64) AppleWebKit/537.36 (KHTML, like Gecko) Chrome/130.0.0.0 Safari/537.36"
109.123.237.225 - - [14/Feb/2025:11:05:42 +0100] "GET /wp-login.php HTTP/1.1" 200 11963 "https://allure-spa.com/wp-login.php" "Mozilla/5.0 (Windows NT 10.0; Win64; x64) AppleWebKit/537.36 (KHTML, like Gecko) Chrome/130.0.0.0 Safari/537.36"
185.66.69.19 - - [14/Feb/2025:11:05:47 +0100] "POST /wp-login.php HTTP/1.1" 301 - "https://allure-spa.com/wp-login.php" "Mozilla/5.0 (Windows NT 10.0; Win64; x64) AppleWebKit/537.36 (KHTML, like Gecko) Chrome/130.0.0.0 Safari/537.36"
216.55.146.47 - - [14/Feb/2025:11:05:53 +0100] "POST /wp-login.php HTTP/1.1" 301 - "https://allure-spa.com/wp-login.php" "Mozilla/5.0 (Windows NT 10.0; Win64; x64) AppleWebKit/537.36 (KHTML, like Gecko) Chrome/130.0.0.0 Safari/537.36"
116.203.72.246 - - [14/Feb/2025:11:06:02 +0100] "POST /wp-login.php HTTP/1.1" 301 - "https://allure-spa.com/wp-login.php" "Mozilla/5.0 (Windows NT 10.0; Win64; x64) AppleWebKit/537.36 (KHTML, like Gecko) Chrome/130.0.0.0 Safari/537.36"
216.55.146.74 - - [14/Feb/2025:11:06:22 +0100] "GET /wp-login.php HTTP/1.1" 200 5724 "-" "Mozilla/5.0 (Windows NT 10.0; Win64; x64) AppleWebKit/537.36 (KHTML, like Gecko) Chrome/130.0.0.0 Safari/537.36"
109.234.165.82 - - [14/Feb/2025:11:06:23 +0100] "POST /wp-cron.php?doing_wp_cron=1739527583.4840750694274902343750 HTTP/1.1" 200 - "https://www.allure-spa.com/wp-cron.php?doing_wp_cron=1739527583.4840750694274902343750" "WordPress/5.3.18; https://www.allure-spa.com"
216.55.146.74 - - [14/Feb/2025:11:06:27 +0100] "POST /wp-login.php HTTP/1.1" 301 - "https://allure-spa.com/wp-login.php" "Mozilla/5.0 (Windows NT 10.0; Win64; x64) AppleWebKit/537.36 (KHTML, like Gecko) Chrome/130.0.0.0 Safari/537.36"
216.55.146.74 - - [14/Feb/2025:11:06:31 +0100] "GET /wp-login.php HTTP/1.1" 200 5725 "https://allure-spa.com/wp-login.php" "Mozilla/5.0 (Windows NT 10.0; Win64; x64) AppleWebKit/537.36 (KHTML, like Gecko) Chrome/130.0.0.0 Safari/537.36"
162.0.229.229 - - [14/Feb/2025:11:06:36 +0100] "GET /wp-login.php HTTP/1.1" 200 5724 "-" "Mozilla/5.0 (Windows NT 10.0; Win64; x64) AppleWebKit/537.36 (KHTML, like Gecko) Chrome/130.0.0.0 Safari/537.36"
162.0.229.229 - - [14/Feb/2025:11:06:38 +0100] "POST /wp-login.php HTTP/1.1" 301 - "https://allure-spa.com/wp-login.php" "Mozilla/5.0 (Windows NT 10.0; Win64; x64) AppleWebKit/537.36 (KHTML, like Gecko) Chrome/130.0.0.0 Safari/537.36"
162.0.229.229 - - [14/Feb/2025:11:06:43 +0100] "GET /wp-login.php HTTP/1.1" 200 5724 "https://allure-spa.com/wp-login.php" "Mozilla/5.0 (Windows NT 10.0; Win64; x64) AppleWebKit/537.36 (KHTML, like Gecko) Chrome/130.0.0.0 Safari/537.36"
74.208.90.100 - - [14/Feb/2025:11:06:48 +0100] "GET /wp-login.php HTTP/1.1" 200 11961 "-" "Mozilla/5.0 (Windows NT 10.0; Win64; x64) AppleWebKit/537.36 (KHTML, like Gecko) Chrome/130.0.0.0 Safari/537.36"
74.208.90.100 - - [14/Feb/2025:11:06:50 +0100] "POST /wp-login.php HTTP/1.1" 301 - "https://allure-spa.com/wp-login.php" "Mozilla/5.0 (Windows NT 10.0; Win64; x64) AppleWebKit/537.36 (KHTML, like Gecko) Chrome/130.0.0.0 Safari/537.36"
74.208.90.100 - - [14/Feb/2025:11:06:53 +0100] "GET /wp-login.php HTTP/1.1" 200 11961 "https://allure-spa.com/wp-login.php" "Mozilla/5.0 (Windows NT 10.0; Win64; x64) AppleWebKit/537.36 (KHTML, like Gecko) Chrome/130.0.0.0 Safari/537.36"
54.236.1.13 - - [14/Feb/2025:11:06:53 +0100] "GET / HTTP/1.1" 200 179606 "-" "Mozilla/5.0 (compatible; Pinterestbot/1.0; +http://www.pinterest.com/bot.html)"
197.221.2.7 - - [14/Feb/2025:11:06:57 +0100] "POST /wp-login.php HTTP/1.1" 301 - "https://allure-spa.com/wp-login.php" "Mozilla/5.0 (Windows NT 10.0; Win64; x64) AppleWebKit/537.36 (KHTML, like Gecko) Chrome/130.0.0.0 Safari/537.36"
109.234.165.82 - - [14/Feb/2025:11:07:06 +0100] "POST /wp-cron.php?doing_wp_cron=1739527626.0744950771331787109375 HTTP/1.1" 200 - "https://www.allure-spa.com/wp-cron.php?doing_wp_cron=1739527626.0744950771331787109375" "WordPress/5.3.18; https://www.allure-spa.com"
185.49.85.19 - - [14/Feb/2025:11:07:05 +0100] "POST /wp-login.php HTTP/1.1" 301 - "https://allure-spa.com/wp-login.php" "Mozilla/5.0 (Windows NT 10.0; Win64; x64) AppleWebKit/537.36 (KHTML, like Gecko) Chrome/130.0.0.0 Safari/537.36"
109.234.165.82 - - [14/Feb/2025:11:07:16 +0100] "POST /wp-cron.php?doing_wp_cron=1739527636.5484879016876220703125 HTTP/1.1" 200 - "https://www.allure-spa.com/wp-cron.php?doing_wp_cron=1739527636.5484879016876220703125" "WordPress/5.3.18; https://www.allure-spa.com"
185.49.85.19 - - [14/Feb/2025:11:07:15 +0100] "GET /wp-login.php HTTP/1.1" 200 5724 "https://allure-spa.com/wp-login.php" "Mozilla/5.0 (Windows NT 10.0; Win64; x64) AppleWebKit/537.36 (KHTML, like Gecko) Chrome/130.0.0.0 Safari/537.36"
198.54.114.98 - - [14/Feb/2025:11:07:22 +0100] "GET /wp-login.php HTTP/1.1" 200 5724 "-" "Mozilla/5.0 (Windows NT 10.0; Win64; x64) AppleWebKit/537.36 (KHTML, like Gecko) Chrome/130.0.0.0 Safari/537.36"
198.54.114.98 - - [14/Feb/2025:11:07:25 +0100] "POST /wp-login.php HTTP/1.1" 301 - "https://allure-spa.com/wp-login.php" "Mozilla/5.0 (Windows NT 10.0; Win64; x64) AppleWebKit/537.36 (KHTML, like Gecko) Chrome/130.0.0.0 Safari/537.36"
198.54.114.98 - - [14/Feb/2025:11:07:31 +0100] "GET /wp-login.php HTTP/1.1" 200 5724 "https://allure-spa.com/wp-login.php" "Mozilla/5.0 (Windows NT 10.0; Win64; x64) AppleWebKit/537.36 (KHTML, like Gecko) Chrome/130.0.0.0 Safari/537.36"
176.190.7.69 - - [14/Feb/2025:11:07:32 +0100] "GET /spa-de-jour/epilation-professionnelle/ HTTP/1.1" 200 87937 "https://www.google.com/" "Mozilla/5.0 (iPhone; CPU iPhone OS 18_1 like Mac OS X) AppleWebKit/605.1.15 (KHTML, like Gecko) CriOS/130.0.6723.90 Mobile/15E148 Safari/604.1"
176.190.7.69 - - [14/Feb/2025:11:07:33 +0100] "GET /wp-includes/js/wp-emoji-release.min.js?ver=5.3.18 HTTP/1.1" 200 13849 "https://www.allure-spa.com/spa-de-jour/epilation-professionnelle/" "Mozilla/5.0 (iPhone; CPU iPhone OS 18_1 like Mac OS X) AppleWebKit/605.1.15 (KHTML, like Gecko) CriOS/130.0.6723.90 Mobile/15E148 Safari/604.1"
176.190.7.69 - - [14/Feb/2025:11:07:33 +0100] "GET /wp-content/themes/werkstatt-child/style.css HTTP/1.1" 200 573 "https://www.allure-spa.com/spa-de-jour/epilation-professionnelle/" "Mozilla/5.0 (iPhone; CPU iPhone OS 18_1 like Mac OS X) AppleWebKit/605.1.15 (KHTML, like Gecko) CriOS/130.0.6723.90 Mobile/15E148 Safari/604.1"
176.190.7.69 - - [14/Feb/2025:11:07:33 +0100] "GET /wp-content/themes/werkstatt/assets/css/font-awesome.min.css HTTP/1.1" 200 29063 "https://www.allure-spa.com/spa-de-jour/epilation-professionnelle/" "Mozilla/5.0 (iPhone; CPU iPhone OS 18_1 like Mac OS X) AppleWebKit/605.1.15 (KHTML, like Gecko) CriOS/130.0.6723.90 Mobile/15E148 Safari/604.1"
176.190.7.69 - - [14/Feb/2025:11:07:33 +0100] "GET /wp-content/themes/werkstatt/assets/css/app.css?ver=2.3.4.1 HTTP/1.1" 200 326197 "https://www.allure-spa.com/spa-de-jour/epilation-professionnelle/" "Mozilla/5.0 (iPhone; CPU iPhone OS 18_1 like Mac OS X) AppleWebKit/605.1.15 (KHTML, like Gecko) CriOS/130.0.6723.90 Mobile/15E148 Safari/604.1"
176.190.7.69 - - [14/Feb/2025:11:07:33 +0100] "GET /wp-content/plugins/revslider/public/assets/css/rs6.css?ver=6.1.2 HTTP/1.1" 200 56404 "https://www.allure-spa.com/spa-de-jour/epilation-professionnelle/" "Mozilla/5.0 (iPhone; CPU iPhone OS 18_1 like Mac OS X) AppleWebKit/605.1.15 (KHTML, like Gecko) CriOS/130.0.6723.90 Mobile/15E148 Safari/604.1"
176.190.7.69 - - [14/Feb/2025:11:07:33 +0100] "GET /wp-content/plugins/js_composer/assets/css/js_composer.min.css?ver=5.1.1 HTTP/1.1" 200 459328 "https://www.allure-spa.com/spa-de-jour/epilation-professionnelle/" "Mozilla/5.0 (iPhone; CPU iPhone OS 18_1 like Mac OS X) AppleWebKit/605.1.15 (KHTML, like Gecko) CriOS/130.0.6723.90 Mobile/15E148 Safari/604.1"
176.190.7.69 - - [14/Feb/2025:11:07:33 +0100] "GET /wp-content/plugins/premmerce-woocommerce-brands/assets/frontend/css/premmerce-brands.css?ver=5.3.18 HTTP/1.1" 200 1534 "https://www.allure-spa.com/spa-de-jour/epilation-professionnelle/" "Mozilla/5.0 (iPhone; CPU iPhone OS 18_1 like Mac OS X) AppleWebKit/605.1.15 (KHTML, like Gecko) CriOS/130.0.6723.90 Mobile/15E148 Safari/604.1"
176.190.7.69 - - [14/Feb/2025:11:07:33 +0100] "GET /wp-content/plugins/mpc-massive/assets/css/mpc-styles.css?ver=5.3.18 HTTP/1.1" 200 245189 "https://www.allure-spa.com/spa-de-jour/epilation-professionnelle/" "Mozilla/5.0 (iPhone; CPU iPhone OS 18_1 like Mac OS X) AppleWebKit/605.1.15 (KHTML, like Gecko) CriOS/130.0.6723.90 Mobile/15E148 Safari/604.1"
176.190.7.69 - - [14/Feb/2025:11:07:33 +0100] "GET /wp-content/plugins/revslider/public/assets/js/revolution.tools.min.js?ver=6.0 HTTP/1.1" 200 150436 "https://www.allure-spa.com/spa-de-jour/epilation-professionnelle/" "Mozilla/5.0 (iPhone; CPU iPhone OS 18_1 like Mac OS X) AppleWebKit/605.1.15 (KHTML, like Gecko) CriOS/130.0.6723.90 Mobile/15E148 Safari/604.1"
176.190.7.69 - - [14/Feb/2025:11:07:33 +0100] "GET /wp-content/plugins/revslider/public/assets/js/rs6.min.js?ver=6.1.2 HTTP/1.1" 200 269077 "https://www.allure-spa.com/spa-de-jour/epilation-professionnelle/" "Mozilla/5.0 (iPhone; CPU iPhone OS 18_1 like Mac OS X) AppleWebKit/605.1.15 (KHTML, like Gecko) CriOS/130.0.6723.90 Mobile/15E148 Safari/604.1"
176.190.7.69 - - [14/Feb/2025:11:07:33 +0100] "GET /wp-content/plugins/js_composer/assets/js/vendors/woocommerce-add-to-cart.js?ver=5.1.1 HTTP/1.1" 200 895 "https://www.allure-spa.com/spa-de-jour/epilation-professionnelle/" "Mozilla/5.0 (iPhone; CPU iPhone OS 18_1 like Mac OS X) AppleWebKit/605.1.15 (KHTML, like Gecko) CriOS/130.0.6723.90 Mobile/15E148 Safari/604.1"
176.190.7.69 - - [14/Feb/2025:11:07:33 +0100] "GET /wp-content/plugins/js_composer/assets/css/js_composer_tta.min.css?ver=5.1.1 HTTP/1.1" 200 318065 "https://www.allure-spa.com/spa-de-jour/epilation-professionnelle/" "Mozilla/5.0 (iPhone; CPU iPhone OS 18_1 like Mac OS X) AppleWebKit/605.1.15 (KHTML, like Gecko) CriOS/130.0.6723.90 Mobile/15E148 Safari/604.1"
176.190.7.69 - - [14/Feb/2025:11:07:33 +0100] "GET /wp-content/plugins/js_composer/assets/lib/vc_carousel/css/vc_carousel.min.css?ver=5.1.1 HTTP/1.1" 200 10490 "https://www.allure-spa.com/spa-de-jour/epilation-professionnelle/" "Mozilla/5.0 (iPhone; CPU iPhone OS 18_1 like Mac OS X) AppleWebKit/605.1.15 (KHTML, like Gecko) CriOS/130.0.6723.90 Mobile/15E148 Safari/604.1"
176.190.7.69 - - [14/Feb/2025:11:07:33 +0100] "GET /wp-content/plugins/insta-gallery/assets/css/qligg.min.css?ver=2.6.5 HTTP/1.1" 200 59808 "https://www.allure-spa.com/spa-de-jour/epilation-professionnelle/" "Mozilla/5.0 (iPhone; CPU iPhone OS 18_1 like Mac OS X) AppleWebKit/605.1.15 (KHTML, like Gecko) CriOS/130.0.6723.90 Mobile/15E148 Safari/604.1"
176.190.7.69 - - [14/Feb/2025:11:07:33 +0100] "GET /wp-content/plugins/insta-gallery/assets/magnific-popup/magnific-popup.min.css?ver=2.6.5 HTTP/1.1" 200 5259 "https://www.allure-spa.com/spa-de-jour/epilation-professionnelle/" "Mozilla/5.0 (iPhone; CPU iPhone OS 18_1 like Mac OS X) AppleWebKit/605.1.15 (KHTML, like Gecko) CriOS/130.0.6723.90 Mobile/15E148 Safari/604.1"
176.190.7.69 - - [14/Feb/2025:11:07:34 +0100] "GET /wp-content/plugins/mailchimp-for-woocommerce/public/js/mailchimp-woocommerce-public.min.js?ver=2.3 HTTP/1.1" 200 5930 "https://www.allure-spa.com/spa-de-jour/epilation-professionnelle/" "Mozilla/5.0 (iPhone; CPU iPhone OS 18_1 like Mac OS X) AppleWebKit/605.1.15 (KHTML, like Gecko) CriOS/130.0.6723.90 Mobile/15E148 Safari/604.1"
176.190.7.69 - - [14/Feb/2025:11:07:34 +0100] "GET /wp-content/themes/werkstatt/assets/js/vendor.min.js?ver=2.3.4.1 HTTP/1.1" 200 602339 "https://www.allure-spa.com/spa-de-jour/epilation-professionnelle/" "Mozilla/5.0 (iPhone; CPU iPhone OS 18_1 like Mac OS X) AppleWebKit/605.1.15 (KHTML, like Gecko) CriOS/130.0.6723.90 Mobile/15E148 Safari/604.1"
176.190.7.69 - - [14/Feb/2025:11:07:34 +0100] "GET /wp-content/themes/werkstatt/assets/js/app.min.js?ver=2.3.4.1 HTTP/1.1" 200 53865 "https://www.allure-spa.com/spa-de-jour/epilation-professionnelle/" "Mozilla/5.0 (iPhone; CPU iPhone OS 18_1 like Mac OS X) AppleWebKit/605.1.15 (KHTML, like Gecko) CriOS/130.0.6723.90 Mobile/15E148 Safari/604.1"
176.190.7.69 - - [14/Feb/2025:11:07:34 +0100] "GET /wp-content/plugins/mpc-massive/assets/js/mpc-vendor.min.js?ver=2.3.2 HTTP/1.1" 200 81856 "https://www.allure-spa.com/spa-de-jour/epilation-professionnelle/" "Mozilla/5.0 (iPhone; CPU iPhone OS 18_1 like Mac OS X) AppleWebKit/605.1.15 (KHTML, like Gecko) CriOS/130.0.6723.90 Mobile/15E148 Safari/604.1"
176.190.7.69 - - [14/Feb/2025:11:07:34 +0100] "GET /wp-content/plugins/mpc-massive/assets/js/mpc-scripts.min.js?ver=2.3.2 HTTP/1.1" 200 95710 "https://www.allure-spa.com/spa-de-jour/epilation-professionnelle/" "Mozilla/5.0 (iPhone; CPU iPhone OS 18_1 like Mac OS X) AppleWebKit/605.1.15 (KHTML, like Gecko) CriOS/130.0.6723.90 Mobile/15E148 Safari/604.1"
176.190.7.69 - - [14/Feb/2025:11:07:34 +0100] "GET /wp-content/plugins/js_composer/assets/js/dist/js_composer_front.min.js?ver=5.1.1 HTTP/1.1" 200 18908 "https://www.allure-spa.com/spa-de-jour/epilation-professionnelle/" "Mozilla/5.0 (iPhone; CPU iPhone OS 18_1 like Mac OS X) AppleWebKit/605.1.15 (KHTML, like Gecko) CriOS/130.0.6723.90 Mobile/15E148 Safari/604.1"
176.190.7.69 - - [14/Feb/2025:11:07:34 +0100] "GET /wp-content/plugins/js_composer/assets/lib/vc_carousel/js/transition.min.js?ver=5.1.1 HTTP/1.1" 200 645 "https://www.allure-spa.com/spa-de-jour/epilation-professionnelle/" "Mozilla/5.0 (iPhone; CPU iPhone OS 18_1 like Mac OS X) AppleWebKit/605.1.15 (KHTML, like Gecko) CriOS/130.0.6723.90 Mobile/15E148 Safari/604.1"
176.190.7.69 - - [14/Feb/2025:11:07:34 +0100] "GET /wp-content/plugins/js_composer/assets/lib/vc_carousel/js/vc_carousel.min.js?ver=5.1.1 HTTP/1.1" 200 9707 "https://www.allure-spa.com/spa-de-jour/epilation-professionnelle/" "Mozilla/5.0 (iPhone; CPU iPhone OS 18_1 like Mac OS X) AppleWebKit/605.1.15 (KHTML, like Gecko) CriOS/130.0.6723.90 Mobile/15E148 Safari/604.1"
176.190.7.69 - - [14/Feb/2025:11:07:34 +0100] "GET /wp-content/plugins/js_composer/assets/lib/vc_accordion/vc-accordion.min.js?ver=5.1.1 HTTP/1.1" 200 11805 "https://www.allure-spa.com/spa-de-jour/epilation-professionnelle/" "Mozilla/5.0 (iPhone; CPU iPhone OS 18_1 like Mac OS X) AppleWebKit/605.1.15 (KHTML, like Gecko) CriOS/130.0.6723.90 Mobile/15E148 Safari/604.1"
176.190.7.69 - - [14/Feb/2025:11:07:34 +0100] "GET /wp-content/plugins/js_composer/assets/lib/vc-tta-autoplay/vc-tta-autoplay.min.js?ver=5.1.1 HTTP/1.1" 200 2426 "https://www.allure-spa.com/spa-de-jour/epilation-professionnelle/" "Mozilla/5.0 (iPhone; CPU iPhone OS 18_1 like Mac OS X) AppleWebKit/605.1.15 (KHTML, like Gecko) CriOS/130.0.6723.90 Mobile/15E148 Safari/604.1"
176.190.7.69 - - [14/Feb/2025:11:07:34 +0100] "GET /wp-content/plugins/insta-gallery/assets/js/qligg.min.js?ver=2.6.5 HTTP/1.1" 200 4819 "https://www.allure-spa.com/spa-de-jour/epilation-professionnelle/" "Mozilla/5.0 (iPhone; CPU iPhone OS 18_1 like Mac OS X) AppleWebKit/605.1.15 (KHTML, like Gecko) CriOS/130.0.6723.90 Mobile/15E148 Safari/604.1"
176.190.7.69 - - [14/Feb/2025:11:07:34 +0100] "GET /wp-content/plugins/insta-gallery/assets/magnific-popup/jquery.magnific-popup.min.js?ver=2.6.5 HTTP/1.1" 200 20219 "https://www.allure-spa.com/spa-de-jour/epilation-professionnelle/" "Mozilla/5.0 (iPhone; CPU iPhone OS 18_1 like Mac OS X) AppleWebKit/605.1.15 (KHTML, like Gecko) CriOS/130.0.6723.90 Mobile/15E148 Safari/604.1"
176.190.7.69 - - [14/Feb/2025:11:07:34 +0100] "GET /wp-content/themes/werkstatt/style.css HTTP/1.1" 200 1423 "https://www.allure-spa.com/spa-de-jour/epilation-professionnelle/" "Mozilla/5.0 (iPhone; CPU iPhone OS 18_1 like Mac OS X) AppleWebKit/605.1.15 (KHTML, like Gecko) CriOS/130.0.6723.90 Mobile/15E148 Safari/604.1"
176.190.7.69 - - [14/Feb/2025:11:07:34 +0100] "GET /wp-content/uploads/2019/12/allure-logo-e1577020517255.jpeg HTTP/1.1" 200 21177 "https://www.allure-spa.com/spa-de-jour/epilation-professionnelle/" "Mozilla/5.0 (iPhone; CPU iPhone OS 18_1 like Mac OS X) AppleWebKit/605.1.15 (KHTML, like Gecko) CriOS/130.0.6723.90 Mobile/15E148 Safari/604.1"
176.190.7.69 - - [14/Feb/2025:11:07:34 +0100] "GET /wp-content/uploads/2021/01/E%CC%81pilation-Professionnelle_Plan-de-travail-1.jpg HTTP/1.1" 200 268085 "https://www.allure-spa.com/spa-de-jour/epilation-professionnelle/" "Mozilla/5.0 (iPhone; CPU iPhone OS 18_1 like Mac OS X) AppleWebKit/605.1.15 (KHTML, like Gecko) CriOS/130.0.6723.90 Mobile/15E148 Safari/604.1"
176.190.7.69 - - [14/Feb/2025:11:07:34 +0100] "GET /wp-content/uploads/2021/01/E%CC%81pilation-Professionnelle-02.jpg HTTP/1.1" 200 309919 "https://www.allure-spa.com/spa-de-jour/epilation-professionnelle/" "Mozilla/5.0 (iPhone; CPU iPhone OS 18_1 like Mac OS X) AppleWebKit/605.1.15 (KHTML, like Gecko) CriOS/130.0.6723.90 Mobile/15E148 Safari/604.1"
176.190.7.69 - - [14/Feb/2025:11:07:34 +0100] "GET /wp-content/uploads/2021/01/E%CC%81pilation-Professionnelle-03.jpg HTTP/1.1" 200 241465 "https://www.allure-spa.com/spa-de-jour/epilation-professionnelle/" "Mozilla/5.0 (iPhone; CPU iPhone OS 18_1 like Mac OS X) AppleWebKit/605.1.15 (KHTML, like Gecko) CriOS/130.0.6723.90 Mobile/15E148 Safari/604.1"
176.190.7.69 - - [14/Feb/2025:11:07:34 +0100] "GET /wp-content/themes/werkstatt/assets/fonts/fontawesome-webfont.woff2?v=4.6.3 HTTP/1.1" 200 71896 "https://www.allure-spa.com/spa-de-jour/epilation-professionnelle/" "Mozilla/5.0 (iPhone; CPU iPhone OS 18_1 like Mac OS X) AppleWebKit/605.1.15 (KHTML, like Gecko) CriOS/130.0.6723.90 Mobile/15E148 Safari/604.1"
176.190.7.69 - - [14/Feb/2025:11:07:34 +0100] "GET /favicon.ico HTTP/1.1" 200 - "-" "Mozilla/5.0 (iPhone; CPU iPhone OS 18_1 like Mac OS X) AppleWebKit/605.1.15 (KHTML, like Gecko) CriOS/130.0.6723.90 Mobile/15E148 Safari/604.1"
176.190.7.69 - - [14/Feb/2025:11:07:34 +0100] "POST /wp-admin/admin-ajax.php HTTP/1.1" 200 237 "https://www.allure-spa.com/spa-de-jour/epilation-professionnelle/" "Mozilla/5.0 (iPhone; CPU iPhone OS 18_1 like Mac OS X) AppleWebKit/605.1.15 (KHTML, like Gecko) CriOS/130.0.6723.90 Mobile/15E148 Safari/604.1"
176.190.7.69 - - [14/Feb/2025:11:07:34 +0100] "POST /?wc-ajax=get_refreshed_fragments HTTP/1.1" 200 271 "https://www.allure-spa.com/spa-de-jour/epilation-professionnelle/" "Mozilla/5.0 (iPhone; CPU iPhone OS 18_1 like Mac OS X) AppleWebKit/605.1.15 (KHTML, like Gecko) CriOS/130.0.6723.90 Mobile/15E148 Safari/604.1"
5.23.50.61 - - [14/Feb/2025:11:07:38 +0100] "GET /wp-login.php HTTP/1.1" 200 11958 "-" "Mozilla/5.0 (Windows NT 10.0; Win64; x64) AppleWebKit/537.36 (KHTML, like Gecko) Chrome/130.0.0.0 Safari/537.36"
176.190.7.69 - - [14/Feb/2025:11:07:38 +0100] "GET / HTTP/1.1" 200 179586 "https://www.allure-spa.com/spa-de-jour/epilation-professionnelle/" "Mozilla/5.0 (iPhone; CPU iPhone OS 18_1 like Mac OS X) AppleWebKit/605.1.15 (KHTML, like Gecko) CriOS/130.0.6723.90 Mobile/15E148 Safari/604.1"
176.190.7.69 - - [14/Feb/2025:11:07:39 +0100] "GET /wp-content/uploads/2019/11/slider2_Plan-de-travail-1.jpg HTTP/1.1" 200 392099 "https://www.allure-spa.com/" "Mozilla/5.0 (iPhone; CPU iPhone OS 18_1 like Mac OS X) AppleWebKit/605.1.15 (KHTML, like Gecko) CriOS/130.0.6723.90 Mobile/15E148 Safari/604.1"
176.190.7.69 - - [14/Feb/2025:11:07:40 +0100] "GET /wp-content/uploads/2019/11/in_construction_background_Plan-de-travail-1-1.jpg HTTP/1.1" 200 280994 "https://www.allure-spa.com/" "Mozilla/5.0 (iPhone; CPU iPhone OS 18_1 like Mac OS X) AppleWebKit/605.1.15 (KHTML, like Gecko) CriOS/130.0.6723.90 Mobile/15E148 Safari/604.1"
176.190.7.69 - - [14/Feb/2025:11:07:40 +0100] "GET /wp-content/plugins/mpc-massive/assets/css/libs/slick.min.css?ver=5.3.18 HTTP/1.1" 200 1276 "https://www.allure-spa.com/" "Mozilla/5.0 (iPhone; CPU iPhone OS 18_1 like Mac OS X) AppleWebKit/605.1.15 (KHTML, like Gecko) CriOS/130.0.6723.90 Mobile/15E148 Safari/604.1"
176.190.7.69 - - [14/Feb/2025:11:07:40 +0100] "GET /wp-content/plugins/mpc-massive/assets/fonts/mi/mi.min.css?ver=2.3.2 HTTP/1.1" 200 35644 "https://www.allure-spa.com/" "Mozilla/5.0 (iPhone; CPU iPhone OS 18_1 like Mac OS X) AppleWebKit/605.1.15 (KHTML, like Gecko) CriOS/130.0.6723.90 Mobile/15E148 Safari/604.1"
176.190.7.69 - - [14/Feb/2025:11:07:40 +0100] "GET /wp-content/plugins/mpc-massive/assets/js/libs/slick.min.js?ver=5.3.18 HTTP/1.1" 200 40394 "https://www.allure-spa.com/" "Mozilla/5.0 (iPhone; CPU iPhone OS 18_1 like Mac OS X) AppleWebKit/605.1.15 (KHTML, like Gecko) CriOS/130.0.6723.90 Mobile/15E148 Safari/604.1"
176.190.7.69 - - [14/Feb/2025:11:07:40 +0100] "GET /wp-content/uploads/2019/11/AllureAccueil_Plan-de-travail-1.jpg HTTP/1.1" 200 237448 "https://www.allure-spa.com/" "Mozilla/5.0 (iPhone; CPU iPhone OS 18_1 like Mac OS X) AppleWebKit/605.1.15 (KHTML, like Gecko) CriOS/130.0.6723.90 Mobile/15E148 Safari/604.1"
176.190.7.69 - - [14/Feb/2025:11:07:40 +0100] "GET /wp-content/uploads/2019/11/AllureAccueil-02.jpg HTTP/1.1" 200 310201 "https://www.allure-spa.com/" "Mozilla/5.0 (iPhone; CPU iPhone OS 18_1 like Mac OS X) AppleWebKit/605.1.15 (KHTML, like Gecko) CriOS/130.0.6723.90 Mobile/15E148 Safari/604.1"
176.190.7.69 - - [14/Feb/2025:11:07:40 +0100] "GET /wp-content/plugins/mpc-massive/assets/fonts/mi/materialicons-regular.woff2 HTTP/1.1" 200 42284 "https://www.allure-spa.com/" "Mozilla/5.0 (iPhone; CPU iPhone OS 18_1 like Mac OS X) AppleWebKit/605.1.15 (KHTML, like Gecko) CriOS/130.0.6723.90 Mobile/15E148 Safari/604.1"
176.190.7.69 - - [14/Feb/2025:11:07:40 +0100] "GET /wp-content/plugins/revslider/public/assets/fonts/revicons/revicons.woff?5510888 HTTP/1.1" 200 7536 "https://www.allure-spa.com/spa-de-jour/epilation-professionnelle/" "Mozilla/5.0 (iPhone; CPU iPhone OS 18_1 like Mac OS X) AppleWebKit/605.1.15 (KHTML, like Gecko) CriOS/130.0.6723.90 Mobile/15E148 Safari/604.1"
176.190.7.69 - - [14/Feb/2025:11:07:40 +0100] "GET /favicon.ico HTTP/1.1" 200 - "-" "Mozilla/5.0 (iPhone; CPU iPhone OS 18_1 like Mac OS X) AppleWebKit/605.1.15 (KHTML, like Gecko) CriOS/130.0.6723.90 Mobile/15E148 Safari/604.1"
176.190.7.69 - - [14/Feb/2025:11:07:40 +0100] "GET /wp-content/uploads/2019/11/AllureAccueil-03.jpg HTTP/1.1" 200 321948 "https://www.allure-spa.com/" "Mozilla/5.0 (iPhone; CPU iPhone OS 18_1 like Mac OS X) AppleWebKit/605.1.15 (KHTML, like Gecko) CriOS/130.0.6723.90 Mobile/15E148 Safari/604.1"
176.190.7.69 - - [14/Feb/2025:11:07:40 +0100] "GET /wp-content/uploads/2019/11/Paetenaires_Plan-de-travail-1.jpg HTTP/1.1" 200 65708 "https://www.allure-spa.com/" "Mozilla/5.0 (iPhone; CPU iPhone OS 18_1 like Mac OS X) AppleWebKit/605.1.15 (KHTML, like Gecko) CriOS/130.0.6723.90 Mobile/15E148 Safari/604.1"
176.190.7.69 - - [14/Feb/2025:11:07:40 +0100] "GET /wp-content/uploads/2019/11/Paetenaires-03.jpg HTTP/1.1" 200 49164 "https://www.allure-spa.com/" "Mozilla/5.0 (iPhone; CPU iPhone OS 18_1 like Mac OS X) AppleWebKit/605.1.15 (KHTML, like Gecko) CriOS/130.0.6723.90 Mobile/15E148 Safari/604.1"
176.190.7.69 - - [14/Feb/2025:11:07:40 +0100] "GET /wp-content/uploads/2019/11/Paetenaires-11.jpg HTTP/1.1" 200 60572 "https://www.allure-spa.com/" "Mozilla/5.0 (iPhone; CPU iPhone OS 18_1 like Mac OS X) AppleWebKit/605.1.15 (KHTML, like Gecko) CriOS/130.0.6723.90 Mobile/15E148 Safari/604.1"
176.190.7.69 - - [14/Feb/2025:11:07:40 +0100] "GET /wp-content/uploads/2019/11/Paetenaires-06.jpg HTTP/1.1" 200 59363 "https://www.allure-spa.com/" "Mozilla/5.0 (iPhone; CPU iPhone OS 18_1 like Mac OS X) AppleWebKit/605.1.15 (KHTML, like Gecko) CriOS/130.0.6723.90 Mobile/15E148 Safari/604.1"
176.190.7.69 - - [14/Feb/2025:11:07:40 +0100] "GET /wp-content/uploads/2019/11/Paetenaires-05.jpg HTTP/1.1" 200 52598 "https://www.allure-spa.com/" "Mozilla/5.0 (iPhone; CPU iPhone OS 18_1 like Mac OS X) AppleWebKit/605.1.15 (KHTML, like Gecko) CriOS/130.0.6723.90 Mobile/15E148 Safari/604.1"
176.190.7.69 - - [14/Feb/2025:11:07:40 +0100] "GET /wp-content/uploads/2019/11/Paetenaires-04.jpg HTTP/1.1" 200 57188 "https://www.allure-spa.com/" "Mozilla/5.0 (iPhone; CPU iPhone OS 18_1 like Mac OS X) AppleWebKit/605.1.15 (KHTML, like Gecko) CriOS/130.0.6723.90 Mobile/15E148 Safari/604.1"
176.190.7.69 - - [14/Feb/2025:11:07:40 +0100] "GET /wp-content/uploads/2019/11/Paetenaires-09.jpg HTTP/1.1" 200 53133 "https://www.allure-spa.com/" "Mozilla/5.0 (iPhone; CPU iPhone OS 18_1 like Mac OS X) AppleWebKit/605.1.15 (KHTML, like Gecko) CriOS/130.0.6723.90 Mobile/15E148 Safari/604.1"
176.190.7.69 - - [14/Feb/2025:11:07:40 +0100] "GET /wp-content/uploads/2019/11/Paetenaires-08.jpg HTTP/1.1" 200 67645 "https://www.allure-spa.com/" "Mozilla/5.0 (iPhone; CPU iPhone OS 18_1 like Mac OS X) AppleWebKit/605.1.15 (KHTML, like Gecko) CriOS/130.0.6723.90 Mobile/15E148 Safari/604.1"
176.190.7.69 - - [14/Feb/2025:11:07:40 +0100] "GET /wp-content/uploads/2019/11/Paetenaires-02.jpg HTTP/1.1" 200 61254 "https://www.allure-spa.com/" "Mozilla/5.0 (iPhone; CPU iPhone OS 18_1 like Mac OS X) AppleWebKit/605.1.15 (KHTML, like Gecko) CriOS/130.0.6723.90 Mobile/15E148 Safari/604.1"
176.190.7.69 - - [14/Feb/2025:11:07:40 +0100] "GET /wp-content/uploads/2019/11/Paetenaires-07.jpg HTTP/1.1" 200 44170 "https://www.allure-spa.com/" "Mozilla/5.0 (iPhone; CPU iPhone OS 18_1 like Mac OS X) AppleWebKit/605.1.15 (KHTML, like Gecko) CriOS/130.0.6723.90 Mobile/15E148 Safari/604.1"
176.190.7.69 - - [14/Feb/2025:11:07:40 +0100] "GET /wp-content/uploads/2019/11/bg-service.jpg HTTP/1.1" 200 60468 "https://www.allure-spa.com/" "Mozilla/5.0 (iPhone; CPU iPhone OS 18_1 like Mac OS X) AppleWebKit/605.1.15 (KHTML, like Gecko) CriOS/130.0.6723.90 Mobile/15E148 Safari/604.1"
176.190.7.69 - - [14/Feb/2025:11:07:40 +0100] "GET /wp-content/uploads/2020/01/Allure__Misencil-Protector-35-600x600.jpg HTTP/1.1" 200 42622 "https://www.allure-spa.com/" "Mozilla/5.0 (iPhone; CPU iPhone OS 18_1 like Mac OS X) AppleWebKit/605.1.15 (KHTML, like Gecko) CriOS/130.0.6723.90 Mobile/15E148 Safari/604.1"
176.190.7.69 - - [14/Feb/2025:11:07:40 +0100] "GET /wp-content/uploads/2020/01/Allure__Misencil-Heated-eyelash-curler-600x600.jpg HTTP/1.1" 200 42429 "https://www.allure-spa.com/" "Mozilla/5.0 (iPhone; CPU iPhone OS 18_1 like Mac OS X) AppleWebKit/605.1.15 (KHTML, like Gecko) CriOS/130.0.6723.90 Mobile/15E148 Safari/604.1"
176.190.7.69 - - [14/Feb/2025:11:07:40 +0100] "GET /wp-content/uploads/2020/01/Allure__Misencil-Revitalisant-600x600.jpg HTTP/1.1" 200 53990 "https://www.allure-spa.com/" "Mozilla/5.0 (iPhone; CPU iPhone OS 18_1 like Mac OS X) AppleWebKit/605.1.15 (KHTML, like Gecko) CriOS/130.0.6723.90 Mobile/15E148 Safari/604.1"
176.190.7.69 - - [14/Feb/2025:11:07:40 +0100] "GET /wp-content/uploads/2020/01/Allure__Misencil-Protector-32-600x600.jpg HTTP/1.1" 200 53318 "https://www.allure-spa.com/" "Mozilla/5.0 (iPhone; CPU iPhone OS 18_1 like Mac OS X) AppleWebKit/605.1.15 (KHTML, like Gecko) CriOS/130.0.6723.90 Mobile/15E148 Safari/604.1"
176.190.7.69 - - [14/Feb/2025:11:07:40 +0100] "GET /wp-content/uploads/2020/01/Allure__Misencil-Le-serum-600x600.jpg HTTP/1.1" 200 45008 "https://www.allure-spa.com/" "Mozilla/5.0 (iPhone; CPU iPhone OS 18_1 like Mac OS X) AppleWebKit/605.1.15 (KHTML, like Gecko) CriOS/130.0.6723.90 Mobile/15E148 Safari/604.1"
176.190.7.69 - - [14/Feb/2025:11:07:40 +0100] "GET /wp-content/uploads/2020/01/Allure__Sun-ceutic-50-600x600.jpg HTTP/1.1" 200 42067 "https://www.allure-spa.com/" "Mozilla/5.0 (iPhone; CPU iPhone OS 18_1 like Mac OS X) AppleWebKit/605.1.15 (KHTML, like Gecko) CriOS/130.0.6723.90 Mobile/15E148 Safari/604.1"
176.190.7.69 - - [14/Feb/2025:11:07:40 +0100] "GET /wp-content/uploads/2020/01/Allure__Hyal-ceutic-600x600.jpg HTTP/1.1" 200 40783 "https://www.allure-spa.com/" "Mozilla/5.0 (iPhone; CPU iPhone OS 18_1 like Mac OS X) AppleWebKit/605.1.15 (KHTML, like Gecko) CriOS/130.0.6723.90 Mobile/15E148 Safari/604.1"
176.190.7.69 - - [14/Feb/2025:11:07:40 +0100] "GET /wp-content/uploads/2020/01/Allure__Foamer-15-600x600.jpg HTTP/1.1" 200 43968 "https://www.allure-spa.com/" "Mozilla/5.0 (iPhone; CPU iPhone OS 18_1 like Mac OS X) AppleWebKit/605.1.15 (KHTML, like Gecko) CriOS/130.0.6723.90 Mobile/15E148 Safari/604.1"
176.190.7.69 - - [14/Feb/2025:11:07:40 +0100] "GET /wp-content/uploads/2019/11/cosmetica-dermatologia.jpg?id=502 HTTP/1.1" 200 144834 "https://www.allure-spa.com/" "Mozilla/5.0 (iPhone; CPU iPhone OS 18_1 like Mac OS X) AppleWebKit/605.1.15 (KHTML, like Gecko) CriOS/130.0.6723.90 Mobile/15E148 Safari/604.1"
176.190.7.69 - - [14/Feb/2025:11:07:40 +0100] "GET /wp-content/uploads/2019/11/spa-de-jour.jpg?id=657 HTTP/1.1" 200 678617 "https://www.allure-spa.com/" "Mozilla/5.0 (iPhone; CPU iPhone OS 18_1 like Mac OS X) AppleWebKit/605.1.15 (KHTML, like Gecko) CriOS/130.0.6723.90 Mobile/15E148 Safari/604.1"
176.190.7.69 - - [14/Feb/2025:11:07:40 +0100] "GET /wp-content/uploads/2019/11/bg_services.jpg?id=659 HTTP/1.1" 200 591301 "https://www.allure-spa.com/" "Mozilla/5.0 (iPhone; CPU iPhone OS 18_1 like Mac OS X) AppleWebKit/605.1.15 (KHTML, like Gecko) CriOS/130.0.6723.90 Mobile/15E148 Safari/604.1"
5.23.50.61 - - [14/Feb/2025:11:07:40 +0100] "POST /wp-login.php HTTP/1.1" 301 - "https://allure-spa.com/wp-login.php" "Mozilla/5.0 (Windows NT 10.0; Win64; x64) AppleWebKit/537.36 (KHTML, like Gecko) Chrome/130.0.0.0 Safari/537.36"
176.190.7.69 - - [14/Feb/2025:11:07:40 +0100] "POST /wp-admin/admin-ajax.php HTTP/1.1" 200 237 "https://www.allure-spa.com/" "Mozilla/5.0 (iPhone; CPU iPhone OS 18_1 like Mac OS X) AppleWebKit/605.1.15 (KHTML, like Gecko) CriOS/130.0.6723.90 Mobile/15E148 Safari/604.1"
5.23.50.61 - - [14/Feb/2025:11:07:42 +0100] "GET /wp-login.php HTTP/1.1" 200 11958 "https://allure-spa.com/wp-login.php" "Mozilla/5.0 (Windows NT 10.0; Win64; x64) AppleWebKit/537.36 (KHTML, like Gecko) Chrome/130.0.0.0 Safari/537.36"
52.32.82.97 - - [14/Feb/2025:11:07:47 +0100] "POST /wp-login.php HTTP/1.1" 200 11959 "https://allure-spa.com/wp-login.php" "Mozilla/5.0 (Windows NT 10.0; Win64; x64) AppleWebKit/537.36 (KHTML, like Gecko) Chrome/130.0.0.0 Safari/537.36"
178.32.187.119 - - [14/Feb/2025:11:07:59 +0100] "POST /wp-login.php HTTP/1.1" 301 - "https://allure-spa.com/wp-login.php" "Mozilla/5.0 (Windows NT 10.0; Win64; x64) AppleWebKit/537.36 (KHTML, like Gecko) Chrome/130.0.0.0 Safari/537.36"
51.178.68.226 - - [14/Feb/2025:11:08:06 +0100] "POST /wp-login.php HTTP/1.1" 301 - "https://allure-spa.com/wp-login.php" "Mozilla/5.0 (Windows NT 10.0; Win64; x64) AppleWebKit/537.36 (KHTML, like Gecko) Chrome/130.0.0.0 Safari/537.36"
178.62.24.23 - - [14/Feb/2025:11:08:09 +0100] "POST /wp-login.php HTTP/1.1" 301 - "https://allure-spa.com/wp-login.php" "Mozilla/5.0 (Windows NT 10.0; Win64; x64) AppleWebKit/537.36 (KHTML, like Gecko) Chrome/130.0.0.0 Safari/537.36"
176.190.7.69 - - [14/Feb/2025:11:08:11 +0100] "GET /wp-content/uploads/2019/11/bas-de-page-1.png?id=683 HTTP/1.1" 200 181577 "http://www.allure-spa.com/spa-de-jour/" "Mozilla/5.0 (iPhone; CPU iPhone OS 18_1 like Mac OS X) AppleWebKit/605.1.15 (KHTML, like Gecko) CriOS/130.0.6723.90 Mobile/15E148 Safari/604.1"
176.190.7.69 - - [14/Feb/2025:11:08:11 +0100] "POST /wp-admin/admin-ajax.php HTTP/1.1" 200 237 "http://www.allure-spa.com/spa-de-jour/" "Mozilla/5.0 (iPhone; CPU iPhone OS 18_1 like Mac OS X) AppleWebKit/605.1.15 (KHTML, like Gecko) CriOS/130.0.6723.90 Mobile/15E148 Safari/604.1"
